67.195.37.176 - - [27/Jan/2010:06:18:23 +0000] "GET /courses/fs102sp10/blog/reading-for-thursday.html HTTP/1.0" 200 2577 "-" "Mozilla/5.0 (compatible; Yahoo! Slurp/3.0; http://help.yahoo.com/help/us/ysearch/slurp)"
89.16.161.240 - - [27/Jan/2010:06:20:03 +0000] "GET /courses/cmpsc220sp10/blog/index.xml HTTP/1.1" 304 - "-" "rss2email/2.65 +http://www.aaronsw.com/2002/rss2email/"
89.16.161.240 - - [27/Jan/2010:06:20:03 +0000] "GET /courses/fs102sp10/blog/index.rss HTTP/1.1" 304 - "-" "rss2email/2.65 +http://www.aaronsw.com/2002/rss2email/"
89.16.161.240 - - [27/Jan/2010:06:30:03 +0000] "GET /courses/cmpsc220sp10/blog/index.xml HTTP/1.1" 304 - "-" "rss2email/2.65 +http://www.aaronsw.com/2002/rss2email/"
89.16.161.240 - - [27/Jan/2010:06:30:03 +0000] "GET /courses/fs102sp10/blog/index.rss HTTP/1.1" 304 - "-" "rss2email/2.65 +http://www.aaronsw.com/2002/rss2email/"
66.249.65.153 - - [27/Jan/2010:06:32:13 +0000] "GET /courses/cmpsc220sp10/resources/papers/multilisp.pdf HTTP/1.1" 304 - "-" "Mozilla/5.0 (compatible; Googlebot/2.1; +http://www.google.com/bot.html)"
67.195.37.176 - - [27/Jan/2010:06:33:26 +0000] "GET /courses/fs102sp10/syllabus/texts.html HTTP/1.0" 200 2676 "-" "Mozilla/5.0 (compatible; Yahoo! Slurp/3.0; http://help.yahoo.com/help/us/ysearch/slurp)"
71.33.40.182 - - [27/Jan/2010:06:35:20 +0000] "GET /courses/cmpsc220sp09/_Media/firefly_objects_in_space-2.png HTTP/1.1" 200 139090 "http://www.twilightsucks.com/forum/phpBB3/viewtopic.php?f=39&t=16744" "Mozilla/5.0 (Windows; U; Windows NT 6.0; en-US; rv:1.9.1.7) Gecko/20091221 WINFC 2.0.0.1 Firefox/3.5.7 (.NET CLR 3.5.30729)"
89.16.161.240 - - [27/Jan/2010:06:40:03 +0000] "GET /courses/cmpsc220sp10/blog/index.xml HTTP/1.1" 304 - "-" "rss2email/2.65 +http://www.aaronsw.com/2002/rss2email/"
89.16.161.240 - - [27/Jan/2010:06:40:03 +0000] "GET /courses/fs102sp10/blog/index.rss HTTP/1.1" 304 - "-" "rss2email/2.65 +http://www.aaronsw.com/2002/rss2email/"
72.51.46.230 - - [27/Jan/2010:06:43:48 +0000] "GET /courses/fs102sp10/blog/reading-for-thursday.html HTTP/1.1" 200 7450 "-" "CC Metadata Scaper http://wiki.creativecommons.org/Metadata_Scraper"
24.118.28.192 - - [27/Jan/2010:06:47:02 +0000] "GET /courses/cmpsc220sp09/_Media/firefly_objects_in_space-2.png HTTP/1.1" 200 139090 "-" "Mozilla/4.0 (compatible; MSIE 8.0; Windows NT 5.1; Trident/4.0; .NET CLR 1.0.3705; .NET CLR 1.1.4322; Media Center PC 4.0)"
89.16.161.240 - - [27/Jan/2010:06:50:03 +0000] "GET /courses/cmpsc220sp10/blog/index.xml HTTP/1.1" 304 - "-" "rss2email/2.65 +http://www.aaronsw.com/2002/rss2email/"
89.16.161.240 - - [27/Jan/2010:06:50:03 +0000] "GET /courses/fs102sp10/blog/index.rss HTTP/1.1" 304 - "-" "rss2email/2.65 +http://www.aaronsw.com/2002/rss2email/"
89.16.161.240 - - [27/Jan/2010:07:00:04 +0000] "GET /courses/cmpsc220sp10/blog/index.xml HTTP/1.1" 304 - "-" "rss2email/2.65 +http://www.aaronsw.com/2002/rss2email/"
89.16.161.240 - - [27/Jan/2010:07:00:04 +0000] "GET /courses/fs102sp10/blog/index.rss HTTP/1.1" 304 - "-" "rss2email/2.65 +http://www.aaronsw.com/2002/rss2email/"
68.175.113.189 - - [27/Jan/2010:07:04:23 +0000] "GET /courses/cmpsc220sp09/_Media/firefly_objects_in_space-2.png HTTP/1.1" 200 139090 "http://www.twilightsucks.com/forum/phpBB3/viewtopic.php?f=20&t=16591" "Mozilla/5.0 (Macintosh; U; Intel Mac OS X 10.6; en-US; rv:1.9.0.5) Gecko/2008120121 Firefox/3.0.5"
89.16.161.240 - - [27/Jan/2010:07:10:03 +0000] "GET /courses/cmpsc220sp10/blog/index.xml HTTP/1.1" 304 - "-" "rss2email/2.65 +http://www.aaronsw.com/2002/rss2email/"
89.16.161.240 - - [27/Jan/2010:07:10:03 +0000] "GET /courses/fs102sp10/blog/index.rss HTTP/1.1" 304 - "-" "rss2email/2.65 +http://www.aaronsw.com/2002/rss2email/"
89.16.161.240 - - [27/Jan/2010:07:20:04 +0000] "GET /courses/cmpsc220sp10/blog/index.xml HTTP/1.1" 304 - "-" "rss2email/2.65 +http://www.aaronsw.com/2002/rss2email/"
89.16.161.240 - - [27/Jan/2010:07:20:04 +0000] "GET /courses/fs102sp10/blog/index.rss HTTP/1.1" 304 - "-" "rss2email/2.65 +http://www.aaronsw.com/2002/rss2email/"
67.68.120.3 - - [27/Jan/2010:07:20:09 +0000] "GET /courses/cmpsc220sp09/_Media/firefly_objects_in_space-2.png HTTP/1.1" 200 139090 "http://twilightsucks.com/forum/phpBB3/viewtopic.php?f=75&p=562768" "Mozilla/4.0 (compatible; MSIE 7.0; Windows NT 6.0; SLCC1; .NET CLR 2.0.50727; Media Center PC 5.0; .NET CLR 3.5.30729; .NET CLR 3.0.30618)"
89.16.161.240 - - [27/Jan/2010:07:30:04 +0000] "GET /courses/cmpsc220sp10/blog/index.xml HTTP/1.1" 304 - "-" "rss2email/2.65 +http://www.aaronsw.com/2002/rss2email/"
89.16.161.240 - - [27/Jan/2010:07:30:04 +0000] "GET /courses/fs102sp10/blog/index.rss HTTP/1.1" 304 - "-" "rss2email/2.65 +http://www.aaronsw.com/2002/rss2email/"
89.16.161.240 - - [27/Jan/2010:07:40:03 +0000] "GET /courses/cmpsc220sp10/blog/index.xml HTTP/1.1" 304 - "-" "rss2email/2.65 +http://www.aaronsw.com/2002/rss2email/"
89.16.161.240 - - [27/Jan/2010:07:40:03 +0000] "GET /courses/fs102sp10/blog/index.rss HTTP/1.1" 304 - "-" "rss2email/2.65 +http://www.aaronsw.com/2002/rss2email/"
67.195.37.176 - - [27/Jan/2010:07:47:12 +0000] "GET /courses/cmpsc112f09/blog/bitwise_errors.html HTTP/1.0" 200 2641 "-" "Mozilla/5.0 (compatible; Yahoo! Slurp/3.0; http://help.yahoo.com/help/us/ysearch/slurp)"
67.195.37.176 - - [27/Jan/2010:07:47:14 +0000] "GET /courses/cmpsc112f09/_Resources/sandvox.css HTTP/1.0" 200 450 "http://www.rockalypse.org/courses/cmpsc112f09/blog/bitwise_errors.html" "Mozilla/5.0 (compatible; Yahoo! Slurp/3.0; http://help.yahoo.com/help/us/ysearch/slurp)"
67.195.37.176 - - [27/Jan/2010:07:47:16 +0000] "GET /courses/cmpsc112f09/_Resources/rssbadge.css HTTP/1.0" 304 - "http://www.rockalypse.org/courses/cmpsc112f09/blog/bitwise_errors.html" "Mozilla/5.0 (compatible; Yahoo! Slurp/3.0; http://help.yahoo.com/help/us/ysearch/slurp)"
67.195.37.176 - - [27/Jan/2010:07:47:19 +0000] "GET /courses/cmpsc112f09/sandvox_Allegheny/main.css HTTP/1.0" 200 2357 "http://www.rockalypse.org/courses/cmpsc112f09/blog/bitwise_errors.html" "Mozilla/5.0 (compatible; Yahoo! Slurp/3.0; http://help.yahoo.com/help/us/ysearch/slurp)"
67.172.154.200 - - [27/Jan/2010:07:49:24 +0000] "GET /courses/cmpsc220sp09/_Media/firefly_objects_in_space-2.png HTTP/1.1" 200 139090 "http://www.twilightsucks.com/forum/phpBB3/viewtopic.php?f=36&t=102&start=175" "Opera/9.80 (Windows NT 6.0; U; en) Presto/2.2.15 Version/10.10"
89.16.161.240 - - [27/Jan/2010:07:50:04 +0000] "GET /courses/cmpsc220sp10/blog/index.xml HTTP/1.1" 304 - "-" "rss2email/2.65 +http://www.aaronsw.com/2002/rss2email/"
89.16.161.240 - - [27/Jan/2010:07:50:04 +0000] "GET /courses/fs102sp10/blog/index.rss HTTP/1.1" 304 - "-" "rss2email/2.65 +http://www.aaronsw.com/2002/rss2email/"
67.195.37.176 - - [27/Jan/2010:07:53:06 +0000] "GET /courses/fs101f09/ HTTP/1.0" 200 2637 "-" "Mozilla/5.0 (compatible; Yahoo! Slurp/3.0; http://help.yahoo.com/help/us/ysearch/slurp)"
67.195.37.176 - - [27/Jan/2010:07:53:07 +0000] "GET /courses/fs101f09/_Resources/sandvox.css HTTP/1.0" 200 450 "http://www.rockalypse.org/courses/fs101f09/" "Mozilla/5.0 (compatible; Yahoo! Slurp/3.0; http://help.yahoo.com/help/us/ysearch/slurp)"
67.195.37.176 - - [27/Jan/2010:07:53:09 +0000] "GET /courses/fs101f09/sandvox_Allegheny/main.css HTTP/1.0" 200 2357 "http://www.rockalypse.org/courses/fs101f09/" "Mozilla/5.0 (compatible; Yahoo! Slurp/3.0; http://help.yahoo.com/help/us/ysearch/slurp)"
67.195.37.176 - - [27/Jan/2010:07:59:54 +0000] "GET /courses/fs102sp10/syllabus/ HTTP/1.0" 200 4454 "-" "Mozilla/5.0 (compatible; Yahoo! Slurp/3.0; http://help.yahoo.com/help/us/ysearch/slurp)"
67.195.37.176 - - [27/Jan/2010:07:59:55 +0000] "GET /courses/fs102sp10/_Resources/sandvox.css HTTP/1.0" 304 - "http://www.rockalypse.org/courses/fs102sp10/syllabus/" "Mozilla/5.0 (compatible; Yahoo! Slurp/3.0; http://help.yahoo.com/help/us/ysearch/slurp)"
67.195.37.176 - - [27/Jan/2010:07:59:56 +0000] "GET /courses/fs102sp10/sandvox_Red/main.css HTTP/1.0" 304 - "http://www.rockalypse.org/courses/fs102sp10/syllabus/" "Mozilla/5.0 (compatible; Yahoo! Slurp/3.0; http://help.yahoo.com/help/us/ysearch/slurp)"
89.16.161.240 - - [27/Jan/2010:08:00:04 +0000] "GET /courses/cmpsc220sp10/blog/index.xml HTTP/1.1" 304 - "-" "rss2email/2.65 +http://www.aaronsw.com/2002/rss2email/"
89.16.161.240 - - [27/Jan/2010:08:00:04 +0000] "GET /courses/fs102sp10/blog/index.rss HTTP/1.1" 304 - "-" "rss2email/2.65 +http://www.aaronsw.com/2002/rss2email/"
24.21.10.157 - - [27/Jan/2010:08:00:48 +0000] "GET /courses/cmpsc220sp09/_Media/firefly_objects_in_space-2.png HTTP/1.1" 200 139090 "http://www.twilightsucks.com/forum/phpBB3/viewtopic.php?f=36&t=102&start=150" "Mozilla/5.0 (iPhone; U; CPU iPhone OS 3_1_2 like Mac OS X; en-us) AppleWebKit/528.18 (KHTML, like Gecko) Version/4.0 Mobile/7D11 Safari/528.16"
67.195.37.176 - - [27/Jan/2010:08:01:25 +0000] "GET /full_calendar.html HTTP/1.0" 404 368 "-" "Mozilla/5.0 (compatible; Yahoo! Slurp/3.0; http://help.yahoo.com/help/us/ysearch/slurp)"
203.208.101.33 - - [27/Jan/2010:08:04:35 +0000] "GET /courses/cmpsc220sp09/_Media/firefly_objects_in_space-2.png HTTP/1.1" 200 139090 "http://www.twilightsucks.com/forum/phpBB3/viewtopic.php?f=20&t=7202&start=75" "Mozilla/5.0 (Windows; U; Windows NT 6.0; en-US; rv:1.9.1.7) Gecko/20091221 Firefox/3.5.7 (.NET CLR 3.5.30729)"
89.16.161.240 - - [27/Jan/2010:08:10:03 +0000] "GET /courses/cmpsc220sp10/blog/index.xml HTTP/1.1" 304 - "-" "rss2email/2.65 +http://www.aaronsw.com/2002/rss2email/"
89.16.161.240 - - [27/Jan/2010:08:10:03 +0000] "GET /courses/fs102sp10/blog/index.rss HTTP/1.1" 304 - "-" "rss2email/2.65 +http://www.aaronsw.com/2002/rss2email/"
77.88.29.248 - - [27/Jan/2010:08:12:44 +0000] "GET /robots.txt HTTP/1.1" 404 360 "-" "Yandex/1.01.001 (compatible; Win16; I)"
67.195.37.176 - - [27/Jan/2010:08:14:05 +0000] "GET /courses/cmpsc112f09/protected/20090923-testing-vending-machine.pdf HTTP/1.0" 401 553 "-" "Mozilla/5.0 (compatible; Yahoo! Slurp/3.0; http://help.yahoo.com/help/us/ysearch/slurp)"
78.96.215.193 - - [27/Jan/2010:08:14:05 +0000] "GET /courses/cmpsc220sp09/_Media/firefly_objects_in_space-2.png HTTP/1.1" 200 139090 "http://www.twilightsucks.com/forum/phpBB3/viewtopic.php?f=75&p=696673" "Mozilla/4.0 (compatible; MSIE 7.0; Windows NT 5.1; .NET CLR 2.0.50727; .NET CLR 3.0.4506.2152; .NET CLR 3.5.30729; AskTB5.5)"
89.16.161.240 - - [27/Jan/2010:08:20:04 +0000] "GET /courses/cmpsc220sp10/blog/index.xml HTTP/1.1" 304 - "-" "rss2email/2.65 +http://www.aaronsw.com/2002/rss2email/"
89.16.161.240 - - [27/Jan/2010:08:20:04 +0000] "GET /courses/fs102sp10/blog/index.rss HTTP/1.1" 304 - "-" "rss2email/2.65 +http://www.aaronsw.com/2002/rss2email/"
66.249.65.153 - - [27/Jan/2010:08:20:59 +0000] "GET /courses/cmpsc220sp10/resources/papers/denning-virtual-memory.pdf HTTP/1.1" 304 - "-" "Mozilla/5.0 (compatible; Googlebot/2.1; +http://www.google.com/bot.html)"
89.16.161.240 - - [27/Jan/2010:08:30:03 +0000] "GET /courses/cmpsc220sp10/blog/index.xml HTTP/1.1" 304 - "-" "rss2email/2.65 +http://www.aaronsw.com/2002/rss2email/"
89.16.161.240 - - [27/Jan/2010:08:30:04 +0000] "GET /courses/fs102sp10/blog/index.rss HTTP/1.1" 304 - "-" "rss2email/2.65 +http://www.aaronsw.com/2002/rss2email/"
67.195.37.176 - - [27/Jan/2010:08:39:24 +0000] "GET /courses/cmpsc220sp09/labs/xml_tree_lab/warmup.html HTTP/1.0" 200 3088 "-" "Mozilla/5.0 (compatible; Yahoo! Slurp/3.0; http://help.yahoo.com/help/us/ysearch/slurp)"
67.195.37.176 - - [27/Jan/2010:08:39:24 +0000] "GET /courses/cmpsc220sp09/_Resources/sandvox.css HTTP/1.0" 200 450 "http://www.rockalypse.org/courses/cmpsc220sp09/labs/xml_tree_lab/warmup.html" "Mozilla/5.0 (compatible; Yahoo! Slurp/3.0; http://help.yahoo.com/help/us/ysearch/slurp)"
67.195.37.176 - - [27/Jan/2010:08:39:25 +0000] "GET /courses/cmpsc220sp09/sandvox_Distinction/main.css HTTP/1.0" 304 - "http://www.rockalypse.org/courses/cmpsc220sp09/labs/xml_tree_lab/warmup.html" "Mozilla/5.0 (compatible; Yahoo! Slurp/3.0; http://help.yahoo.com/help/us/ysearch/slurp)"
67.195.37.176 - - [27/Jan/2010:08:39:26 +0000] "GET /courses/cmpsc220sp09/highlight/prettify.css HTTP/1.0" 304 - "http://www.rockalypse.org/courses/cmpsc220sp09/labs/xml_tree_lab/warmup.html" "Mozilla/5.0 (compatible; Yahoo! Slurp/3.0; http://help.yahoo.com/help/us/ysearch/slurp)"
89.16.161.240 - - [27/Jan/2010:08:40:04 +0000] "GET /courses/cmpsc220sp10/blog/index.xml HTTP/1.1" 304 - "-" "rss2email/2.65 +http://www.aaronsw.com/2002/rss2email/"
89.16.161.240 - - [27/Jan/2010:08:40:04 +0000] "GET /courses/fs102sp10/blog/index.rss HTTP/1.1" 304 - "-" "rss2email/2.65 +http://www.aaronsw.com/2002/rss2email/"
89.16.161.240 - - [27/Jan/2010:08:50:03 +0000] "GET /courses/cmpsc220sp10/blog/index.xml HTTP/1.1" 304 - "-" "rss2email/2.65 +http://www.aaronsw.com/2002/rss2email/"
89.16.161.240 - - [27/Jan/2010:08:50:03 +0000] "GET /courses/fs102sp10/blog/index.rss HTTP/1.1" 304 - "-" "rss2email/2.65 +http://www.aaronsw.com/2002/rss2email/"
66.249.65.153 - - [27/Jan/2010:08:57:46 +0000] "GET /courses/fs102sp10/sitemap.xml.gz HTTP/1.1" 304 - "-" "Mozilla/5.0 (compatible; Googlebot/2.1; +http://www.google.com/bot.html)"
66.249.65.153 - - [27/Jan/2010:08:59:12 +0000] "GET /courses/cmpsc220sp10/resources/papers/language_paradigms_poster.pdf HTTP/1.1" 304 - "-" "Mozilla/5.0 (compatible; Googlebot/2.1; +http://www.google.com/bot.html)"
89.16.161.240 - - [27/Jan/2010:09:00:04 +0000] "GET /courses/cmpsc220sp10/blog/index.xml HTTP/1.1" 304 - "-" "rss2email/2.65 +http://www.aaronsw.com/2002/rss2email/"
89.16.161.240 - - [27/Jan/2010:09:00:04 +0000] "GET /courses/fs102sp10/blog/index.rss HTTP/1.1" 304 - "-" "rss2email/2.65 +http://www.aaronsw.com/2002/rss2email/"
89.16.161.240 - - [27/Jan/2010:09:10:03 +0000] "GET /courses/cmpsc220sp10/blog/index.xml HTTP/1.1" 304 - "-" "rss2email/2.65 +http://www.aaronsw.com/2002/rss2email/"
89.16.161.240 - - [27/Jan/2010:09:10:03 +0000] "GET /courses/fs102sp10/blog/index.rss HTTP/1.1" 304 - "-" "rss2email/2.65 +http://www.aaronsw.com/2002/rss2email/"
67.195.37.176 - - [27/Jan/2010:09:19:58 +0000] "GET /robots.txt HTTP/1.0" 404 360 "-" "Mozilla/5.0 (compatible; Yahoo! Slurp; http://help.yahoo.com/help/us/ysearch/slurp)"
67.195.37.176 - - [27/Jan/2010:09:19:58 +0000] "GET /courses/cmpsc220sp09/blog/archive_02_2009.html HTTP/1.0" 200 10771 "-" "Mozilla/5.0 (compatible; Yahoo! Slurp/3.0; http://help.yahoo.com/help/us/ysearch/slurp)"
67.195.37.176 - - [27/Jan/2010:09:20:00 +0000] "GET /courses/cmpsc220sp09/_Resources/sandvox.css HTTP/1.0" 200 450 "http://www.rockalypse.org/courses/cmpsc220sp09/blog/archive_02_2009.html" "Mozilla/5.0 (compatible; Yahoo! Slurp/3.0; http://help.yahoo.com/help/us/ysearch/slurp)"
67.195.37.176 - - [27/Jan/2010:09:20:02 +0000] "GET /courses/cmpsc220sp09/_Resources/rssbadge.css HTTP/1.0" 200 225 "http://www.rockalypse.org/courses/cmpsc220sp09/blog/archive_02_2009.html" "Mozilla/5.0 (compatible; Yahoo! Slurp/3.0; http://help.yahoo.com/help/us/ysearch/slurp)"
67.195.37.176 - - [27/Jan/2010:09:20:03 +0000] "GET /courses/cmpsc220sp09/sandvox_Distinction/main.css HTTP/1.0" 200 2429 "http://www.rockalypse.org/courses/cmpsc220sp09/blog/archive_02_2009.html" "Mozilla/5.0 (compatible; Yahoo! Slurp/3.0; http://help.yahoo.com/help/us/ysearch/slurp)"
89.16.161.240 - - [27/Jan/2010:09:20:03 +0000] "GET /courses/cmpsc220sp10/blog/index.xml HTTP/1.1" 304 - "-" "rss2email/2.65 +http://www.aaronsw.com/2002/rss2email/"
89.16.161.240 - - [27/Jan/2010:09:20:04 +0000] "GET /courses/fs102sp10/blog/index.rss HTTP/1.1" 304 - "-" "rss2email/2.65 +http://www.aaronsw.com/2002/rss2email/"
67.195.37.176 - - [27/Jan/2010:09:20:05 +0000] "GET /courses/cmpsc220sp09/highlight/prettify.css HTTP/1.0" 200 214 "http://www.rockalypse.org/courses/cmpsc220sp09/blog/archive_02_2009.html" "Mozilla/5.0 (compatible; Yahoo! Slurp/3.0; http://help.yahoo.com/help/us/ysearch/slurp)"
89.16.161.240 - - [27/Jan/2010:09:30:03 +0000] "GET /courses/cmpsc220sp10/blog/index.xml HTTP/1.1" 304 - "-" "rss2email/2.65 +http://www.aaronsw.com/2002/rss2email/"
89.16.161.240 - - [27/Jan/2010:09:30:04 +0000] "GET /courses/fs102sp10/blog/index.rss HTTP/1.1" 304 - "-" "rss2email/2.65 +http://www.aaronsw.com/2002/rss2email/"
67.195.37.176 - - [27/Jan/2010:09:31:54 +0000] "GET /randomness/todesfuge_bach_and_penderec/ HTTP/1.0" 200 4311 "-" "Mozilla/5.0 (compatible; Yahoo! Slurp/3.0; http://help.yahoo.com/help/us/ysearch/slurp)"
67.195.37.176 - - [27/Jan/2010:09:31:56 +0000] "GET /_Resources/sandvox.css HTTP/1.0" 200 490 "http://www.rockalypse.org/randomness/todesfuge_bach_and_penderec/" "Mozilla/5.0 (compatible; Yahoo! Slurp/3.0; http://help.yahoo.com/help/us/ysearch/slurp)"
67.195.37.176 - - [27/Jan/2010:09:31:57 +0000] "GET /sandvox_Imagine/main.css HTTP/1.0" 200 3654 "http://www.rockalypse.org/randomness/todesfuge_bach_and_penderec/" "Mozilla/5.0 (compatible; Yahoo! Slurp/3.0; http://help.yahoo.com/help/us/ysearch/slurp)"
89.16.161.240 - - [27/Jan/2010:09:40:04 +0000] "GET /courses/cmpsc220sp10/blog/index.xml HTTP/1.1" 304 - "-" "rss2email/2.65 +http://www.aaronsw.com/2002/rss2email/"
89.16.161.240 - - [27/Jan/2010:09:40:04 +0000] "GET /courses/fs102sp10/blog/index.rss HTTP/1.1" 304 - "-" "rss2email/2.65 +http://www.aaronsw.com/2002/rss2email/"
67.195.37.176 - - [27/Jan/2010:09:45:43 +0000] "GET /courses/fs102sp10/blog/first-post.html HTTP/1.0" 200 2358 "-" "Mozilla/5.0 (compatible; Yahoo! Slurp/3.0; http://help.yahoo.com/help/us/ysearch/slurp)"
67.195.37.176 - - [27/Jan/2010:09:45:44 +0000] "GET /courses/fs102sp10/_Resources/sandvox.css HTTP/1.0" 200 490 "http://www.rockalypse.org/courses/fs102sp10/blog/first-post.html" "Mozilla/5.0 (compatible; Yahoo! Slurp/3.0; http://help.yahoo.com/help/us/ysearch/slurp)"
67.195.37.176 - - [27/Jan/2010:09:45:44 +0000] "GET /courses/fs102sp10/_Resources/rssbadge.css HTTP/1.0" 200 225 "http://www.rockalypse.org/courses/fs102sp10/blog/first-post.html" "Mozilla/5.0 (compatible; Yahoo! Slurp/3.0; http://help.yahoo.com/help/us/ysearch/slurp)"
67.195.37.176 - - [27/Jan/2010:09:45:44 +0000] "GET /courses/fs102sp10/sandvox_Red/main.css HTTP/1.0" 200 2234 "http://www.rockalypse.org/courses/fs102sp10/blog/first-post.html" "Mozilla/5.0 (compatible; Yahoo! Slurp/3.0; http://help.yahoo.com/help/us/ysearch/slurp)"
89.16.161.240 - - [27/Jan/2010:09:50:03 +0000] "GET /courses/cmpsc220sp10/blog/index.xml HTTP/1.1" 304 - "-" "rss2email/2.65 +http://www.aaronsw.com/2002/rss2email/"
89.16.161.240 - - [27/Jan/2010:09:50:03 +0000] "GET /courses/fs102sp10/blog/index.rss HTTP/1.1" 304 - "-" "rss2email/2.65 +http://www.aaronsw.com/2002/rss2email/"
89.16.161.240 - - [27/Jan/2010:10:00:05 +0000] "GET /courses/cmpsc220sp10/blog/index.xml HTTP/1.1" 304 - "-" "rss2email/2.65 +http://www.aaronsw.com/2002/rss2email/"
89.16.161.240 - - [27/Jan/2010:10:00:05 +0000] "GET /courses/fs102sp10/blog/index.rss HTTP/1.1" 304 - "-" "rss2email/2.65 +http://www.aaronsw.com/2002/rss2email/"
65.55.207.54 - - [27/Jan/2010:10:08:08 +0000] "GET /robots.txt HTTP/1.1" 404 360 "-" "msnbot/2.0b (+http://search.msn.com/msnbot.htm)"
65.55.207.54 - - [27/Jan/2010:10:09:09 +0000] "GET /courses/f08/cmpsc190/ HTTP/1.1" 404 371 "-" "msnbot/2.0b (+http://search.msn.com/msnbot.htm)"
89.16.161.240 - - [27/Jan/2010:10:10:03 +0000] "GET /courses/cmpsc220sp10/blog/index.xml HTTP/1.1" 304 - "-" "rss2email/2.65 +http://www.aaronsw.com/2002/rss2email/"
89.16.161.240 - - [27/Jan/2010:10:10:03 +0000] "GET /courses/fs102sp10/blog/index.rss HTTP/1.1" 304 - "-" "rss2email/2.65 +http://www.aaronsw.com/2002/rss2email/"
60.224.210.136 - - [27/Jan/2010:10:13:10 +0000] "GET /courses/cmpsc220sp09/_Media/firefly_objects_in_space-2.png HTTP/1.1" 200 139090 "http://www.twilightsucks.com/forum/phpBB3/viewtopic.php?f=102&t=1472&p=762916" "Mozilla/4.0 (compatible; MSIE 8.0; Windows NT 6.0; Trident/4.0; GTB6.3; SLCC1; .NET CLR 2.0.50727; Media Center PC 5.1; .NET CLR 3.5.30729; .NET CLR 3.0.30729)"
188.40.43.76 - - [27/Jan/2010:10:17:13 +0000] "GET / HTTP/1.1" 200 13024 "-" "Mozilla/5.0 (Windows; U; MSIE 7.0; Windows NT 6.0; en-US)"
89.16.161.240 - - [27/Jan/2010:10:20:04 +0000] "GET /courses/cmpsc220sp10/blog/index.xml HTTP/1.1" 304 - "-" "rss2email/2.65 +http://www.aaronsw.com/2002/rss2email/"
89.16.161.240 - - [27/Jan/2010:10:20:04 +0000] "GET /courses/fs102sp10/blog/index.rss HTTP/1.1" 304 - "-" "rss2email/2.65 +http://www.aaronsw.com/2002/rss2email/"
89.16.161.240 - - [27/Jan/2010:10:30:04 +0000] "GET /courses/cmpsc220sp10/blog/index.xml HTTP/1.1" 304 - "-" "rss2email/2.65 +http://www.aaronsw.com/2002/rss2email/"
89.16.161.240 - - [27/Jan/2010:10:30:04 +0000] "GET /courses/fs102sp10/blog/index.rss HTTP/1.1" 304 - "-" "rss2email/2.65 +http://www.aaronsw.com/2002/rss2email/"
67.195.37.176 - - [27/Jan/2010:10:32:37 +0000] "GET /courses/cmpsc112f09/blog/stacks.html HTTP/1.0" 200 2657 "-" "Mozilla/5.0 (compatible; Yahoo! Slurp/3.0; http://help.yahoo.com/help/us/ysearch/slurp)"
67.195.37.176 - - [27/Jan/2010:10:32:39 +0000] "GET /courses/cmpsc112f09/_Resources/sandvox.css HTTP/1.0" 200 450 "http://www.rockalypse.org/courses/cmpsc112f09/blog/stacks.html" "Mozilla/5.0 (compatible; Yahoo! Slurp/3.0; http://help.yahoo.com/help/us/ysearch/slurp)"
67.195.37.176 - - [27/Jan/2010:10:32:42 +0000] "GET /courses/cmpsc112f09/_Resources/rssbadge.css HTTP/1.0" 200 225 "http://www.rockalypse.org/courses/cmpsc112f09/blog/stacks.html" "Mozilla/5.0 (compatible; Yahoo! Slurp/3.0; http://help.yahoo.com/help/us/ysearch/slurp)"
67.195.37.176 - - [27/Jan/2010:10:32:46 +0000] "GET /courses/cmpsc112f09/sandvox_Allegheny/main.css HTTP/1.0" 200 2357 "http://www.rockalypse.org/courses/cmpsc112f09/blog/stacks.html" "Mozilla/5.0 (compatible; Yahoo! Slurp/3.0; http://help.yahoo.com/help/us/ysearch/slurp)"
89.16.161.240 - - [27/Jan/2010:10:40:04 +0000] "GET /courses/cmpsc220sp10/blog/index.xml HTTP/1.1" 304 - "-" "rss2email/2.65 +http://www.aaronsw.com/2002/rss2email/"
89.16.161.240 - - [27/Jan/2010:10:40:04 +0000] "GET /courses/fs102sp10/blog/index.rss HTTP/1.1" 304 - "-" "rss2email/2.65 +http://www.aaronsw.com/2002/rss2email/"
89.16.161.240 - - [27/Jan/2010:10:50:04 +0000] "GET /courses/cmpsc220sp10/blog/index.xml HTTP/1.1" 304 - "-" "rss2email/2.65 +http://www.aaronsw.com/2002/rss2email/"
89.16.161.240 - - [27/Jan/2010:10:50:04 +0000] "GET /courses/fs102sp10/blog/index.rss HTTP/1.1" 304 - "-" "rss2email/2.65 +http://www.aaronsw.com/2002/rss2email/"
67.195.37.176 - - [27/Jan/2010:10:55:23 +0000] "GET /courses/fs102sp10/blog/index.rss HTTP/1.0" 200 2088 "-" "Mozilla/5.0 (compatible; Yahoo! Slurp/3.0; http://help.yahoo.com/help/us/ysearch/slurp)"
89.16.161.240 - - [27/Jan/2010:11:00:04 +0000] "GET /courses/cmpsc220sp10/blog/index.xml HTTP/1.1" 304 - "-" "rss2email/2.65 +http://www.aaronsw.com/2002/rss2email/"
89.16.161.240 - - [27/Jan/2010:11:00:04 +0000] "GET /courses/fs102sp10/blog/index.rss HTTP/1.1" 304 - "-" "rss2email/2.65 +http://www.aaronsw.com/2002/rss2email/"
24.239.62.50 - - [27/Jan/2010:11:09:49 +0000] "GET / HTTP/1.1" 200 3806 "http://www.google.com/search?hl=en&q=rockalypse&aq=f&aql=&aqi=g2&oq=" "Mozilla/5.0 (Macintosh; U; Intel Mac OS X 10_5_8; en-US) AppleWebKit/532.5 (KHTML, like Gecko) Chrome/4.0.249.49 Safari/532.5"
24.239.62.50 - - [27/Jan/2010:11:09:50 +0000] "GET /_Resources/sandvox.css HTTP/1.1" 200 490 "http://www.rockalypse.org/" "Mozilla/5.0 (Macintosh; U; Intel Mac OS X 10_5_8; en-US) AppleWebKit/532.5 (KHTML, like Gecko) Chrome/4.0.249.49 Safari/532.5"
24.239.62.50 - - [27/Jan/2010:11:09:50 +0000] "GET /sandvox_Imagine/main.css HTTP/1.1" 200 3654 "http://www.rockalypse.org/" "Mozilla/5.0 (Macintosh; U; Intel Mac OS X 10_5_8; en-US) AppleWebKit/532.5 (KHTML, like Gecko) Chrome/4.0.249.49 Safari/532.5"
24.239.62.50 - - [27/Jan/2010:11:09:50 +0000] "GET /sandvox_Imagine/background.png HTTP/1.1" 304 - "http://www.rockalypse.org/" "Mozilla/5.0 (Macintosh; U; Intel Mac OS X 10_5_8; en-US) AppleWebKit/532.5 (KHTML, like Gecko) Chrome/4.0.249.49 Safari/532.5"
24.239.62.50 - - [27/Jan/2010:11:09:50 +0000] "GET /sandvox_Imagine/DefaultHeader.jpeg HTTP/1.1" 304 - "http://www.rockalypse.org/" "Mozilla/5.0 (Macintosh; U; Intel Mac OS X 10_5_8; en-US) AppleWebKit/532.5 (KHTML, like Gecko) Chrome/4.0.249.49 Safari/532.5"
24.239.62.50 - - [27/Jan/2010:11:09:50 +0000] "GET /sandvox_Imagine/sidebarbackground.gif HTTP/1.1" 304 - "http://www.rockalypse.org/" "Mozilla/5.0 (Macintosh; U; Intel Mac OS X 10_5_8; en-US) AppleWebKit/532.5 (KHTML, like Gecko) Chrome/4.0.249.49 Safari/532.5"
24.239.62.50 - - [27/Jan/2010:11:09:50 +0000] "GET /_Media/lordi-3.png HTTP/1.1" 200 80544 "http://www.rockalypse.org/" "Mozilla/5.0 (Macintosh; U; Intel Mac OS X 10_5_8; en-US) AppleWebKit/532.5 (KHTML, like Gecko) Chrome/4.0.249.49 Safari/532.5"
24.239.62.50 - - [27/Jan/2010:11:09:50 +0000] "GET /_Media/lego-banner-3.png HTTP/1.1" 200 459369 "http://www.rockalypse.org/" "Mozilla/5.0 (Macintosh; U; Intel Mac OS X 10_5_8; en-US) AppleWebKit/532.5 (KHTML, like Gecko) Chrome/4.0.249.49 Safari/532.5"
24.239.62.50 - - [27/Jan/2010:11:09:52 +0000] "GET /courses/fs102sp10/ HTTP/1.1" 304 - "http://www.rockalypse.org/" "Mozilla/5.0 (Macintosh; U; Intel Mac OS X 10_5_8; en-US) AppleWebKit/532.5 (KHTML, like Gecko) Chrome/4.0.249.49 Safari/532.5"
24.239.62.50 - - [27/Jan/2010:11:09:52 +0000] "GET /courses/fs102sp10/_Resources/sandvox.css HTTP/1.1" 304 - "http://www.rockalypse.org/courses/fs102sp10/" "Mozilla/5.0 (Macintosh; U; Intel Mac OS X 10_5_8; en-US) AppleWebKit/532.5 (KHTML, like Gecko) Chrome/4.0.249.49 Safari/532.5"
24.239.62.50 - - [27/Jan/2010:11:09:52 +0000] "GET /courses/fs102sp10/sandvox_Red/main.css HTTP/1.1" 304 - "http://www.rockalypse.org/courses/fs102sp10/" "Mozilla/5.0 (Macintosh; U; Intel Mac OS X 10_5_8; en-US) AppleWebKit/532.5 (KHTML, like Gecko) Chrome/4.0.249.49 Safari/532.5"
24.239.62.50 - - [27/Jan/2010:11:09:52 +0000] "GET /courses/fs102sp10/images/yosc.png HTTP/1.1" 304 - "http://www.rockalypse.org/courses/fs102sp10/" "Mozilla/5.0 (Macintosh; U; Intel Mac OS X 10_5_8; en-US) AppleWebKit/532.5 (KHTML, like Gecko) Chrome/4.0.249.49 Safari/532.5"
24.239.62.50 - - [27/Jan/2010:11:09:52 +0000] "GET /courses/fs102sp10/images/wordpress-small.png HTTP/1.1" 304 - "http://www.rockalypse.org/courses/fs102sp10/" "Mozilla/5.0 (Macintosh; U; Intel Mac OS X 10_5_8; en-US) AppleWebKit/532.5 (KHTML, like Gecko) Chrome/4.0.249.49 Safari/532.5"
24.239.62.50 - - [27/Jan/2010:11:09:52 +0000] "GET /courses/fs102sp10/images/arduino-small.png HTTP/1.1" 304 - "http://www.rockalypse.org/courses/fs102sp10/" "Mozilla/5.0 (Macintosh; U; Intel Mac OS X 10_5_8; en-US) AppleWebKit/532.5 (KHTML, like Gecko) Chrome/4.0.249.49 Safari/532.5"
24.239.62.50 - - [27/Jan/2010:11:09:52 +0000] "GET /courses/fs102sp10/images/shadow-man-small.png HTTP/1.1" 304 - "http://www.rockalypse.org/courses/fs102sp10/" "Mozilla/5.0 (Macintosh; U; Intel Mac OS X 10_5_8; en-US) AppleWebKit/532.5 (KHTML, like Gecko) Chrome/4.0.249.49 Safari/532.5"
24.239.62.50 - - [27/Jan/2010:11:09:54 +0000] "GET /courses/fs102sp10/to-do/ HTTP/1.1" 200 3753 "http://www.rockalypse.org/courses/fs102sp10/" "Mozilla/5.0 (Macintosh; U; Intel Mac OS X 10_5_8; en-US) AppleWebKit/532.5 (KHTML, like Gecko) Chrome/4.0.249.49 Safari/532.5"
24.239.62.50 - - [27/Jan/2010:11:09:58 +0000] "GET /courses/fs102sp10/to-do/free-culture-intro.html HTTP/1.1" 200 2889 "http://www.rockalypse.org/courses/fs102sp10/to-do/" "Mozilla/5.0 (Macintosh; U; Intel Mac OS X 10_5_8; en-US) AppleWebKit/532.5 (KHTML, like Gecko) Chrome/4.0.249.49 Safari/532.5"
89.16.161.240 - - [27/Jan/2010:11:10:03 +0000] "GET /courses/cmpsc220sp10/blog/index.xml HTTP/1.1" 304 - "-" "rss2email/2.65 +http://www.aaronsw.com/2002/rss2email/"
89.16.161.240 - - [27/Jan/2010:11:10:04 +0000] "GET /courses/fs102sp10/blog/index.rss HTTP/1.1" 304 - "-" "rss2email/2.65 +http://www.aaronsw.com/2002/rss2email/"
24.239.62.50 - - [27/Jan/2010:11:10:03 +0000] "GET /courses/fs102sp10/resources/free-culture-introduction.pdf HTTP/1.1" 200 189329 "http://www.rockalypse.org/courses/fs102sp10/to-do/free-culture-intro.html" "Mozilla/5.0 (Macintosh; U; Intel Mac OS X 10_5_8; en-US) AppleWebKit/532.5 (KHTML, like Gecko) Chrome/4.0.249.49 Safari/532.5"
67.195.37.176 - - [27/Jan/2010:11:11:52 +0000] "GET /courses/cmpsc220sp09/resources/worse_is_better_beating_the/ HTTP/1.0" 200 3997 "-" "Mozilla/5.0 (compatible; Yahoo! Slurp/3.0; http://help.yahoo.com/help/us/ysearch/slurp)"
24.239.62.50 - - [27/Jan/2010:11:12:46 +0000] "GET /favicon.ico HTTP/1.1" 404 361 "http://www.rockalypse.org/courses/fs102sp10/" "Mozilla/5.0 (Macintosh; U; Intel Mac OS X 10_5_8; en-us) AppleWebKit/531.21.8 (KHTML, like Gecko) Sandvox"
24.239.62.50 - - [27/Jan/2010:11:12:50 +0000] "GET /courses/fs102sp10/images/cc-by-sa-nc.png HTTP/1.1" 304 - "http://www.rockalypse.org/courses/fs102sp10/blog/" "Mozilla/5.0 (Macintosh; U; Intel Mac OS X 10_5_8; en-us) AppleWebKit/531.21.8 (KHTML, like Gecko) Sandvox"
24.239.62.50 - - [27/Jan/2010:11:12:55 +0000] "GET /courses/fs102sp10/images/cc-by-sa-nc.png HTTP/1.1" 304 - "http://www.rockalypse.org/courses/fs102sp10/blog/untitled-text.html" "Mozilla/5.0 (Macintosh; U; Intel Mac OS X 10_5_8; en-us) AppleWebKit/531.21.8 (KHTML, like Gecko) Sandvox"
24.239.62.50 - - [27/Jan/2010:11:19:37 +0000] "GET /courses/fs102sp10/images/cc-by-sa-nc.png HTTP/1.1" 304 - "http://www.rockalypse.org/courses/fs102sp10/blog/rebecca-davis-presentation-.html" "Mozilla/5.0 (Macintosh; U; Intel Mac OS X 10_5_8; en-us) AppleWebKit/531.21.8 (KHTML, like Gecko) Sandvox"
24.239.62.50 - - [27/Jan/2010:11:19:49 +0000] "GET /courses/fs102sp10/images/cc-by-sa-nc.png HTTP/1.1" 304 - "http://www.rockalypse.org/courses/fs102sp10/blog/rebecca-davis-presentation-.html" "Mozilla/5.0 (Macintosh; U; Intel Mac OS X 10_5_8; en-us) AppleWebKit/531.21.8 (KHTML, like Gecko) Sandvox"
24.239.62.50 - - [27/Jan/2010:11:19:50 +0000] "GET /courses/fs102sp10/images/cc-by-sa-nc.png HTTP/1.1" 304 - "http://www.rockalypse.org/courses/fs102sp10/blog/rebecca-davis-presentation-.html" "Mozilla/5.0 (Macintosh; U; Intel Mac OS X 10_5_8; en-us) AppleWebKit/531.21.8 (KHTML, like Gecko) Sandvox"
24.239.62.50 - - [27/Jan/2010:11:19:54 +0000] "GET /courses/fs102sp10/images/cc-by-sa-nc.png HTTP/1.1" 304 - "http://www.rockalypse.org/courses/fs102sp10/blog/rebecca-davis-presentation-.html" "Mozilla/5.0 (Macintosh; U; Intel Mac OS X 10_5_8; en-us) AppleWebKit/531.21.8 (KHTML, like Gecko) Sandvox"
24.239.62.50 - - [27/Jan/2010:11:19:55 +0000] "GET /courses/fs102sp10/images/cc-by-sa-nc.png HTTP/1.1" 304 - "http://www.rockalypse.org/courses/fs102sp10/blog/rebecca-davis-presentation-.html" "Mozilla/5.0 (Macintosh; U; Intel Mac OS X 10_5_8; en-us) AppleWebKit/531.21.8 (KHTML, like Gecko) Sandvox"
89.16.161.240 - - [27/Jan/2010:11:20:04 +0000] "GET /courses/cmpsc220sp10/blog/index.xml HTTP/1.1" 304 - "-" "rss2email/2.65 +http://www.aaronsw.com/2002/rss2email/"
89.16.161.240 - - [27/Jan/2010:11:20:04 +0000] "GET /courses/fs102sp10/blog/index.rss HTTP/1.1" 304 - "-" "rss2email/2.65 +http://www.aaronsw.com/2002/rss2email/"
24.239.62.50 - - [27/Jan/2010:11:20:23 +0000] "GET /courses/fs102sp10/images/cc-by-sa-nc.png HTTP/1.1" 304 - "http://www.rockalypse.org/courses/fs102sp10/blog/rebecca-davis-presentation-.html" "Mozilla/5.0 (Macintosh; U; Intel Mac OS X 10_5_8; en-us) AppleWebKit/531.21.8 (KHTML, like Gecko) Sandvox"
24.239.62.50 - - [27/Jan/2010:11:20:32 +0000] "GET /courses/fs102sp10/images/cc-by-sa-nc.png HTTP/1.1" 304 - "http://www.rockalypse.org/courses/fs102sp10/blog/rebecca-davis-presentation-.html" "Mozilla/5.0 (Macintosh; U; Intel Mac OS X 10_5_8; en-us) AppleWebKit/531.21.8 (KHTML, like Gecko) Sandvox"
24.239.62.50 - - [27/Jan/2010:11:20:34 +0000] "GET /courses/fs102sp10/images/cc-by-sa-nc.png HTTP/1.1" 304 - "http://www.rockalypse.org/courses/fs102sp10/blog/rebecca-davis-presentation-.html" "Mozilla/5.0 (Macintosh; U; Intel Mac OS X 10_5_8; en-us) AppleWebKit/531.21.8 (KHTML, like Gecko) Sandvox"
24.239.62.50 - - [27/Jan/2010:11:20:37 +0000] "GET /courses/fs102sp10/images/cc-by-sa-nc.png HTTP/1.1" 304 - "http://www.rockalypse.org/courses/fs102sp10/blog/rebecca-davis-presentation-.html" "Mozilla/5.0 (Macintosh; U; Intel Mac OS X 10_5_8; en-us) AppleWebKit/531.21.8 (KHTML, like Gecko) Sandvox"
24.239.62.50 - - [27/Jan/2010:11:20:38 +0000] "GET /courses/fs102sp10/images/cc-by-sa-nc.png HTTP/1.1" 304 - "http://www.rockalypse.org/courses/fs102sp10/blog/rebecca-davis-presentation-.html" "Mozilla/5.0 (Macintosh; U; Intel Mac OS X 10_5_8; en-us) AppleWebKit/531.21.8 (KHTML, like Gecko) Sandvox"
24.239.62.50 - - [27/Jan/2010:11:20:43 +0000] "GET /courses/fs102sp10/images/cc-by-sa-nc.png HTTP/1.1" 304 - "http://www.rockalypse.org/courses/fs102sp10/blog/rebecca-davis-presentation-.html" "Mozilla/5.0 (Macintosh; U; Intel Mac OS X 10_5_8; en-us) AppleWebKit/531.21.8 (KHTML, like Gecko) Sandvox"
24.239.62.50 - - [27/Jan/2010:11:20:45 +0000] "GET /courses/fs102sp10/images/cc-by-sa-nc.png HTTP/1.1" 304 - "http://www.rockalypse.org/courses/fs102sp10/blog/rebecca-davis-presentation-.html" "Mozilla/5.0 (Macintosh; U; Intel Mac OS X 10_5_8; en-us) AppleWebKit/531.21.8 (KHTML, like Gecko) Sandvox"
24.239.62.50 - - [27/Jan/2010:11:20:48 +0000] "GET /courses/fs102sp10/images/cc-by-sa-nc.png HTTP/1.1" 304 - "http://www.rockalypse.org/courses/fs102sp10/blog/rebecca-davis-presentation-.html" "Mozilla/5.0 (Macintosh; U; Intel Mac OS X 10_5_8; en-us) AppleWebKit/531.21.8 (KHTML, like Gecko) Sandvox"
24.239.62.50 - - [27/Jan/2010:11:21:00 +0000] "GET /courses/fs102sp10/images/cc-by-sa-nc.png HTTP/1.1" 304 - "http://www.rockalypse.org/courses/fs102sp10/blog/rebecca-davis-presentation-.html" "Mozilla/5.0 (Macintosh; U; Intel Mac OS X 10_5_8; en-us) AppleWebKit/531.21.8 (KHTML, like Gecko) Sandvox"
24.239.62.50 - - [27/Jan/2010:11:21:02 +0000] "GET /courses/fs102sp10/images/cc-by-sa-nc.png HTTP/1.1" 304 - "http://www.rockalypse.org/courses/fs102sp10/blog/rebecca-davis-presentation-.html" "Mozilla/5.0 (Macintosh; U; Intel Mac OS X 10_5_8; en-us) AppleWebKit/531.21.8 (KHTML, like Gecko) Sandvox"
24.239.62.50 - - [27/Jan/2010:11:21:07 +0000] "GET /courses/fs102sp10/images/cc-by-sa-nc.png HTTP/1.1" 304 - "http://www.rockalypse.org/courses/fs102sp10/blog/rebecca-davis-presentation-.html" "Mozilla/5.0 (Macintosh; U; Intel Mac OS X 10_5_8; en-us) AppleWebKit/531.21.8 (KHTML, like Gecko) Sandvox"
24.239.62.50 - - [27/Jan/2010:11:21:10 +0000] "GET /courses/fs102sp10/images/cc-by-sa-nc.png HTTP/1.1" 304 - "http://www.rockalypse.org/courses/fs102sp10/blog/rebecca-davis-presentation-.html" "Mozilla/5.0 (Macintosh; U; Intel Mac OS X 10_5_8; en-us) AppleWebKit/531.21.8 (KHTML, like Gecko) Sandvox"
89.16.161.240 - - [27/Jan/2010:11:30:04 +0000] "GET /courses/cmpsc220sp10/blog/index.xml HTTP/1.1" 304 - "-" "rss2email/2.65 +http://www.aaronsw.com/2002/rss2email/"
89.16.161.240 - - [27/Jan/2010:11:30:04 +0000] "GET /courses/fs102sp10/blog/index.rss HTTP/1.1" 304 - "-" "rss2email/2.65 +http://www.aaronsw.com/2002/rss2email/"
67.195.37.176 - - [27/Jan/2010:11:37:03 +0000] "GET /courses/cmpsc220sp10/syllabus/office_hours.html HTTP/1.0" 200 2856 "-" "Mozilla/5.0 (compatible; Yahoo! Slurp/3.0; http://help.yahoo.com/help/us/ysearch/slurp)"
67.195.37.176 - - [27/Jan/2010:11:37:06 +0000] "GET /courses/cmpsc220sp10/_Resources/sandvox.css HTTP/1.0" 200 490 "http://www.rockalypse.org/courses/cmpsc220sp10/syllabus/office_hours.html" "Mozilla/5.0 (compatible; Yahoo! Slurp/3.0; http://help.yahoo.com/help/us/ysearch/slurp)"
67.195.37.176 - - [27/Jan/2010:11:37:08 +0000] "GET /courses/cmpsc220sp10/sandvox_DistinctionGreen/main.css HTTP/1.0" 200 2425 "http://www.rockalypse.org/courses/cmpsc220sp10/syllabus/office_hours.html" "Mozilla/5.0 (compatible; Yahoo! Slurp/3.0; http://help.yahoo.com/help/us/ysearch/slurp)"
67.195.37.176 - - [27/Jan/2010:11:37:11 +0000] "GET /courses/cmpsc220sp09/highlight/prettify.css HTTP/1.0" 304 - "http://www.rockalypse.org/courses/cmpsc220sp10/syllabus/office_hours.html" "Mozilla/5.0 (compatible; Yahoo! Slurp/3.0; http://help.yahoo.com/help/us/ysearch/slurp)"
89.16.161.240 - - [27/Jan/2010:11:40:03 +0000] "GET /courses/cmpsc220sp10/blog/index.xml HTTP/1.1" 304 - "-" "rss2email/2.65 +http://www.aaronsw.com/2002/rss2email/"
89.16.161.240 - - [27/Jan/2010:11:40:03 +0000] "GET /courses/fs102sp10/blog/index.rss HTTP/1.1" 304 - "-" "rss2email/2.65 +http://www.aaronsw.com/2002/rss2email/"
89.16.161.240 - - [27/Jan/2010:11:50:04 +0000] "GET /courses/cmpsc220sp10/blog/index.xml HTTP/1.1" 304 - "-" "rss2email/2.65 +http://www.aaronsw.com/2002/rss2email/"
89.16.161.240 - - [27/Jan/2010:11:50:04 +0000] "GET /courses/fs102sp10/blog/index.rss HTTP/1.1" 304 - "-" "rss2email/2.65 +http://www.aaronsw.com/2002/rss2email/"
89.16.161.240 - - [27/Jan/2010:12:00:04 +0000] "GET /courses/cmpsc220sp10/blog/index.xml HTTP/1.1" 304 - "-" "rss2email/2.65 +http://www.aaronsw.com/2002/rss2email/"
89.16.161.240 - - [27/Jan/2010:12:00:04 +0000] "GET /courses/fs102sp10/blog/index.rss HTTP/1.1" 304 - "-" "rss2email/2.65 +http://www.aaronsw.com/2002/rss2email/"
67.195.37.176 - - [27/Jan/2010:12:04:30 +0000] "GET /courses/cmpsc220sp09/syllabus/collaboration_and_the_honor.html HTTP/1.0" 200 3001 "-" "Mozilla/5.0 (compatible; Yahoo! Slurp/3.0; http://help.yahoo.com/help/us/ysearch/slurp)"
67.195.37.176 - - [27/Jan/2010:12:04:30 +0000] "GET /courses/cmpsc220sp09/_Resources/sandvox.css HTTP/1.0" 304 - "http://www.rockalypse.org/courses/cmpsc220sp09/syllabus/collaboration_and_the_honor.html" "Mozilla/5.0 (compatible; Yahoo! Slurp/3.0; http://help.yahoo.com/help/us/ysearch/slurp)"
67.195.37.176 - - [27/Jan/2010:12:04:31 +0000] "GET /courses/cmpsc220sp09/sandvox_Distinction/main.css HTTP/1.0" 304 - "http://www.rockalypse.org/courses/cmpsc220sp09/syllabus/collaboration_and_the_honor.html" "Mozilla/5.0 (compatible; Yahoo! Slurp/3.0; http://help.yahoo.com/help/us/ysearch/slurp)"
89.16.161.240 - - [27/Jan/2010:12:10:03 +0000] "GET /courses/cmpsc220sp10/blog/index.xml HTTP/1.1" 304 - "-" "rss2email/2.65 +http://www.aaronsw.com/2002/rss2email/"
89.16.161.240 - - [27/Jan/2010:12:10:03 +0000] "GET /courses/fs102sp10/blog/index.rss HTTP/1.1" 304 - "-" "rss2email/2.65 +http://www.aaronsw.com/2002/rss2email/"
89.16.161.240 - - [27/Jan/2010:12:20:03 +0000] "GET /courses/cmpsc220sp10/blog/index.xml HTTP/1.1" 304 - "-" "rss2email/2.65 +http://www.aaronsw.com/2002/rss2email/"
89.16.161.240 - - [27/Jan/2010:12:20:03 +0000] "GET /courses/fs102sp10/blog/index.rss HTTP/1.1" 304 - "-" "rss2email/2.65 +http://www.aaronsw.com/2002/rss2email/"
130.234.206.97 - - [27/Jan/2010:12:29:28 +0000] "GET /courses/cmpsc220sp09/_Media/firefly_objects_in_space-2.png HTTP/1.1" 200 139090 "http://www.twilightsucks.com/forum/phpBB3/viewtopic.php?f=36&t=102&sid=fc2b410f859128e551b07321ec4b462b&start=175" "Mozilla/5.0 (Windows; U; Windows NT 5.1; fi; rv:1.9.1.7) Gecko/20091221 Firefox/3.5.7 (.NET CLR 3.5.30729)"
89.16.161.240 - - [27/Jan/2010:12:30:03 +0000] "GET /courses/cmpsc220sp10/blog/index.xml HTTP/1.1" 304 - "-" "rss2email/2.65 +http://www.aaronsw.com/2002/rss2email/"
89.16.161.240 - - [27/Jan/2010:12:30:03 +0000] "GET /courses/fs102sp10/blog/index.rss HTTP/1.1" 304 - "-" "rss2email/2.65 +http://www.aaronsw.com/2002/rss2email/"
89.16.161.240 - - [27/Jan/2010:12:40:04 +0000] "GET /courses/cmpsc220sp10/blog/index.xml HTTP/1.1" 304 - "-" "rss2email/2.65 +http://www.aaronsw.com/2002/rss2email/"
89.16.161.240 - - [27/Jan/2010:12:40:04 +0000] "GET /courses/fs102sp10/blog/index.rss HTTP/1.1" 304 - "-" "rss2email/2.65 +http://www.aaronsw.com/2002/rss2email/"
84.104.197.57 - - [27/Jan/2010:12:42:26 +0000] "GET /courses/cmpsc220sp09/_Media/firefly_objects_in_space-2.png HTTP/1.1" 200 139090 "http://www.twilightsucks.com/forum/phpBB3/viewtopic.php?f=39&t=16744" "Mozilla/4.0 (compatible; MSIE 8.0; Windows NT 6.1; WOW64; Trident/4.0; SLCC2; .NET CLR 2.0.50727; .NET CLR 3.5.30729; .NET CLR 3.0.30729; Media Center PC 6.0; Creative AutoUpdate v1.40.01)"
141.195.151.54 - - [27/Jan/2010:12:45:37 +0000] "GET /courses/cmpsc220sp10/ HTTP/1.1" 200 3880 "-" "Mozilla/5.0 (Windows; U; Windows NT 5.1; en-US; rv:1.9.1.7) Gecko/20091221 Firefox/3.5.7 (.NET CLR 3.5.30729)"
141.195.151.54 - - [27/Jan/2010:12:45:37 +0000] "GET /courses/cmpsc220sp09/highlight/lang-lisp.js HTTP/1.1" 200 1679 "http://www.rockalypse.org/courses/cmpsc220sp10/" "Mozilla/5.0 (Windows; U; Windows NT 5.1; en-US; rv:1.9.1.7) Gecko/20091221 Firefox/3.5.7 (.NET CLR 3.5.30729)"
141.195.151.54 - - [27/Jan/2010:12:45:37 +0000] "GET /courses/cmpsc220sp10/_Media/freeduino-2.ico HTTP/1.1" 200 584 "-" "Mozilla/5.0 (Windows; U; Windows NT 5.1; en-US; rv:1.9.1.7) Gecko/20091221 Firefox/3.5.7 (.NET CLR 3.5.30729)"
141.195.151.54 - - [27/Jan/2010:12:45:37 +0000] "GET /courses/cmpsc220sp10/_Resources/sandvox.css HTTP/1.1" 200 490 "http://www.rockalypse.org/courses/cmpsc220sp10/" "Mozilla/5.0 (Windows; U; Windows NT 5.1; en-US; rv:1.9.1.7) Gecko/20091221 Firefox/3.5.7 (.NET CLR 3.5.30729)"
141.195.151.54 - - [27/Jan/2010:12:45:37 +0000] "GET /courses/cmpsc220sp10/sandvox_DistinctionGreen/main.css HTTP/1.1" 200 2425 "http://www.rockalypse.org/courses/cmpsc220sp10/" "Mozilla/5.0 (Windows; U; Windows NT 5.1; en-US; rv:1.9.1.7) Gecko/20091221 Firefox/3.5.7 (.NET CLR 3.5.30729)"
141.195.151.54 - - [27/Jan/2010:12:45:37 +0000] "GET /courses/cmpsc220sp09/highlight/prettify.css HTTP/1.1" 200 214 "http://www.rockalypse.org/courses/cmpsc220sp10/" "Mozilla/5.0 (Windows; U; Windows NT 5.1; en-US; rv:1.9.1.7) Gecko/20091221 Firefox/3.5.7 (.NET CLR 3.5.30729)"
141.195.151.54 - - [27/Jan/2010:12:45:37 +0000] "GET /courses/cmpsc220sp09/highlight/prettify.js HTTP/1.1" 200 5139 "http://www.rockalypse.org/courses/cmpsc220sp10/" "Mozilla/5.0 (Windows; U; Windows NT 5.1; en-US; rv:1.9.1.7) Gecko/20091221 Firefox/3.5.7 (.NET CLR 3.5.30729)"
141.195.151.54 - - [27/Jan/2010:12:45:37 +0000] "GET /courses/cmpsc220sp10/_Media/freeduino-2.png HTTP/1.1" 200 38896 "http://www.rockalypse.org/courses/cmpsc220sp10/" "Mozilla/5.0 (Windows; U; Windows NT 5.1; en-US; rv:1.9.1.7) Gecko/20091221 Firefox/3.5.7 (.NET CLR 3.5.30729)"
141.195.151.54 - - [27/Jan/2010:12:45:37 +0000] "GET /courses/cmpsc220sp10/_Media/20090110-language-poster-3.png HTTP/1.1" 200 65490 "http://www.rockalypse.org/courses/cmpsc220sp10/" "Mozilla/5.0 (Windows; U; Windows NT 5.1; en-US; rv:1.9.1.7) Gecko/20091221 Firefox/3.5.7 (.NET CLR 3.5.30729)"
141.195.151.54 - - [27/Jan/2010:12:45:39 +0000] "GET /courses/cmpsc220sp10/blog/ HTTP/1.1" 200 8179 "http://www.rockalypse.org/courses/cmpsc220sp10/" "Mozilla/5.0 (Windows; U; Windows NT 5.1; en-US; rv:1.9.1.7) Gecko/20091221 Firefox/3.5.7 (.NET CLR 3.5.30729)"
141.195.151.54 - - [27/Jan/2010:12:45:39 +0000] "GET /courses/cmpsc220sp10/_Resources/rssbadge.css HTTP/1.1" 200 225 "http://www.rockalypse.org/courses/cmpsc220sp10/blog/" "Mozilla/5.0 (Windows; U; Windows NT 5.1; en-US; rv:1.9.1.7) Gecko/20091221 Firefox/3.5.7 (.NET CLR 3.5.30729)"
141.195.151.54 - - [27/Jan/2010:12:45:40 +0000] "GET /courses/cmpsc220sp10/_Resources/rss.gif HTTP/1.1" 200 120 "http://www.rockalypse.org/courses/cmpsc220sp10/blog/" "Mozilla/5.0 (Windows; U; Windows NT 5.1; en-US; rv:1.9.1.7) Gecko/20091221 Firefox/3.5.7 (.NET CLR 3.5.30729)"
141.195.151.54 - - [27/Jan/2010:12:45:40 +0000] "GET /courses/cmpsc220sp10/_Media/pastedgraphic-17.png HTTP/1.1" 200 23549 "http://www.rockalypse.org/courses/cmpsc220sp10/blog/" "Mozilla/5.0 (Windows; U; Windows NT 5.1; en-US; rv:1.9.1.7) Gecko/20091221 Firefox/3.5.7 (.NET CLR 3.5.30729)"
141.195.151.54 - - [27/Jan/2010:12:45:40 +0000] "GET /courses/cmpsc220sp10/_Media/erlang-logo-2.png HTTP/1.1" 200 24294 "http://www.rockalypse.org/courses/cmpsc220sp10/blog/" "Mozilla/5.0 (Windows; U; Windows NT 5.1; en-US; rv:1.9.1.7) Gecko/20091221 Firefox/3.5.7 (.NET CLR 3.5.30729)"
141.195.151.54 - - [27/Jan/2010:12:45:40 +0000] "GET /courses/cmpsc220sp10/_Media/20100122_concurrency_cc.png HTTP/1.1" 200 12335 "http://www.rockalypse.org/courses/cmpsc220sp10/blog/" "Mozilla/5.0 (Windows; U; Windows NT 5.1; en-US; rv:1.9.1.7) Gecko/20091221 Firefox/3.5.7 (.NET CLR 3.5.30729)"
141.195.151.54 - - [27/Jan/2010:12:45:40 +0000] "GET /courses/cmpsc220sp10/_Media/plt_206_3.png HTTP/1.1" 200 28489 "http://www.rockalypse.org/courses/cmpsc220sp10/blog/" "Mozilla/5.0 (Windows; U; Windows NT 5.1; en-US; rv:1.9.1.7) Gecko/20091221 Firefox/3.5.7 (.NET CLR 3.5.30729)"
141.195.151.54 - - [27/Jan/2010:12:45:40 +0000] "GET /courses/cmpsc220sp10/images/creativity-trend.png HTTP/1.1" 200 50821 "http://www.rockalypse.org/courses/cmpsc220sp10/blog/" "Mozilla/5.0 (Windows; U; Windows NT 5.1; en-US; rv:1.9.1.7) Gecko/20091221 Firefox/3.5.7 (.NET CLR 3.5.30729)"
141.195.151.54 - - [27/Jan/2010:12:45:40 +0000] "GET /courses/cmpsc220sp10/_Media/python_cover-2.png HTTP/1.1" 200 172919 "http://www.rockalypse.org/courses/cmpsc220sp10/blog/" "Mozilla/5.0 (Windows; U; Windows NT 5.1; en-US; rv:1.9.1.7) Gecko/20091221 Firefox/3.5.7 (.NET CLR 3.5.30729)"
89.16.161.240 - - [27/Jan/2010:12:50:03 +0000] "GET /courses/cmpsc220sp10/blog/index.xml HTTP/1.1" 304 - "-" "rss2email/2.65 +http://www.aaronsw.com/2002/rss2email/"
89.16.161.240 - - [27/Jan/2010:12:50:03 +0000] "GET /courses/fs102sp10/blog/index.rss HTTP/1.1" 304 - "-" "rss2email/2.65 +http://www.aaronsw.com/2002/rss2email/"
141.195.132.129 - - [27/Jan/2010:12:51:18 +0000] "GET / HTTP/1.1" 200 3806 "-" "Mozilla/5.0 (Macintosh; U; Intel Mac OS X 10.6; en-US; rv:1.9.1.7) Gecko/20091221 Firefox/3.5.7"
141.195.132.129 - - [27/Jan/2010:12:51:19 +0000] "GET /_Media/32favicon-2.ico HTTP/1.1" 200 504 "-" "Mozilla/5.0 (Macintosh; U; Intel Mac OS X 10.6; en-US; rv:1.9.1.7) Gecko/20091221 Firefox/3.5.7"
141.195.132.129 - - [27/Jan/2010:12:51:19 +0000] "GET /_Resources/sandvox.css HTTP/1.1" 200 490 "http://www.rockalypse.org/" "Mozilla/5.0 (Macintosh; U; Intel Mac OS X 10.6; en-US; rv:1.9.1.7) Gecko/20091221 Firefox/3.5.7"
141.195.132.129 - - [27/Jan/2010:12:51:19 +0000] "GET /sandvox_Imagine/main.css HTTP/1.1" 200 3654 "http://www.rockalypse.org/" "Mozilla/5.0 (Macintosh; U; Intel Mac OS X 10.6; en-US; rv:1.9.1.7) Gecko/20091221 Firefox/3.5.7"
141.195.132.129 - - [27/Jan/2010:12:51:19 +0000] "GET /sandvox_Imagine/background.png HTTP/1.1" 200 598 "http://www.rockalypse.org/sandvox_Imagine/main.css" "Mozilla/5.0 (Macintosh; U; Intel Mac OS X 10.6; en-US; rv:1.9.1.7) Gecko/20091221 Firefox/3.5.7"
141.195.132.129 - - [27/Jan/2010:12:51:19 +0000] "GET /sandvox_Imagine/sidebarbackground.gif HTTP/1.1" 200 166 "http://www.rockalypse.org/sandvox_Imagine/main.css" "Mozilla/5.0 (Macintosh; U; Intel Mac OS X 10.6; en-US; rv:1.9.1.7) Gecko/20091221 Firefox/3.5.7"
141.195.132.129 - - [27/Jan/2010:12:51:19 +0000] "GET /_Media/lordi-3.png HTTP/1.1" 200 80544 "http://www.rockalypse.org/" "Mozilla/5.0 (Macintosh; U; Intel Mac OS X 10.6; en-US; rv:1.9.1.7) Gecko/20091221 Firefox/3.5.7"
141.195.132.129 - - [27/Jan/2010:12:51:19 +0000] "GET /_Media/lego-banner-3.png HTTP/1.1" 200 459369 "http://www.rockalypse.org/sandvox_Imagine/main.css" "Mozilla/5.0 (Macintosh; U; Intel Mac OS X 10.6; en-US; rv:1.9.1.7) Gecko/20091221 Firefox/3.5.7"
141.195.132.129 - - [27/Jan/2010:12:51:52 +0000] "GET /courses/fs102sp10/to-do/free-culture-intro.html HTTP/1.1" 200 2889 "-" "Mozilla/5.0 (Macintosh; U; Intel Mac OS X 10.6; en-US; rv:1.9.1.7) Gecko/20091221 Firefox/3.5.7"
141.195.132.129 - - [27/Jan/2010:12:51:52 +0000] "GET /courses/fs102sp10/_Media/32favicon.ico HTTP/1.1" 200 498 "-" "Mozilla/5.0 (Macintosh; U; Intel Mac OS X 10.6; en-US; rv:1.9.1.7) Gecko/20091221 Firefox/3.5.7"
141.195.132.129 - - [27/Jan/2010:12:51:52 +0000] "GET /courses/fs102sp10/_Resources/sandvox.css HTTP/1.1" 200 490 "http://www.rockalypse.org/courses/fs102sp10/to-do/free-culture-intro.html" "Mozilla/5.0 (Macintosh; U; Intel Mac OS X 10.6; en-US; rv:1.9.1.7) Gecko/20091221 Firefox/3.5.7"
141.195.132.129 - - [27/Jan/2010:12:51:52 +0000] "GET /courses/fs102sp10/sandvox_Red/main.css HTTP/1.1" 200 2234 "http://www.rockalypse.org/courses/fs102sp10/to-do/free-culture-intro.html" "Mozilla/5.0 (Macintosh; U; Intel Mac OS X 10.6; en-US; rv:1.9.1.7) Gecko/20091221 Firefox/3.5.7"
141.195.132.129 - - [27/Jan/2010:12:51:52 +0000] "GET /courses/fs102sp10/_Media/pastedimage.png HTTP/1.1" 200 9609 "http://www.rockalypse.org/courses/fs102sp10/sandvox_Red/main.css" "Mozilla/5.0 (Macintosh; U; Intel Mac OS X 10.6; en-US; rv:1.9.1.7) Gecko/20091221 Firefox/3.5.7"
141.195.132.129 - - [27/Jan/2010:12:51:53 +0000] "GET /courses/fs102sp10/images/cc-by-sa-nc.png HTTP/1.1" 200 697 "http://www.rockalypse.org/courses/fs102sp10/to-do/free-culture-intro.html" "Mozilla/5.0 (Macintosh; U; Intel Mac OS X 10.6; en-US; rv:1.9.1.7) Gecko/20091221 Firefox/3.5.7"
141.195.132.129 - - [27/Jan/2010:12:52:03 +0000] "GET /courses/fs102sp10/resources/freeculture.pdf HTTP/1.1" 200 2130141 "http://www.rockalypse.org/courses/fs102sp10/to-do/free-culture-intro.html" "Mozilla/5.0 (Macintosh; U; Intel Mac OS X 10.6; en-US; rv:1.9.1.7) Gecko/20091221 Firefox/3.5.7"
66.249.65.153 - - [27/Jan/2010:12:54:47 +0000] "GET /courses/fs102sp10/sitemap.xml.gz HTTP/1.1" 200 562 "-" "Mozilla/5.0 (compatible; Googlebot/2.1; +http://www.google.com/bot.html)"
89.16.161.240 - - [27/Jan/2010:13:00:05 +0000] "GET /courses/cmpsc220sp10/blog/index.xml HTTP/1.1" 304 - "-" "rss2email/2.65 +http://www.aaronsw.com/2002/rss2email/"
89.16.161.240 - - [27/Jan/2010:13:00:05 +0000] "GET /courses/fs102sp10/blog/index.rss HTTP/1.1" 304 - "-" "rss2email/2.65 +http://www.aaronsw.com/2002/rss2email/"
91.154.56.87 - - [27/Jan/2010:13:01:15 +0000] "GET /courses/cmpsc220sp09/_Media/firefly_objects_in_space-2.png HTTP/1.1" 200 139090 "http://www.twilightsucks.com/forum/phpBB3/viewtopic.php?f=36&t=102&start=175" "Mozilla/5.0 (Windows; U; Windows NT 6.0; fi; rv:1.9.1.7) Gecko/20091221 Firefox/3.5.7 (.NET CLR 3.5.30729)"
89.16.161.240 - - [27/Jan/2010:13:10:03 +0000] "GET /courses/cmpsc220sp10/blog/index.xml HTTP/1.1" 304 - "-" "rss2email/2.65 +http://www.aaronsw.com/2002/rss2email/"
89.16.161.240 - - [27/Jan/2010:13:10:03 +0000] "GET /courses/fs102sp10/blog/index.rss HTTP/1.1" 304 - "-" "rss2email/2.65 +http://www.aaronsw.com/2002/rss2email/"
