77.88.29.248 - - [27/Jan/2010:13:10:29 +0000] "GET / HTTP/1.1" 200 3806 "-" "Yandex/1.01.001 (compatible; Win16; I)"
66.249.65.153 - - [27/Jan/2010:13:13:57 +0000] "GET /courses/cmpsc220sp10/sitemap.xml.gz HTTP/1.1" 200 1167 "-" "Mozilla/5.0 (compatible; Googlebot/2.1; +http://www.google.com/bot.html)"
89.16.161.240 - - [27/Jan/2010:13:20:04 +0000] "GET /courses/cmpsc220sp10/blog/index.xml HTTP/1.1" 304 - "-" "rss2email/2.65 +http://www.aaronsw.com/2002/rss2email/"
89.16.161.240 - - [27/Jan/2010:13:20:04 +0000] "GET /courses/fs102sp10/blog/index.rss HTTP/1.1" 304 - "-" "rss2email/2.65 +http://www.aaronsw.com/2002/rss2email/"
67.195.37.176 - - [27/Jan/2010:13:27:39 +0000] "GET /courses/fs101f09/to_do/comedy_in_translation.html HTTP/1.0" 200 3131 "-" "Mozilla/5.0 (compatible; Yahoo! Slurp/3.0; http://help.yahoo.com/help/us/ysearch/slurp)"
67.195.37.176 - - [27/Jan/2010:13:27:41 +0000] "GET /courses/fs101f09/_Resources/sandvox.css HTTP/1.0" 200 450 "http://www.rockalypse.org/courses/fs101f09/to_do/comedy_in_translation.html" "Mozilla/5.0 (compatible; Yahoo! Slurp/3.0; http://help.yahoo.com/help/us/ysearch/slurp)"
67.195.37.176 - - [27/Jan/2010:13:27:42 +0000] "GET /courses/fs101f09/sandvox_Allegheny/main.css HTTP/1.0" 200 2357 "http://www.rockalypse.org/courses/fs101f09/to_do/comedy_in_translation.html" "Mozilla/5.0 (compatible; Yahoo! Slurp/3.0; http://help.yahoo.com/help/us/ysearch/slurp)"
89.16.161.240 - - [27/Jan/2010:13:30:04 +0000] "GET /courses/cmpsc220sp10/blog/index.xml HTTP/1.1" 304 - "-" "rss2email/2.65 +http://www.aaronsw.com/2002/rss2email/"
89.16.161.240 - - [27/Jan/2010:13:30:04 +0000] "GET /courses/fs102sp10/blog/index.rss HTTP/1.1" 304 - "-" "rss2email/2.65 +http://www.aaronsw.com/2002/rss2email/"
67.195.37.176 - - [27/Jan/2010:13:37:40 +0000] "GET /courses/cmpsc220sp10/syllabus/contact.html HTTP/1.0" 200 3100 "-" "Mozilla/5.0 (compatible; Yahoo! Slurp/3.0; http://help.yahoo.com/help/us/ysearch/slurp)"
89.16.161.240 - - [27/Jan/2010:13:40:04 +0000] "GET /courses/cmpsc220sp10/blog/index.xml HTTP/1.1" 304 - "-" "rss2email/2.65 +http://www.aaronsw.com/2002/rss2email/"
89.16.161.240 - - [27/Jan/2010:13:40:04 +0000] "GET /courses/fs102sp10/blog/index.rss HTTP/1.1" 304 - "-" "rss2email/2.65 +http://www.aaronsw.com/2002/rss2email/"
141.195.226.218 - - [27/Jan/2010:13:45:48 +0000] "GET /favicon.ico HTTP/1.1" 404 361 "http://www.rockalypse.org/courses/cmpsc220sp10/" "Mozilla/5.0 (Macintosh; U; Intel Mac OS X 10_5_8; en-us) AppleWebKit/531.21.8 (KHTML, like Gecko) Sandvox"
141.195.226.218 - - [27/Jan/2010:13:45:52 +0000] "GET /courses/cmpsc220sp09/highlight/prettify.css HTTP/1.1" 304 - "http://www.rockalypse.org/courses/cmpsc220sp10/untitled-text.html" "Mozilla/5.0 (Macintosh; U; Intel Mac OS X 10_5_8; en-us) AppleWebKit/531.21.8 (KHTML, like Gecko) Sandvox"
141.195.226.218 - - [27/Jan/2010:13:45:52 +0000] "GET /courses/cmpsc220sp09/highlight/prettify.js HTTP/1.1" 304 - "http://www.rockalypse.org/courses/cmpsc220sp10/untitled-text.html" "Mozilla/5.0 (Macintosh; U; Intel Mac OS X 10_5_8; en-us) AppleWebKit/531.21.8 (KHTML, like Gecko) Sandvox"
141.195.226.218 - - [27/Jan/2010:13:45:54 +0000] "GET /courses/cmpsc220sp09/highlight/prettify.css HTTP/1.1" 304 - "http://www.rockalypse.org/courses/cmpsc220sp10/protected/" "Mozilla/5.0 (Macintosh; U; Intel Mac OS X 10_5_8; en-us) AppleWebKit/531.21.8 (KHTML, like Gecko) Sandvox"
141.195.226.218 - - [27/Jan/2010:13:45:54 +0000] "GET /courses/cmpsc220sp09/highlight/prettify.js HTTP/1.1" 304 - "http://www.rockalypse.org/courses/cmpsc220sp10/protected/" "Mozilla/5.0 (Macintosh; U; Intel Mac OS X 10_5_8; en-us) AppleWebKit/531.21.8 (KHTML, like Gecko) Sandvox"
141.195.226.218 - - [27/Jan/2010:13:45:56 +0000] "GET /courses/cmpsc220sp09/highlight/prettify.js HTTP/1.1" 304 - "http://www.rockalypse.org/courses/cmpsc220sp10/blog/" "Mozilla/5.0 (Macintosh; U; Intel Mac OS X 10_5_8; en-us) AppleWebKit/531.21.8 (KHTML, like Gecko) Sandvox"
141.195.226.218 - - [27/Jan/2010:13:45:56 +0000] "GET /courses/cmpsc220sp09/highlight/prettify.css HTTP/1.1" 304 - "http://www.rockalypse.org/courses/cmpsc220sp10/blog/" "Mozilla/5.0 (Macintosh; U; Intel Mac OS X 10_5_8; en-us) AppleWebKit/531.21.8 (KHTML, like Gecko) Sandvox"
141.195.226.218 - - [27/Jan/2010:13:45:56 +0000] "GET /courses/cmpsc220sp10/images/creativity-trend.png HTTP/1.1" 200 50821 "http://www.rockalypse.org/courses/cmpsc220sp10/blog/" "Mozilla/5.0 (Macintosh; U; Intel Mac OS X 10_5_8; en-us) AppleWebKit/531.21.8 (KHTML, like Gecko) Sandvox"
141.195.226.218 - - [27/Jan/2010:13:45:58 +0000] "GET /courses/cmpsc220sp09/highlight/prettify.css HTTP/1.1" 304 - "http://www.rockalypse.org/courses/cmpsc220sp10/blog/untitled-text.html" "Mozilla/5.0 (Macintosh; U; Intel Mac OS X 10_5_8; en-us) AppleWebKit/531.21.8 (KHTML, like Gecko) Sandvox"
141.195.226.218 - - [27/Jan/2010:13:45:58 +0000] "GET /courses/cmpsc220sp09/highlight/prettify.js HTTP/1.1" 304 - "http://www.rockalypse.org/courses/cmpsc220sp10/blog/untitled-text.html" "Mozilla/5.0 (Macintosh; U; Intel Mac OS X 10_5_8; en-us) AppleWebKit/531.21.8 (KHTML, like Gecko) Sandvox"
141.195.226.218 - - [27/Jan/2010:13:48:18 +0000] "GET /courses/cmpsc220sp09/highlight/prettify.css HTTP/1.1" 304 - "http://www.rockalypse.org/courses/cmpsc220sp10/blog/google-docs.html" "Mozilla/5.0 (Macintosh; U; Intel Mac OS X 10_5_8; en-us) AppleWebKit/531.21.8 (KHTML, like Gecko) Sandvox"
141.195.226.218 - - [27/Jan/2010:13:48:18 +0000] "GET /courses/cmpsc220sp09/highlight/prettify.js HTTP/1.1" 304 - "http://www.rockalypse.org/courses/cmpsc220sp10/blog/google-docs.html" "Mozilla/5.0 (Macintosh; U; Intel Mac OS X 10_5_8; en-us) AppleWebKit/531.21.8 (KHTML, like Gecko) Sandvox"
66.249.65.153 - - [27/Jan/2010:13:48:41 +0000] "GET /courses/cmpsc220sp10/sitemap.xml.gz HTTP/1.1" 200 1184 "-" "Mozilla/5.0 (compatible; Googlebot/2.1; +http://www.google.com/bot.html)"
89.16.161.240 - - [27/Jan/2010:13:50:04 +0000] "GET /courses/cmpsc220sp10/blog/index.xml HTTP/1.1" 200 3056 "-" "rss2email/2.65 +http://www.aaronsw.com/2002/rss2email/"
89.16.161.240 - - [27/Jan/2010:13:50:04 +0000] "GET /courses/fs102sp10/blog/index.rss HTTP/1.1" 304 - "-" "rss2email/2.65 +http://www.aaronsw.com/2002/rss2email/"
141.195.226.126 - - [27/Jan/2010:13:51:29 +0000] "GET /courses/cmpsc220sp10/principles.html HTTP/1.1" 200 3725 "-" "Mozilla/5.0 (X11; U; Linux i686; en-US; rv:1.9.0.17) Gecko/2010010604 Ubuntu/8.04 (hardy) Firefox/3.0.17"
141.195.226.126 - - [27/Jan/2010:13:51:29 +0000] "GET /courses/cmpsc220sp10/_Resources/sandvox.css HTTP/1.1" 200 490 "http://www.rockalypse.org/courses/cmpsc220sp10/principles.html" "Mozilla/5.0 (X11; U; Linux i686; en-US; rv:1.9.0.17) Gecko/2010010604 Ubuntu/8.04 (hardy) Firefox/3.0.17"
141.195.226.126 - - [27/Jan/2010:13:51:29 +0000] "GET /courses/cmpsc220sp10/sandvox_DistinctionGreen/main.css HTTP/1.1" 200 2425 "http://www.rockalypse.org/courses/cmpsc220sp10/principles.html" "Mozilla/5.0 (X11; U; Linux i686; en-US; rv:1.9.0.17) Gecko/2010010604 Ubuntu/8.04 (hardy) Firefox/3.0.17"
141.195.226.126 - - [27/Jan/2010:13:51:29 +0000] "GET /courses/cmpsc220sp09/highlight/prettify.css HTTP/1.1" 200 214 "http://www.rockalypse.org/courses/cmpsc220sp10/principles.html" "Mozilla/5.0 (X11; U; Linux i686; en-US; rv:1.9.0.17) Gecko/2010010604 Ubuntu/8.04 (hardy) Firefox/3.0.17"
141.195.226.126 - - [27/Jan/2010:13:51:29 +0000] "GET /courses/cmpsc220sp09/highlight/prettify.js HTTP/1.1" 200 5139 "http://www.rockalypse.org/courses/cmpsc220sp10/principles.html" "Mozilla/5.0 (X11; U; Linux i686; en-US; rv:1.9.0.17) Gecko/2010010604 Ubuntu/8.04 (hardy) Firefox/3.0.17"
141.195.226.126 - - [27/Jan/2010:13:51:29 +0000] "GET /courses/cmpsc220sp09/highlight/lang-lisp.js HTTP/1.1" 200 1679 "http://www.rockalypse.org/courses/cmpsc220sp10/principles.html" "Mozilla/5.0 (X11; U; Linux i686; en-US; rv:1.9.0.17) Gecko/2010010604 Ubuntu/8.04 (hardy) Firefox/3.0.17"
141.195.226.126 - - [27/Jan/2010:13:51:29 +0000] "GET /courses/cmpsc220sp10/_Media/piet.gif HTTP/1.1" 200 19058 "http://www.rockalypse.org/courses/cmpsc220sp10/principles.html" "Mozilla/5.0 (X11; U; Linux i686; en-US; rv:1.9.0.17) Gecko/2010010604 Ubuntu/8.04 (hardy) Firefox/3.0.17"
141.195.226.126 - - [27/Jan/2010:13:51:29 +0000] "GET /courses/cmpsc220sp10/_Media/freeduino-2.png HTTP/1.1" 200 38896 "http://www.rockalypse.org/courses/cmpsc220sp10/principles.html" "Mozilla/5.0 (X11; U; Linux i686; en-US; rv:1.9.0.17) Gecko/2010010604 Ubuntu/8.04 (hardy) Firefox/3.0.17"
141.195.226.126 - - [27/Jan/2010:13:51:29 +0000] "GET /courses/cmpsc220sp10/_Media/seymour-2.png HTTP/1.1" 200 55417 "http://www.rockalypse.org/courses/cmpsc220sp10/principles.html" "Mozilla/5.0 (X11; U; Linux i686; en-US; rv:1.9.0.17) Gecko/2010010604 Ubuntu/8.04 (hardy) Firefox/3.0.17"
141.195.226.126 - - [27/Jan/2010:13:51:30 +0000] "GET /courses/cmpsc220sp10/_Media/freeduino-2.ico HTTP/1.1" 200 584 "-" "Mozilla/5.0 (X11; U; Linux i686; en-US; rv:1.9.0.17) Gecko/2010010604 Ubuntu/8.04 (hardy) Firefox/3.0.17"
141.195.226.3 - - [27/Jan/2010:13:53:40 +0000] "GET /courses/cmpsc220sp10/_Media/freeduino.ico HTTP/1.1" 304 - "-" "Mozilla/5.0 (X11; U; Linux i686; en-US; rv:1.9.0.17) Gecko/2010010604 Ubuntu/8.04 (hardy) Firefox/3.0.17"
141.195.226.125 - - [27/Jan/2010:13:54:00 +0000] "GET /courses/cmpsc220sp10/ HTTP/1.1" 200 3880 "-" "Mozilla/5.0 (X11; U; Linux i686; en-US; rv:1.9.0.17) Gecko/2010010604 Ubuntu/8.04 (hardy) Firefox/3.0.17"
141.195.226.125 - - [27/Jan/2010:13:54:00 +0000] "GET /courses/cmpsc220sp10/_Resources/sandvox.css HTTP/1.1" 200 490 "http://www.rockalypse.org/courses/cmpsc220sp10/" "Mozilla/5.0 (X11; U; Linux i686; en-US; rv:1.9.0.17) Gecko/2010010604 Ubuntu/8.04 (hardy) Firefox/3.0.17"
141.195.226.125 - - [27/Jan/2010:13:54:00 +0000] "GET /courses/cmpsc220sp10/sandvox_DistinctionGreen/main.css HTTP/1.1" 304 - "http://www.rockalypse.org/courses/cmpsc220sp10/" "Mozilla/5.0 (X11; U; Linux i686; en-US; rv:1.9.0.17) Gecko/2010010604 Ubuntu/8.04 (hardy) Firefox/3.0.17"
141.195.226.125 - - [27/Jan/2010:13:54:00 +0000] "GET /courses/cmpsc220sp10/_Media/freeduino-2.png HTTP/1.1" 304 - "http://www.rockalypse.org/courses/cmpsc220sp10/" "Mozilla/5.0 (X11; U; Linux i686; en-US; rv:1.9.0.17) Gecko/2010010604 Ubuntu/8.04 (hardy) Firefox/3.0.17"
141.195.226.125 - - [27/Jan/2010:13:54:01 +0000] "GET /courses/cmpsc220sp10/_Media/20090110-language-poster-3.png HTTP/1.1" 304 - "http://www.rockalypse.org/courses/cmpsc220sp10/" "Mozilla/5.0 (X11; U; Linux i686; en-US; rv:1.9.0.17) Gecko/2010010604 Ubuntu/8.04 (hardy) Firefox/3.0.17"
141.195.226.125 - - [27/Jan/2010:13:54:03 +0000] "GET /courses/cmpsc220sp10/_Media/freeduino-2.ico HTTP/1.1" 304 - "-" "Mozilla/5.0 (X11; U; Linux i686; en-US; rv:1.9.0.17) Gecko/2010010604 Ubuntu/8.04 (hardy) Firefox/3.0.17"
141.195.226.125 - - [27/Jan/2010:13:54:21 +0000] "GET /courses/cmpsc220sp10/to_do/ HTTP/1.1" 200 4937 "http://www.rockalypse.org/courses/cmpsc220sp10/" "Mozilla/5.0 (X11; U; Linux i686; en-US; rv:1.9.0.17) Gecko/2010010604 Ubuntu/8.04 (hardy) Firefox/3.0.17"
141.195.226.125 - - [27/Jan/2010:13:54:22 +0000] "GET /courses/cmpsc220sp10/_Media/h.png HTTP/1.1" 304 - "http://www.rockalypse.org/courses/cmpsc220sp10/to_do/" "Mozilla/5.0 (X11; U; Linux i686; en-US; rv:1.9.0.17) Gecko/2010010604 Ubuntu/8.04 (hardy) Firefox/3.0.17"
141.195.226.125 - - [27/Jan/2010:13:55:01 +0000] "GET /courses/cmpsc220sp10/resources/ HTTP/1.1" 200 3920 "http://www.rockalypse.org/courses/cmpsc220sp10/to_do/" "Mozilla/5.0 (X11; U; Linux i686; en-US; rv:1.9.0.17) Gecko/2010010604 Ubuntu/8.04 (hardy) Firefox/3.0.17"
141.195.226.125 - - [27/Jan/2010:13:55:01 +0000] "GET /courses/cmpsc220sp10/_Resources/sandvox.css HTTP/1.1" 304 - "http://www.rockalypse.org/courses/cmpsc220sp10/resources/" "Mozilla/5.0 (X11; U; Linux i686; en-US; rv:1.9.0.17) Gecko/2010010604 Ubuntu/8.04 (hardy) Firefox/3.0.17"
141.195.226.125 - - [27/Jan/2010:13:55:01 +0000] "GET /courses/cmpsc220sp10/_Resources/DownloadIndex.css HTTP/1.1" 200 130 "http://www.rockalypse.org/courses/cmpsc220sp10/resources/" "Mozilla/5.0 (X11; U; Linux i686; en-US; rv:1.9.0.17) Gecko/2010010604 Ubuntu/8.04 (hardy) Firefox/3.0.17"
141.195.226.125 - - [27/Jan/2010:13:55:02 +0000] "GET /courses/cmpsc220sp10/_Media/steal-your-face-plt-5.png HTTP/1.1" 200 9202 "http://www.rockalypse.org/courses/cmpsc220sp10/resources/" "Mozilla/5.0 (X11; U; Linux i686; en-US; rv:1.9.0.17) Gecko/2010010604 Ubuntu/8.04 (hardy) Firefox/3.0.17"
141.195.226.125 - - [27/Jan/2010:13:55:02 +0000] "GET /courses/cmpsc220sp10/_Media/htdp-6.png HTTP/1.1" 200 7077 "http://www.rockalypse.org/courses/cmpsc220sp10/resources/" "Mozilla/5.0 (X11; U; Linux i686; en-US; rv:1.9.0.17) Gecko/2010010604 Ubuntu/8.04 (hardy) Firefox/3.0.17"
141.195.226.125 - - [27/Jan/2010:13:55:02 +0000] "GET /courses/cmpsc220sp10/_Media/tspl-cover-5.png HTTP/1.1" 200 10743 "http://www.rockalypse.org/courses/cmpsc220sp10/resources/" "Mozilla/5.0 (X11; U; Linux i686; en-US; rv:1.9.0.17) Gecko/2010010604 Ubuntu/8.04 (hardy) Firefox/3.0.17"
141.195.226.125 - - [27/Jan/2010:13:55:02 +0000] "GET /courses/cmpsc220sp10/_Media/20090109-tysifnd-5.png HTTP/1.1" 200 3440 "http://www.rockalypse.org/courses/cmpsc220sp10/resources/" "Mozilla/5.0 (X11; U; Linux i686; en-US; rv:1.9.0.17) Gecko/2010010604 Ubuntu/8.04 (hardy) Firefox/3.0.17"
141.195.226.125 - - [27/Jan/2010:13:55:02 +0000] "GET /courses/cmpsc220sp10/_Media/plai-cover-5.png HTTP/1.1" 200 5101 "http://www.rockalypse.org/courses/cmpsc220sp10/resources/" "Mozilla/5.0 (X11; U; Linux i686; en-US; rv:1.9.0.17) Gecko/2010010604 Ubuntu/8.04 (hardy) Firefox/3.0.17"
141.195.226.125 - - [27/Jan/2010:13:55:15 +0000] "GET /courses/cmpsc220sp10/blog/ HTTP/1.1" 200 5395 "http://www.rockalypse.org/courses/cmpsc220sp10/resources/" "Mozilla/5.0 (X11; U; Linux i686; en-US; rv:1.9.0.17) Gecko/2010010604 Ubuntu/8.04 (hardy) Firefox/3.0.17"
141.195.226.125 - - [27/Jan/2010:13:55:15 +0000] "GET /courses/cmpsc220sp10/_Resources/rssbadge.css HTTP/1.1" 200 225 "http://www.rockalypse.org/courses/cmpsc220sp10/blog/" "Mozilla/5.0 (X11; U; Linux i686; en-US; rv:1.9.0.17) Gecko/2010010604 Ubuntu/8.04 (hardy) Firefox/3.0.17"
141.195.226.125 - - [27/Jan/2010:13:55:16 +0000] "GET /courses/cmpsc220sp10/_Resources/rss.gif HTTP/1.1" 200 120 "http://www.rockalypse.org/courses/cmpsc220sp10/blog/" "Mozilla/5.0 (X11; U; Linux i686; en-US; rv:1.9.0.17) Gecko/2010010604 Ubuntu/8.04 (hardy) Firefox/3.0.17"
141.195.226.125 - - [27/Jan/2010:13:55:16 +0000] "GET /courses/cmpsc220sp10/_Media/erlang-logo-2.png HTTP/1.1" 304 - "http://www.rockalypse.org/courses/cmpsc220sp10/blog/" "Mozilla/5.0 (X11; U; Linux i686; en-US; rv:1.9.0.17) Gecko/2010010604 Ubuntu/8.04 (hardy) Firefox/3.0.17"
141.195.226.125 - - [27/Jan/2010:13:55:16 +0000] "GET /courses/cmpsc220sp10/_Media/pastedgraphic-17.png HTTP/1.1" 200 23549 "http://www.rockalypse.org/courses/cmpsc220sp10/blog/" "Mozilla/5.0 (X11; U; Linux i686; en-US; rv:1.9.0.17) Gecko/2010010604 Ubuntu/8.04 (hardy) Firefox/3.0.17"
141.195.226.128 - - [27/Jan/2010:13:58:47 +0000] "GET /courses/cmpsc220sp10/blog/google-docs.html HTTP/1.1" 200 3064 "-" "Mozilla/5.0 (X11; U; Linux i686; en-US; rv:1.9.0.17) Gecko/2010010604 Ubuntu/8.04 (hardy) Firefox/3.0.17"
141.195.226.128 - - [27/Jan/2010:13:58:47 +0000] "GET /courses/cmpsc220sp10/_Resources/sandvox.css HTTP/1.1" 200 490 "http://www.rockalypse.org/courses/cmpsc220sp10/blog/google-docs.html" "Mozilla/5.0 (X11; U; Linux i686; en-US; rv:1.9.0.17) Gecko/2010010604 Ubuntu/8.04 (hardy) Firefox/3.0.17"
141.195.226.128 - - [27/Jan/2010:13:58:47 +0000] "GET /courses/cmpsc220sp10/_Resources/rssbadge.css HTTP/1.1" 200 225 "http://www.rockalypse.org/courses/cmpsc220sp10/blog/google-docs.html" "Mozilla/5.0 (X11; U; Linux i686; en-US; rv:1.9.0.17) Gecko/2010010604 Ubuntu/8.04 (hardy) Firefox/3.0.17"
141.195.226.128 - - [27/Jan/2010:13:58:47 +0000] "GET /courses/cmpsc220sp10/sandvox_DistinctionGreen/main.css HTTP/1.1" 304 - "http://www.rockalypse.org/courses/cmpsc220sp10/blog/google-docs.html" "Mozilla/5.0 (X11; U; Linux i686; en-US; rv:1.9.0.17) Gecko/2010010604 Ubuntu/8.04 (hardy) Firefox/3.0.17"
141.195.226.128 - - [27/Jan/2010:13:58:47 +0000] "GET /courses/cmpsc220sp10/_Resources/rss.gif HTTP/1.1" 200 120 "http://www.rockalypse.org/courses/cmpsc220sp10/blog/google-docs.html" "Mozilla/5.0 (X11; U; Linux i686; en-US; rv:1.9.0.17) Gecko/2010010604 Ubuntu/8.04 (hardy) Firefox/3.0.17"
141.195.226.128 - - [27/Jan/2010:13:58:47 +0000] "GET /courses/cmpsc220sp10/_Media/erlang-logo-2.png HTTP/1.1" 304 - "http://www.rockalypse.org/courses/cmpsc220sp10/blog/google-docs.html" "Mozilla/5.0 (X11; U; Linux i686; en-US; rv:1.9.0.17) Gecko/2010010604 Ubuntu/8.04 (hardy) Firefox/3.0.17"
141.195.226.128 - - [27/Jan/2010:13:58:50 +0000] "GET /courses/cmpsc220sp10/_Media/freeduino-2.ico HTTP/1.1" 304 - "-" "Mozilla/5.0 (X11; U; Linux i686; en-US; rv:1.9.0.17) Gecko/2010010604 Ubuntu/8.04 (hardy) Firefox/3.0.17"
141.195.226.128 - - [27/Jan/2010:13:59:28 +0000] "GET /courses/cmpsc220sp10/ HTTP/1.1" 200 3880 "-" "Mozilla/5.0 (X11; U; Linux i686; en-US; rv:1.9.0.17) Gecko/2010010604 Ubuntu/8.04 (hardy) Firefox/3.0.17"
141.195.226.128 - - [27/Jan/2010:13:59:28 +0000] "GET /courses/cmpsc220sp10/_Media/freeduino-2.png HTTP/1.1" 304 - "http://www.rockalypse.org/courses/cmpsc220sp10/" "Mozilla/5.0 (X11; U; Linux i686; en-US; rv:1.9.0.17) Gecko/2010010604 Ubuntu/8.04 (hardy) Firefox/3.0.17"
141.195.226.128 - - [27/Jan/2010:13:59:28 +0000] "GET /courses/cmpsc220sp10/_Media/20090110-language-poster-3.png HTTP/1.1" 304 - "http://www.rockalypse.org/courses/cmpsc220sp10/" "Mozilla/5.0 (X11; U; Linux i686; en-US; rv:1.9.0.17) Gecko/2010010604 Ubuntu/8.04 (hardy) Firefox/3.0.17"
141.195.226.128 - - [27/Jan/2010:13:59:32 +0000] "GET /courses/cmpsc220sp10/blog/ HTTP/1.1" 200 5395 "http://www.rockalypse.org/courses/cmpsc220sp10/" "Mozilla/5.0 (X11; U; Linux i686; en-US; rv:1.9.0.17) Gecko/2010010604 Ubuntu/8.04 (hardy) Firefox/3.0.17"
141.195.226.128 - - [27/Jan/2010:13:59:36 +0000] "GET /courses/cmpsc220sp10/to_do/ HTTP/1.1" 200 4937 "http://www.rockalypse.org/courses/cmpsc220sp10/blog/" "Mozilla/5.0 (X11; U; Linux i686; en-US; rv:1.9.0.17) Gecko/2010010604 Ubuntu/8.04 (hardy) Firefox/3.0.17"
141.195.226.128 - - [27/Jan/2010:13:59:36 +0000] "GET /courses/cmpsc220sp10/_Media/h.png HTTP/1.1" 304 - "http://www.rockalypse.org/courses/cmpsc220sp10/to_do/" "Mozilla/5.0 (X11; U; Linux i686; en-US; rv:1.9.0.17) Gecko/2010010604 Ubuntu/8.04 (hardy) Firefox/3.0.17"
89.16.161.240 - - [27/Jan/2010:14:00:04 +0000] "GET /courses/cmpsc220sp10/blog/index.xml HTTP/1.1" 304 - "-" "rss2email/2.65 +http://www.aaronsw.com/2002/rss2email/"
89.16.161.240 - - [27/Jan/2010:14:00:04 +0000] "GET /courses/fs102sp10/blog/index.rss HTTP/1.1" 304 - "-" "rss2email/2.65 +http://www.aaronsw.com/2002/rss2email/"
141.195.226.136 - - [27/Jan/2010:14:00:19 +0000] "GET /courses/cmpsc220sp10/blog/google-docs.html HTTP/1.1" 200 3064 "-" "Mozilla/5.0 (X11; U; Linux i686; en-US; rv:1.9.0.17) Gecko/2010010604 Ubuntu/8.04 (hardy) Firefox/3.0.17"
141.195.226.136 - - [27/Jan/2010:14:00:20 +0000] "GET /courses/cmpsc220sp10/_Media/freeduino-2.ico HTTP/1.1" 200 584 "-" "Mozilla/5.0 (X11; U; Linux i686; en-US; rv:1.9.0.17) Gecko/2010010604 Ubuntu/8.04 (hardy) Firefox/3.0.17"
141.195.226.136 - - [27/Jan/2010:14:00:20 +0000] "GET /courses/cmpsc220sp10/_Resources/sandvox.css HTTP/1.1" 200 490 "http://www.rockalypse.org/courses/cmpsc220sp10/blog/google-docs.html" "Mozilla/5.0 (X11; U; Linux i686; en-US; rv:1.9.0.17) Gecko/2010010604 Ubuntu/8.04 (hardy) Firefox/3.0.17"
141.195.226.136 - - [27/Jan/2010:14:00:20 +0000] "GET /courses/cmpsc220sp10/_Resources/rssbadge.css HTTP/1.1" 200 225 "http://www.rockalypse.org/courses/cmpsc220sp10/blog/google-docs.html" "Mozilla/5.0 (X11; U; Linux i686; en-US; rv:1.9.0.17) Gecko/2010010604 Ubuntu/8.04 (hardy) Firefox/3.0.17"
141.195.226.136 - - [27/Jan/2010:14:00:20 +0000] "GET /courses/cmpsc220sp10/sandvox_DistinctionGreen/main.css HTTP/1.1" 304 - "http://www.rockalypse.org/courses/cmpsc220sp10/blog/google-docs.html" "Mozilla/5.0 (X11; U; Linux i686; en-US; rv:1.9.0.17) Gecko/2010010604 Ubuntu/8.04 (hardy) Firefox/3.0.17"
141.195.226.136 - - [27/Jan/2010:14:00:20 +0000] "GET /courses/cmpsc220sp10/_Resources/rss.gif HTTP/1.1" 200 120 "http://www.rockalypse.org/courses/cmpsc220sp10/blog/google-docs.html" "Mozilla/5.0 (X11; U; Linux i686; en-US; rv:1.9.0.17) Gecko/2010010604 Ubuntu/8.04 (hardy) Firefox/3.0.17"
141.195.226.136 - - [27/Jan/2010:14:00:20 +0000] "GET /courses/cmpsc220sp10/_Media/erlang-logo-2.png HTTP/1.1" 304 - "http://www.rockalypse.org/courses/cmpsc220sp10/blog/google-docs.html" "Mozilla/5.0 (X11; U; Linux i686; en-US; rv:1.9.0.17) Gecko/2010010604 Ubuntu/8.04 (hardy) Firefox/3.0.17"
141.195.226.136 - - [27/Jan/2010:14:00:33 +0000] "GET /courses/cmpsc220sp10/blog/ HTTP/1.1" 200 5395 "http://www.rockalypse.org/courses/cmpsc220sp10/blog/google-docs.html" "Mozilla/5.0 (X11; U; Linux i686; en-US; rv:1.9.0.17) Gecko/2010010604 Ubuntu/8.04 (hardy) Firefox/3.0.17"
141.195.226.136 - - [27/Jan/2010:14:00:33 +0000] "GET /courses/cmpsc220sp10/_Media/pastedgraphic-17.png HTTP/1.1" 200 23549 "http://www.rockalypse.org/courses/cmpsc220sp10/blog/" "Mozilla/5.0 (X11; U; Linux i686; en-US; rv:1.9.0.17) Gecko/2010010604 Ubuntu/8.04 (hardy) Firefox/3.0.17"
141.195.226.3 - - [27/Jan/2010:14:08:17 +0000] "GET /courses/cmpsc220sp10/to_do/ HTTP/1.1" 200 4937 "http://www.rockalypse.org/courses/cmpsc220sp10/blog/" "Mozilla/5.0 (X11; U; Linux i686; en-US; rv:1.9.0.17) Gecko/2010010604 Ubuntu/8.04 (hardy) Firefox/3.0.17"
141.195.226.3 - - [27/Jan/2010:14:08:17 +0000] "GET /courses/cmpsc220sp10/sandvox_DistinctionGreen/main.css HTTP/1.1" 304 - "http://www.rockalypse.org/courses/cmpsc220sp10/to_do/" "Mozilla/5.0 (X11; U; Linux i686; en-US; rv:1.9.0.17) Gecko/2010010604 Ubuntu/8.04 (hardy) Firefox/3.0.17"
141.195.226.3 - - [27/Jan/2010:14:08:17 +0000] "GET /courses/cmpsc220sp10/_Resources/sandvox.css HTTP/1.1" 200 490 "http://www.rockalypse.org/courses/cmpsc220sp10/to_do/" "Mozilla/5.0 (X11; U; Linux i686; en-US; rv:1.9.0.17) Gecko/2010010604 Ubuntu/8.04 (hardy) Firefox/3.0.17"
141.195.226.3 - - [27/Jan/2010:14:08:17 +0000] "GET /courses/cmpsc220sp10/_Media/freeduino-2.png HTTP/1.1" 304 - "http://www.rockalypse.org/courses/cmpsc220sp10/to_do/" "Mozilla/5.0 (X11; U; Linux i686; en-US; rv:1.9.0.17) Gecko/2010010604 Ubuntu/8.04 (hardy) Firefox/3.0.17"
141.195.226.3 - - [27/Jan/2010:14:08:17 +0000] "GET /courses/cmpsc220sp10/_Media/h.png HTTP/1.1" 304 - "http://www.rockalypse.org/courses/cmpsc220sp10/to_do/" "Mozilla/5.0 (X11; U; Linux i686; en-US; rv:1.9.0.17) Gecko/2010010604 Ubuntu/8.04 (hardy) Firefox/3.0.17"
141.195.226.3 - - [27/Jan/2010:14:08:18 +0000] "GET /courses/cmpsc220sp10/labs/ HTTP/1.1" 200 3526 "http://www.rockalypse.org/courses/cmpsc220sp10/to_do/" "Mozilla/5.0 (X11; U; Linux i686; en-US; rv:1.9.0.17) Gecko/2010010604 Ubuntu/8.04 (hardy) Firefox/3.0.17"
141.195.226.3 - - [27/Jan/2010:14:08:19 +0000] "GET /courses/cmpsc220sp10/_Media/pastedgraphic-15.png HTTP/1.1" 304 - "http://www.rockalypse.org/courses/cmpsc220sp10/labs/" "Mozilla/5.0 (X11; U; Linux i686; en-US; rv:1.9.0.17) Gecko/2010010604 Ubuntu/8.04 (hardy) Firefox/3.0.17"
141.195.226.3 - - [27/Jan/2010:14:08:20 +0000] "GET /courses/cmpsc220sp10/_Media/freeduino-2.ico HTTP/1.1" 304 - "-" "Mozilla/5.0 (X11; U; Linux i686; en-US; rv:1.9.0.17) Gecko/2010010604 Ubuntu/8.04 (hardy) Firefox/3.0.17"
89.16.161.240 - - [27/Jan/2010:14:10:03 +0000] "GET /courses/cmpsc220sp10/blog/index.xml HTTP/1.1" 304 - "-" "rss2email/2.65 +http://www.aaronsw.com/2002/rss2email/"
89.16.161.240 - - [27/Jan/2010:14:10:03 +0000] "GET /courses/fs102sp10/blog/index.rss HTTP/1.1" 304 - "-" "rss2email/2.65 +http://www.aaronsw.com/2002/rss2email/"
151.82.31.33 - - [27/Jan/2010:14:15:07 +0000] "GET /courses/cmpsc220sp09/_Media/firefly_objects_in_space-2.png HTTP/1.1" 200 139090 "http://www.twilightsucks.com/forum/phpBB3/viewtopic.php?f=75&p=696673" "Mozilla/4.0 (compatible; MSIE 6.0; Windows NT 5.1; SV1)"
67.195.37.176 - - [27/Jan/2010:14:17:35 +0000] "GET /courses/cmpsc220sp09/site_map.html HTTP/1.0" 200 5740 "-" "Mozilla/5.0 (compatible; Yahoo! Slurp/3.0; http://help.yahoo.com/help/us/ysearch/slurp)"
67.195.37.176 - - [27/Jan/2010:14:17:37 +0000] "GET /courses/cmpsc220sp09/_Resources/sandvox.css HTTP/1.0" 304 - "http://www.rockalypse.org/courses/cmpsc220sp09/site_map.html" "Mozilla/5.0 (compatible; Yahoo! Slurp/3.0; http://help.yahoo.com/help/us/ysearch/slurp)"
67.195.37.176 - - [27/Jan/2010:14:17:41 +0000] "GET /courses/cmpsc220sp09/sandvox_Distinction/main.css HTTP/1.0" 304 - "http://www.rockalypse.org/courses/cmpsc220sp09/site_map.html" "Mozilla/5.0 (compatible; Yahoo! Slurp/3.0; http://help.yahoo.com/help/us/ysearch/slurp)"
67.195.37.176 - - [27/Jan/2010:14:17:43 +0000] "GET /courses/cmpsc220sp09/highlight/prettify.css HTTP/1.0" 304 - "http://www.rockalypse.org/courses/cmpsc220sp09/site_map.html" "Mozilla/5.0 (compatible; Yahoo! Slurp/3.0; http://help.yahoo.com/help/us/ysearch/slurp)"
89.16.161.240 - - [27/Jan/2010:14:20:04 +0000] "GET /courses/cmpsc220sp10/blog/index.xml HTTP/1.1" 304 - "-" "rss2email/2.65 +http://www.aaronsw.com/2002/rss2email/"
89.16.161.240 - - [27/Jan/2010:14:20:04 +0000] "GET /courses/fs102sp10/blog/index.rss HTTP/1.1" 304 - "-" "rss2email/2.65 +http://www.aaronsw.com/2002/rss2email/"
92.48.118.229 - - [27/Jan/2010:14:21:13 +0000] "GET /full_schedule.html HTTP/1.0" 200 8268 "http://www.rockalypse.org/full_schedule.html" "Mozilla/4.0 (compatible; MSIE 6.0; Windows 98; Win 9x 4.90; Creative)"
92.48.118.229 - - [27/Jan/2010:14:21:13 +0000] "GET / HTTP/1.0" 200 13024 "http://www.rockalypse.org/" "Mozilla/4.0 (compatible; MSIE 6.0; Windows 98; Win 9x 4.90; Creative)"
62.171.194.9 - - [27/Jan/2010:14:21:35 +0000] "GET /courses/cmpsc220sp09/_Media/firefly_objects_in_space-2.png HTTP/1.0" 200 139090 "http://www.twilightsucks.com/forum/phpBB3/viewtopic.php?f=36&p=762771" "Mozilla/4.0 (compatible; MSIE 7.0; Windows NT 5.1; .NET CLR 1.1.4322; .NET CLR 2.0.50727; InfoPath.1; .NET CLR 3.0.04506.30; .NET CLR 3.0.04506.648; .NET CLR 3.0.4506.2152; .NET CLR 3.5.30729)"
84.251.14.151 - - [27/Jan/2010:14:24:16 +0000] "GET /courses/cmpsc220sp09/_Media/firefly_objects_in_space-2.png HTTP/1.1" 200 139090 "http://www.twilightsucks.com/forum/phpBB3/viewtopic.php?f=39&t=11219" "Mozilla/5.0 (Windows; U; Windows NT 5.1; fi; rv:1.9.2) Gecko/20100115 Firefox/3.6 (.NET CLR 3.5.30729)"
89.16.161.240 - - [27/Jan/2010:14:30:03 +0000] "GET /courses/cmpsc220sp10/blog/index.xml HTTP/1.1" 304 - "-" "rss2email/2.65 +http://www.aaronsw.com/2002/rss2email/"
89.16.161.240 - - [27/Jan/2010:14:30:03 +0000] "GET /courses/fs102sp10/blog/index.rss HTTP/1.1" 304 - "-" "rss2email/2.65 +http://www.aaronsw.com/2002/rss2email/"
122.53.124.72 - - [27/Jan/2010:14:33:31 +0000] "GET /courses/cmpsc220sp09/_Media/firefly_objects_in_space-2.png HTTP/1.1" 200 139090 "http://www.twilightsucks.com/forum/phpBB3/viewtopic.php?f=39&t=16744" "Mozilla/5.0 (Windows; U; Windows NT 6.0; en-US; rv:1.9.1.5) Gecko/20091102 YFF35 Firefox/3.5.5 (.NET CLR 3.5.30729)"
89.16.161.240 - - [27/Jan/2010:14:40:03 +0000] "GET /courses/cmpsc220sp10/blog/index.xml HTTP/1.1" 304 - "-" "rss2email/2.65 +http://www.aaronsw.com/2002/rss2email/"
89.16.161.240 - - [27/Jan/2010:14:40:03 +0000] "GET /courses/fs102sp10/blog/index.rss HTTP/1.1" 304 - "-" "rss2email/2.65 +http://www.aaronsw.com/2002/rss2email/"
89.16.161.240 - - [27/Jan/2010:14:50:04 +0000] "GET /courses/cmpsc220sp10/blog/index.xml HTTP/1.1" 304 - "-" "rss2email/2.65 +http://www.aaronsw.com/2002/rss2email/"
89.16.161.240 - - [27/Jan/2010:14:50:04 +0000] "GET /courses/fs102sp10/blog/index.rss HTTP/1.1" 304 - "-" "rss2email/2.65 +http://www.aaronsw.com/2002/rss2email/"
216.158.164.3 - - [27/Jan/2010:14:52:08 +0000] "GET /courses/cmpsc220sp09/_Media/firefly_objects_in_space-2.png HTTP/1.1" 200 139090 "http://www.twilightsucks.com/forum/phpBB3/viewtopic.php?f=36&t=102&start=125" "Mozilla/4.0 (compatible; MSIE 8.0; Windows NT 5.1; Trident/4.0; .NET CLR 2.0.50727; .NET CLR 3.0.4506.2152; .NET CLR 3.5.30729; .NET CLR 1.1.4322)"
131.104.251.128 - - [27/Jan/2010:14:52:54 +0000] "GET /courses/cmpsc220sp09/_Media/firefly_objects_in_space-2.png HTTP/1.1" 200 139090 "http://www.twilightsucks.com/forum/phpBB3/viewtopic.php?f=20&t=7202&start=75" "Mozilla/5.0 (Windows; U; Windows NT 6.0; en-US; rv:1.9.1.5) Gecko/20091102 Firefox/3.5.5 (.NET CLR 3.5.30729)"
131.104.251.128 - - [27/Jan/2010:14:53:06 +0000] "GET /courses/cmpsc220sp09/_Media/firefly_objects_in_space-2.png HTTP/1.1" 200 139090 "http://www.twilightsucks.com/forum/phpBB3/viewtopic.php?f=20&t=7202&start=75" "Mozilla/5.0 (Windows; U; Windows NT 6.0; en-US; rv:1.9.1.5) Gecko/20091102 Firefox/3.5.5 (.NET CLR 3.5.30729)"
129.3.150.12 - - [27/Jan/2010:14:53:58 +0000] "GET /courses/cmpsc220sp09/_Media/firefly_objects_in_space-2.png HTTP/1.1" 200 139090 "http://www.twilightsucks.com/forum/phpBB3/viewtopic.php?f=102&t=1472&start=100" "Mozilla/5.0 (Windows; U; Windows NT 6.0; en-US; rv:1.9.0.10) Gecko/2009042316 Firefox/3.0.10 (.NET CLR 3.5.30729)"
141.195.226.18 - - [27/Jan/2010:14:58:49 +0000] "GET /courses/cmpsc220sp10 HTTP/1.1" 301 407 "-" "Mozilla/5.0 (X11; U; Linux i686; en-US; rv:1.9.0.17) Gecko/2010010604 Ubuntu/8.04 (hardy) Firefox/3.0.17"
141.195.226.18 - - [27/Jan/2010:14:58:49 +0000] "GET /courses/cmpsc220sp10/ HTTP/1.1" 200 3880 "-" "Mozilla/5.0 (X11; U; Linux i686; en-US; rv:1.9.0.17) Gecko/2010010604 Ubuntu/8.04 (hardy) Firefox/3.0.17"
141.195.226.18 - - [27/Jan/2010:14:58:49 +0000] "GET /courses/cmpsc220sp10/_Resources/sandvox.css HTTP/1.1" 200 490 "http://www.rockalypse.org/courses/cmpsc220sp10/" "Mozilla/5.0 (X11; U; Linux i686; en-US; rv:1.9.0.17) Gecko/2010010604 Ubuntu/8.04 (hardy) Firefox/3.0.17"
141.195.226.18 - - [27/Jan/2010:14:58:49 +0000] "GET /courses/cmpsc220sp10/sandvox_DistinctionGreen/main.css HTTP/1.1" 304 - "http://www.rockalypse.org/courses/cmpsc220sp10/" "Mozilla/5.0 (X11; U; Linux i686; en-US; rv:1.9.0.17) Gecko/2010010604 Ubuntu/8.04 (hardy) Firefox/3.0.17"
141.195.226.18 - - [27/Jan/2010:14:58:49 +0000] "GET /courses/cmpsc220sp10/_Media/freeduino-2.png HTTP/1.1" 304 - "http://www.rockalypse.org/courses/cmpsc220sp10/" "Mozilla/5.0 (X11; U; Linux i686; en-US; rv:1.9.0.17) Gecko/2010010604 Ubuntu/8.04 (hardy) Firefox/3.0.17"
141.195.226.18 - - [27/Jan/2010:14:58:50 +0000] "GET /courses/cmpsc220sp10/_Media/20090110-language-poster-3.png HTTP/1.1" 304 - "http://www.rockalypse.org/courses/cmpsc220sp10/" "Mozilla/5.0 (X11; U; Linux i686; en-US; rv:1.9.0.17) Gecko/2010010604 Ubuntu/8.04 (hardy) Firefox/3.0.17"
141.195.226.18 - - [27/Jan/2010:14:58:52 +0000] "GET /courses/cmpsc220sp10/_Media/freeduino-2.ico HTTP/1.1" 304 - "-" "Mozilla/5.0 (X11; U; Linux i686; en-US; rv:1.9.0.17) Gecko/2010010604 Ubuntu/8.04 (hardy) Firefox/3.0.17"
141.195.226.18 - - [27/Jan/2010:14:59:03 +0000] "GET /courses/cmpsc220sp10/syllabus/ HTTP/1.1" 200 5829 "http://www.rockalypse.org/courses/cmpsc220sp10/" "Mozilla/5.0 (X11; U; Linux i686; en-US; rv:1.9.0.17) Gecko/2010010604 Ubuntu/8.04 (hardy) Firefox/3.0.17"
141.195.226.18 - - [27/Jan/2010:14:59:03 +0000] "GET /courses/cmpsc220sp10/_Media/occampibutton-2.png HTTP/1.1" 304 - "http://www.rockalypse.org/courses/cmpsc220sp10/syllabus/" "Mozilla/5.0 (X11; U; Linux i686; en-US; rv:1.9.0.17) Gecko/2010010604 Ubuntu/8.04 (hardy) Firefox/3.0.17"
141.195.226.18 - - [27/Jan/2010:14:59:03 +0000] "GET /courses/cmpsc220sp10/_Media/tvm-logo.png HTTP/1.1" 304 - "http://www.rockalypse.org/courses/cmpsc220sp10/syllabus/" "Mozilla/5.0 (X11; U; Linux i686; en-US; rv:1.9.0.17) Gecko/2010010604 Ubuntu/8.04 (hardy) Firefox/3.0.17"
89.16.161.240 - - [27/Jan/2010:15:00:04 +0000] "GET /courses/cmpsc220sp10/blog/index.xml HTTP/1.1" 304 - "-" "rss2email/2.65 +http://www.aaronsw.com/2002/rss2email/"
89.16.161.240 - - [27/Jan/2010:15:00:04 +0000] "GET /courses/fs102sp10/blog/index.rss HTTP/1.1" 304 - "-" "rss2email/2.65 +http://www.aaronsw.com/2002/rss2email/"
130.225.198.249 - - [27/Jan/2010:15:02:53 +0000] "GET /courses/cmpsc220sp09/_Media/firefly_objects_in_space-2.png HTTP/1.1" 200 139090 "http://www.twilightsucks.com/forum/phpBB3/viewtopic.php?f=36&p=762790" "Mozilla/4.0 (compatible; MSIE 8.0; Windows NT 6.0; Trident/4.0; GTB6.3; Mozilla/4.0 (compatible; MSIE 6.0; Windows NT 5.1; SV1) ; SLCC1; .NET CLR 2.0.50727; Media Center PC 5.0; .NET CLR 1.1.4322; .NET CLR 3.5.30729; InfoPath.2; .NET CLR 3.0.30729)"
89.16.161.240 - - [27/Jan/2010:15:10:04 +0000] "GET /courses/cmpsc220sp10/blog/index.xml HTTP/1.1" 304 - "-" "rss2email/2.65 +http://www.aaronsw.com/2002/rss2email/"
89.16.161.240 - - [27/Jan/2010:15:10:04 +0000] "GET /courses/fs102sp10/blog/index.rss HTTP/1.1" 304 - "-" "rss2email/2.65 +http://www.aaronsw.com/2002/rss2email/"
141.195.226.218 - - [27/Jan/2010:15:14:08 +0000] "GET /favicon.ico HTTP/1.1" 404 361 "http://www.rockalypse.org/courses/cmpsc220sp10/" "Mozilla/5.0 (Macintosh; U; Intel Mac OS X 10_5_8; en-us) AppleWebKit/531.21.8 (KHTML, like Gecko) Sandvox"
161.111.24.237 - - [27/Jan/2010:15:16:00 +0000] "GET /courses/cmpsc220sp09/_Media/firefly_objects_in_space-2.png HTTP/1.1" 200 139090 "http://twilightsucks.com/forum/phpBB3/viewtopic.php?f=75&p=562768" "Mozilla/5.0 (Windows; U; Windows NT 5.1; gl; rv:1.9.2) Gecko/20100115 Firefox/3.6"
89.16.161.240 - - [27/Jan/2010:15:20:03 +0000] "GET /courses/cmpsc220sp10/blog/index.xml HTTP/1.1" 304 - "-" "rss2email/2.65 +http://www.aaronsw.com/2002/rss2email/"
89.16.161.240 - - [27/Jan/2010:15:20:03 +0000] "GET /courses/fs102sp10/blog/index.rss HTTP/1.1" 304 - "-" "rss2email/2.65 +http://www.aaronsw.com/2002/rss2email/"
89.16.161.240 - - [27/Jan/2010:15:30:03 +0000] "GET /courses/cmpsc220sp10/blog/index.xml HTTP/1.1" 304 - "-" "rss2email/2.65 +http://www.aaronsw.com/2002/rss2email/"
89.16.161.240 - - [27/Jan/2010:15:30:03 +0000] "GET /courses/fs102sp10/blog/index.rss HTTP/1.1" 304 - "-" "rss2email/2.65 +http://www.aaronsw.com/2002/rss2email/"
89.16.161.240 - - [27/Jan/2010:15:40:04 +0000] "GET /courses/cmpsc220sp10/blog/index.xml HTTP/1.1" 304 - "-" "rss2email/2.65 +http://www.aaronsw.com/2002/rss2email/"
89.16.161.240 - - [27/Jan/2010:15:40:04 +0000] "GET /courses/fs102sp10/blog/index.rss HTTP/1.1" 304 - "-" "rss2email/2.65 +http://www.aaronsw.com/2002/rss2email/"
141.195.148.94 - - [27/Jan/2010:15:41:39 +0000] "GET /courses/cmpsc220sp10/ HTTP/1.1" 200 3880 "-" "Mozilla/5.0 (X11; U; Linux x86_64; en-US; rv:1.9.0.17) Gecko/2010010604 Ubuntu/9.04 (jaunty) Firefox/3.0.17"
141.195.148.94 - - [27/Jan/2010:15:41:39 +0000] "GET /courses/cmpsc220sp10/_Media/freeduino-2.ico HTTP/1.1" 200 584 "-" "Mozilla/5.0 (X11; U; Linux x86_64; en-US; rv:1.9.0.17) Gecko/2010010604 Ubuntu/9.04 (jaunty) Firefox/3.0.17"
141.195.148.94 - - [27/Jan/2010:15:41:39 +0000] "GET /courses/cmpsc220sp10/sandvox_DistinctionGreen/main.css HTTP/1.1" 200 2425 "http://www.rockalypse.org/courses/cmpsc220sp10/" "Mozilla/5.0 (X11; U; Linux x86_64; en-US; rv:1.9.0.17) Gecko/2010010604 Ubuntu/9.04 (jaunty) Firefox/3.0.17"
141.195.148.94 - - [27/Jan/2010:15:41:39 +0000] "GET /courses/cmpsc220sp09/highlight/prettify.js HTTP/1.1" 200 5139 "http://www.rockalypse.org/courses/cmpsc220sp10/" "Mozilla/5.0 (X11; U; Linux x86_64; en-US; rv:1.9.0.17) Gecko/2010010604 Ubuntu/9.04 (jaunty) Firefox/3.0.17"
141.195.148.94 - - [27/Jan/2010:15:41:39 +0000] "GET /courses/cmpsc220sp09/highlight/prettify.css HTTP/1.1" 200 214 "http://www.rockalypse.org/courses/cmpsc220sp10/" "Mozilla/5.0 (X11; U; Linux x86_64; en-US; rv:1.9.0.17) Gecko/2010010604 Ubuntu/9.04 (jaunty) Firefox/3.0.17"
141.195.148.94 - - [27/Jan/2010:15:41:39 +0000] "GET /courses/cmpsc220sp10/_Resources/sandvox.css HTTP/1.1" 200 490 "http://www.rockalypse.org/courses/cmpsc220sp10/" "Mozilla/5.0 (X11; U; Linux x86_64; en-US; rv:1.9.0.17) Gecko/2010010604 Ubuntu/9.04 (jaunty) Firefox/3.0.17"
141.195.148.94 - - [27/Jan/2010:15:41:40 +0000] "GET /courses/cmpsc220sp09/highlight/lang-lisp.js HTTP/1.1" 200 1679 "http://www.rockalypse.org/courses/cmpsc220sp10/" "Mozilla/5.0 (X11; U; Linux x86_64; en-US; rv:1.9.0.17) Gecko/2010010604 Ubuntu/9.04 (jaunty) Firefox/3.0.17"
141.195.148.94 - - [27/Jan/2010:15:41:40 +0000] "GET /courses/cmpsc220sp10/_Media/freeduino-2.png HTTP/1.1" 200 38896 "http://www.rockalypse.org/courses/cmpsc220sp10/" "Mozilla/5.0 (X11; U; Linux x86_64; en-US; rv:1.9.0.17) Gecko/2010010604 Ubuntu/9.04 (jaunty) Firefox/3.0.17"
141.195.148.94 - - [27/Jan/2010:15:41:40 +0000] "GET /courses/cmpsc220sp10/_Media/20090110-language-poster-3.png HTTP/1.1" 200 65490 "http://www.rockalypse.org/courses/cmpsc220sp10/" "Mozilla/5.0 (X11; U; Linux x86_64; en-US; rv:1.9.0.17) Gecko/2010010604 Ubuntu/9.04 (jaunty) Firefox/3.0.17"
141.195.148.94 - - [27/Jan/2010:15:41:41 +0000] "GET /courses/cmpsc220sp10/labs/ HTTP/1.1" 200 3526 "http://www.rockalypse.org/courses/cmpsc220sp10/" "Mozilla/5.0 (X11; U; Linux x86_64; en-US; rv:1.9.0.17) Gecko/2010010604 Ubuntu/9.04 (jaunty) Firefox/3.0.17"
141.195.148.94 - - [27/Jan/2010:15:41:41 +0000] "GET /courses/cmpsc220sp10/_Media/pastedgraphic-15.png HTTP/1.1" 200 169822 "http://www.rockalypse.org/courses/cmpsc220sp10/labs/" "Mozilla/5.0 (X11; U; Linux x86_64; en-US; rv:1.9.0.17) Gecko/2010010604 Ubuntu/9.04 (jaunty) Firefox/3.0.17"
72.51.46.230 - - [27/Jan/2010:15:41:53 +0000] "GET /courses/cmpsc220sp10/labs/ HTTP/1.1" 200 11434 "-" "CC Metadata Scaper http://wiki.creativecommons.org/Metadata_Scraper"
141.195.226.218 - - [27/Jan/2010:15:49:23 +0000] "GET /courses/cmpsc220sp09/highlight/prettify.js HTTP/1.1" 304 - "http://www.rockalypse.org/courses/cmpsc220sp10/" "Mozilla/5.0 (Macintosh; U; Intel Mac OS X 10_5_8; en-us) AppleWebKit/531.21.8 (KHTML, like Gecko) Sandvox"
141.195.226.218 - - [27/Jan/2010:15:49:23 +0000] "GET /courses/cmpsc220sp09/highlight/prettify.css HTTP/1.1" 304 - "http://www.rockalypse.org/courses/cmpsc220sp10/" "Mozilla/5.0 (Macintosh; U; Intel Mac OS X 10_5_8; en-us) AppleWebKit/531.21.8 (KHTML, like Gecko) Sandvox"
141.195.226.218 - - [27/Jan/2010:15:49:39 +0000] "GET /courses/cmpsc220sp09/highlight/prettify.js HTTP/1.1" 304 - "http://www.rockalypse.org/courses/cmpsc220sp10/labs/" "Mozilla/5.0 (Macintosh; U; Intel Mac OS X 10_5_8; en-us) AppleWebKit/531.21.8 (KHTML, like Gecko) Sandvox"
141.195.226.218 - - [27/Jan/2010:15:49:39 +0000] "GET /courses/cmpsc220sp09/highlight/prettify.css HTTP/1.1" 304 - "http://www.rockalypse.org/courses/cmpsc220sp10/labs/" "Mozilla/5.0 (Macintosh; U; Intel Mac OS X 10_5_8; en-us) AppleWebKit/531.21.8 (KHTML, like Gecko) Sandvox"
141.195.226.218 - - [27/Jan/2010:15:49:45 +0000] "GET /courses/cmpsc220sp09/highlight/prettify.css HTTP/1.1" 304 - "http://www.rockalypse.org/courses/cmpsc220sp10/labs/virtualizing-fedora/" "Mozilla/5.0 (Macintosh; U; Intel Mac OS X 10_5_8; en-us) AppleWebKit/531.21.8 (KHTML, like Gecko) Sandvox"
141.195.226.218 - - [27/Jan/2010:15:49:45 +0000] "GET /courses/cmpsc220sp09/highlight/prettify.js HTTP/1.1" 304 - "http://www.rockalypse.org/courses/cmpsc220sp10/labs/virtualizing-fedora/" "Mozilla/5.0 (Macintosh; U; Intel Mac OS X 10_5_8; en-us) AppleWebKit/531.21.8 (KHTML, like Gecko) Sandvox"
141.195.226.218 - - [27/Jan/2010:15:49:48 +0000] "GET /courses/cmpsc220sp09/highlight/prettify.js HTTP/1.1" 304 - "http://www.rockalypse.org/courses/cmpsc220sp10/labs/virtualizing-fedora/" "Mozilla/5.0 (Macintosh; U; Intel Mac OS X 10_5_8; en-us) AppleWebKit/531.21.8 (KHTML, like Gecko) Sandvox"
141.195.226.218 - - [27/Jan/2010:15:49:48 +0000] "GET /courses/cmpsc220sp09/highlight/prettify.css HTTP/1.1" 304 - "http://www.rockalypse.org/courses/cmpsc220sp10/labs/virtualizing-fedora/" "Mozilla/5.0 (Macintosh; U; Intel Mac OS X 10_5_8; en-us) AppleWebKit/531.21.8 (KHTML, like Gecko) Sandvox"
89.16.161.240 - - [27/Jan/2010:15:50:04 +0000] "GET /courses/cmpsc220sp10/blog/index.xml HTTP/1.1" 304 - "-" "rss2email/2.65 +http://www.aaronsw.com/2002/rss2email/"
89.16.161.240 - - [27/Jan/2010:15:50:04 +0000] "GET /courses/fs102sp10/blog/index.rss HTTP/1.1" 304 - "-" "rss2email/2.65 +http://www.aaronsw.com/2002/rss2email/"
141.195.226.218 - - [27/Jan/2010:15:50:34 +0000] "GET /courses/cmpsc220sp09/highlight/prettify.css HTTP/1.1" 304 - "http://www.rockalypse.org/courses/cmpsc220sp10/labs/old-skool-mailing-lists/" "Mozilla/5.0 (Macintosh; U; Intel Mac OS X 10_5_8; en-us) AppleWebKit/531.21.8 (KHTML, like Gecko) Sandvox"
141.195.226.218 - - [27/Jan/2010:15:50:34 +0000] "GET /courses/cmpsc220sp09/highlight/prettify.js HTTP/1.1" 304 - "http://www.rockalypse.org/courses/cmpsc220sp10/labs/old-skool-mailing-lists/" "Mozilla/5.0 (Macintosh; U; Intel Mac OS X 10_5_8; en-us) AppleWebKit/531.21.8 (KHTML, like Gecko) Sandvox"
141.195.226.218 - - [27/Jan/2010:15:50:38 +0000] "GET /courses/cmpsc220sp09/highlight/prettify.css HTTP/1.1" 304 - "http://www.rockalypse.org/courses/cmpsc220sp10/labs/old-skool-mailing-lists/collection/" "Mozilla/5.0 (Macintosh; U; Intel Mac OS X 10_5_8; en-us) AppleWebKit/531.21.8 (KHTML, like Gecko) Sandvox"
141.195.226.218 - - [27/Jan/2010:15:50:38 +0000] "GET /courses/cmpsc220sp09/highlight/prettify.js HTTP/1.1" 304 - "http://www.rockalypse.org/courses/cmpsc220sp10/labs/old-skool-mailing-lists/collection/" "Mozilla/5.0 (Macintosh; U; Intel Mac OS X 10_5_8; en-us) AppleWebKit/531.21.8 (KHTML, like Gecko) Sandvox"
141.195.226.218 - - [27/Jan/2010:15:50:42 +0000] "GET /courses/cmpsc220sp09/highlight/prettify.css HTTP/1.1" 304 - "http://www.rockalypse.org/courses/cmpsc220sp10/labs/collection/" "Mozilla/5.0 (Macintosh; U; Intel Mac OS X 10_5_8; en-us) AppleWebKit/531.21.8 (KHTML, like Gecko) Sandvox"
141.195.226.218 - - [27/Jan/2010:15:50:42 +0000] "GET /courses/cmpsc220sp09/highlight/prettify.js HTTP/1.1" 304 - "http://www.rockalypse.org/courses/cmpsc220sp10/labs/collection/" "Mozilla/5.0 (Macintosh; U; Intel Mac OS X 10_5_8; en-us) AppleWebKit/531.21.8 (KHTML, like Gecko) Sandvox"
67.195.37.176 - - [27/Jan/2010:15:52:31 +0000] "GET /courses/cmpsc220sp09/protected/team_pictures/sam.html HTTP/1.0" 401 553 "-" "Mozilla/5.0 (compatible; Yahoo! Slurp/3.0; http://help.yahoo.com/help/us/ysearch/slurp)"
166.205.139.67 - - [27/Jan/2010:15:59:22 +0000] "GET /courses/cmpsc220sp09/_Media/firefly_objects_in_space-2.png HTTP/1.1" 200 139090 "http://www.twilightsucks.com/forum/phpBB3/viewtopic.php?f=36&t=102&start=150" "Mozilla/5.0 (iPhone; U; CPU iPhone OS 3_1_2 like Mac OS X; en-us) AppleWebKit/528.18 (KHTML, like Gecko) Version/4.0 Mobile/7D11 Safari/528.16"
89.16.161.240 - - [27/Jan/2010:16:00:04 +0000] "GET /courses/cmpsc220sp10/blog/index.xml HTTP/1.1" 304 - "-" "rss2email/2.65 +http://www.aaronsw.com/2002/rss2email/"
89.16.161.240 - - [27/Jan/2010:16:00:04 +0000] "GET /courses/fs102sp10/blog/index.rss HTTP/1.1" 304 - "-" "rss2email/2.65 +http://www.aaronsw.com/2002/rss2email/"
68.194.237.192 - - [27/Jan/2010:16:04:36 +0000] "GET /courses/cmpsc220sp09/_Media/firefly_objects_in_space-2.png HTTP/1.1" 200 139090 "http://www.twilightsucks.com/forum/phpBB3/viewtopic.php?f=39&t=14210&start=125" "Mozilla/4.0 (compatible; MSIE 7.0; Windows NT 6.0; GTB0.0; SLCC1; .NET CLR 2.0.50727; .NET CLR 3.5.30729; .NET CLR 3.0.30618)"
91.40.56.106 - - [27/Jan/2010:16:08:55 +0000] "GET /courses/cmpsc220sp09/_Media/firefly_objects_in_space-2.png HTTP/1.1" 200 139090 "http://www.twilightsucks.com/forum/phpBB3/viewtopic.php?f=36&p=728782" "Mozilla/5.0 (Windows; U; Windows NT 6.0; de; rv:1.9.1.2) Gecko/20090729 Firefox/3.5.2 GTB6 (.NET CLR 3.5.30729)"
89.16.161.240 - - [27/Jan/2010:16:10:03 +0000] "GET /courses/cmpsc220sp10/blog/index.xml HTTP/1.1" 304 - "-" "rss2email/2.65 +http://www.aaronsw.com/2002/rss2email/"
89.16.161.240 - - [27/Jan/2010:16:10:03 +0000] "GET /courses/fs102sp10/blog/index.rss HTTP/1.1" 304 - "-" "rss2email/2.65 +http://www.aaronsw.com/2002/rss2email/"
69.204.157.168 - - [27/Jan/2010:16:10:13 +0000] "GET /courses/cmpsc220sp09/_Media/firefly_objects_in_space-2.png HTTP/1.1" 200 139090 "http://www.twilightsucks.com/forum/phpBB3/viewtopic.php?f=39&t=14210&p=764171" "Mozilla/5.0 (Macintosh; U; Intel Mac OS X 10_5_8; en-us) AppleWebKit/531.9 (KHTML, like Gecko) Version/4.0.3 Safari/531.9"
67.195.37.176 - - [27/Jan/2010:16:14:51 +0000] "GET /courses/fs102sp10/blog/tuesday-0126-reading-and-ac.html HTTP/1.0" 200 2673 "-" "Mozilla/5.0 (compatible; Yahoo! Slurp/3.0; http://help.yahoo.com/help/us/ysearch/slurp)"
67.195.37.176 - - [27/Jan/2010:16:14:52 +0000] "GET /courses/fs102sp10/_Resources/sandvox.css HTTP/1.0" 200 490 "http://www.rockalypse.org/courses/fs102sp10/blog/tuesday-0126-reading-and-ac.html" "Mozilla/5.0 (compatible; Yahoo! Slurp/3.0; http://help.yahoo.com/help/us/ysearch/slurp)"
67.195.37.176 - - [27/Jan/2010:16:14:53 +0000] "GET /courses/fs102sp10/_Resources/rssbadge.css HTTP/1.0" 200 225 "http://www.rockalypse.org/courses/fs102sp10/blog/tuesday-0126-reading-and-ac.html" "Mozilla/5.0 (compatible; Yahoo! Slurp/3.0; http://help.yahoo.com/help/us/ysearch/slurp)"
67.195.37.176 - - [27/Jan/2010:16:14:53 +0000] "GET /courses/fs102sp10/sandvox_Red/main.css HTTP/1.0" 200 2234 "http://www.rockalypse.org/courses/fs102sp10/blog/tuesday-0126-reading-and-ac.html" "Mozilla/5.0 (compatible; Yahoo! Slurp/3.0; http://help.yahoo.com/help/us/ysearch/slurp)"
89.16.161.240 - - [27/Jan/2010:16:20:03 +0000] "GET /courses/cmpsc220sp10/blog/index.xml HTTP/1.1" 304 - "-" "rss2email/2.65 +http://www.aaronsw.com/2002/rss2email/"
89.16.161.240 - - [27/Jan/2010:16:20:04 +0000] "GET /courses/fs102sp10/blog/index.rss HTTP/1.1" 304 - "-" "rss2email/2.65 +http://www.aaronsw.com/2002/rss2email/"
66.99.40.1 - - [27/Jan/2010:16:20:09 +0000] "GET /courses/cmpsc220sp09/_Media/firefly_objects_in_space-2.png HTTP/1.1" 200 139090 "http://www.twilightsucks.com/forum/phpBB3/viewtopic.php?f=39&t=16744" "Mozilla/4.0 (compatible; MSIE 7.0; Windows NT 5.1; InfoPath.1; .NET CLR 1.1.4322; .NET CLR 2.0.50727)"
141.195.226.218 - - [27/Jan/2010:16:20:14 +0000] "GET /courses/cmpsc220sp09/highlight/prettify.css HTTP/1.1" 304 - "http://www.rockalypse.org/courses/cmpsc220sp10/labs/open-data-visualization/untitled-text.html" "Mozilla/5.0 (Macintosh; U; Intel Mac OS X 10_5_8; en-us) AppleWebKit/531.21.8 (KHTML, like Gecko) Sandvox"
141.195.226.218 - - [27/Jan/2010:16:20:14 +0000] "GET /courses/cmpsc220sp09/highlight/prettify.js HTTP/1.1" 304 - "http://www.rockalypse.org/courses/cmpsc220sp10/labs/open-data-visualization/untitled-text.html" "Mozilla/5.0 (Macintosh; U; Intel Mac OS X 10_5_8; en-us) AppleWebKit/531.21.8 (KHTML, like Gecko) Sandvox"
71.13.150.121 - - [27/Jan/2010:16:21:54 +0000] "GET /courses/cmpsc220sp09/_Media/firefly_objects_in_space-2.png HTTP/1.1" 200 139090 "http://www.twilightsucks.com/forum/phpBB3/viewtopic.php?f=36&t=102&start=175" "Mozilla/4.0 (compatible; MSIE 8.0; Windows NT 6.0; WOW64; Trident/4.0; GTB6.3; SLCC1; .NET CLR 2.0.50727; Media Center PC 5.0; .NET CLR 3.5.21022; .NET CLR 3.5.30729; .NET CLR 3.0.30729)"
141.195.226.218 - - [27/Jan/2010:16:22:21 +0000] "GET /courses/cmpsc220sp09/highlight/prettify.css HTTP/1.1" 304 - "http://www.rockalypse.org/courses/cmpsc220sp10/labs/open-data-visualization/untitled-text.html" "Mozilla/5.0 (Macintosh; U; Intel Mac OS X 10_5_8; en-us) AppleWebKit/531.21.8 (KHTML, like Gecko) Sandvox"
141.195.226.218 - - [27/Jan/2010:16:22:21 +0000] "GET /courses/cmpsc220sp09/highlight/prettify.js HTTP/1.1" 304 - "http://www.rockalypse.org/courses/cmpsc220sp10/labs/open-data-visualization/untitled-text.html" "Mozilla/5.0 (Macintosh; U; Intel Mac OS X 10_5_8; en-us) AppleWebKit/531.21.8 (KHTML, like Gecko) Sandvox"
141.195.226.218 - - [27/Jan/2010:16:22:26 +0000] "GET /courses/cmpsc220sp09/highlight/prettify.js HTTP/1.1" 304 - "http://www.rockalypse.org/courses/cmpsc220sp10/labs/open-data-visualization/where-all-the-data-comes-fr.html" "Mozilla/5.0 (Macintosh; U; Intel Mac OS X 10_5_8; en-us) AppleWebKit/531.21.8 (KHTML, like Gecko) Sandvox"
141.195.226.218 - - [27/Jan/2010:16:22:26 +0000] "GET /courses/cmpsc220sp09/highlight/prettify.css HTTP/1.1" 304 - "http://www.rockalypse.org/courses/cmpsc220sp10/labs/open-data-visualization/where-all-the-data-comes-fr.html" "Mozilla/5.0 (Macintosh; U; Intel Mac OS X 10_5_8; en-us) AppleWebKit/531.21.8 (KHTML, like Gecko) Sandvox"
141.195.226.218 - - [27/Jan/2010:16:22:59 +0000] "GET /courses/cmpsc220sp09/highlight/prettify.css HTTP/1.1" 304 - "http://www.rockalypse.org/courses/cmpsc220sp10/labs/open-data-visualization/apache-logs.html" "Mozilla/5.0 (Macintosh; U; Intel Mac OS X 10_5_8; en-us) AppleWebKit/531.21.8 (KHTML, like Gecko) Sandvox"
141.195.226.218 - - [27/Jan/2010:16:22:59 +0000] "GET /courses/cmpsc220sp09/highlight/prettify.js HTTP/1.1" 304 - "http://www.rockalypse.org/courses/cmpsc220sp10/labs/open-data-visualization/apache-logs.html" "Mozilla/5.0 (Macintosh; U; Intel Mac OS X 10_5_8; en-us) AppleWebKit/531.21.8 (KHTML, like Gecko) Sandvox"
141.195.226.218 - - [27/Jan/2010:16:24:05 +0000] "GET /courses/cmpsc220sp09/highlight/prettify.css HTTP/1.1" 304 - "http://www.rockalypse.org/courses/cmpsc220sp10/labs/open-data-visualization/untitled-text.html" "Mozilla/5.0 (Macintosh; U; Intel Mac OS X 10_5_8; en-us) AppleWebKit/531.21.8 (KHTML, like Gecko) Sandvox"
141.195.226.218 - - [27/Jan/2010:16:24:05 +0000] "GET /courses/cmpsc220sp09/highlight/prettify.js HTTP/1.1" 304 - "http://www.rockalypse.org/courses/cmpsc220sp10/labs/open-data-visualization/untitled-text.html" "Mozilla/5.0 (Macintosh; U; Intel Mac OS X 10_5_8; en-us) AppleWebKit/531.21.8 (KHTML, like Gecko) Sandvox"
141.195.226.218 - - [27/Jan/2010:16:25:26 +0000] "GET /courses/cmpsc220sp09/highlight/prettify.css HTTP/1.1" 304 - "http://www.rockalypse.org/courses/cmpsc220sp10/labs/open-data-visualization/untitled-text.html" "Mozilla/5.0 (Macintosh; U; Intel Mac OS X 10_5_8; en-us) AppleWebKit/531.21.8 (KHTML, like Gecko) Sandvox"
