141.195.226.218 - - [27/Jan/2010:16:25:26 +0000] "GET /courses/cmpsc220sp09/highlight/prettify.js HTTP/1.1" 304 - "http://www.rockalypse.org/courses/cmpsc220sp10/labs/open-data-visualization/untitled-text.html" "Mozilla/5.0 (Macintosh; U; Intel Mac OS X 10_5_8; en-us) AppleWebKit/531.21.8 (KHTML, like Gecko) Sandvox"
141.195.226.218 - - [27/Jan/2010:16:29:01 +0000] "GET /courses/cmpsc220sp09/highlight/prettify.css HTTP/1.1" 304 - "http://www.rockalypse.org/courses/cmpsc220sp10/labs/open-data-visualization/just-the-text.html" "Mozilla/5.0 (Macintosh; U; Intel Mac OS X 10_5_8; en-us) AppleWebKit/531.21.8 (KHTML, like Gecko) Sandvox"
141.195.226.218 - - [27/Jan/2010:16:29:01 +0000] "GET /courses/cmpsc220sp09/highlight/prettify.js HTTP/1.1" 304 - "http://www.rockalypse.org/courses/cmpsc220sp10/labs/open-data-visualization/just-the-text.html" "Mozilla/5.0 (Macintosh; U; Intel Mac OS X 10_5_8; en-us) AppleWebKit/531.21.8 (KHTML, like Gecko) Sandvox"
141.195.226.218 - - [27/Jan/2010:16:29:03 +0000] "GET /courses/cmpsc220sp09/highlight/prettify.js HTTP/1.1" 304 - "http://www.rockalypse.org/courses/cmpsc220sp10/labs/open-data-visualization/just-the-text.html" "Mozilla/5.0 (Macintosh; U; Intel Mac OS X 10_5_8; en-us) AppleWebKit/531.21.8 (KHTML, like Gecko) Sandvox"
141.195.226.218 - - [27/Jan/2010:16:29:03 +0000] "GET /courses/cmpsc220sp09/highlight/prettify.css HTTP/1.1" 304 - "http://www.rockalypse.org/courses/cmpsc220sp10/labs/open-data-visualization/just-the-text.html" "Mozilla/5.0 (Macintosh; U; Intel Mac OS X 10_5_8; en-us) AppleWebKit/531.21.8 (KHTML, like Gecko) Sandvox"
141.195.226.218 - - [27/Jan/2010:16:29:15 +0000] "GET /courses/cmpsc220sp09/highlight/prettify.css HTTP/1.1" 304 - "http://www.rockalypse.org/courses/cmpsc220sp10/labs/open-data-visualization/just-the-text.html" "Mozilla/5.0 (Macintosh; U; Intel Mac OS X 10_5_8; en-us) AppleWebKit/531.21.8 (KHTML, like Gecko) Sandvox"
141.195.226.218 - - [27/Jan/2010:16:29:15 +0000] "GET /courses/cmpsc220sp09/highlight/prettify.js HTTP/1.1" 304 - "http://www.rockalypse.org/courses/cmpsc220sp10/labs/open-data-visualization/just-the-text.html" "Mozilla/5.0 (Macintosh; U; Intel Mac OS X 10_5_8; en-us) AppleWebKit/531.21.8 (KHTML, like Gecko) Sandvox"
141.195.226.218 - - [27/Jan/2010:16:29:17 +0000] "GET /courses/cmpsc220sp09/highlight/prettify.css HTTP/1.1" 304 - "http://www.rockalypse.org/courses/cmpsc220sp10/labs/open-data-visualization/just-the-text.html" "Mozilla/5.0 (Macintosh; U; Intel Mac OS X 10_5_8; en-us) AppleWebKit/531.21.8 (KHTML, like Gecko) Sandvox"
141.195.226.218 - - [27/Jan/2010:16:29:17 +0000] "GET /courses/cmpsc220sp09/highlight/prettify.js HTTP/1.1" 304 - "http://www.rockalypse.org/courses/cmpsc220sp10/labs/open-data-visualization/just-the-text.html" "Mozilla/5.0 (Macintosh; U; Intel Mac OS X 10_5_8; en-us) AppleWebKit/531.21.8 (KHTML, like Gecko) Sandvox"
141.195.226.218 - - [27/Jan/2010:16:29:19 +0000] "GET /courses/cmpsc220sp09/highlight/prettify.js HTTP/1.1" 304 - "http://www.rockalypse.org/courses/cmpsc220sp10/labs/open-data-visualization/just-the-text.html" "Mozilla/5.0 (Macintosh; U; Intel Mac OS X 10_5_8; en-us) AppleWebKit/531.21.8 (KHTML, like Gecko) Sandvox"
141.195.226.218 - - [27/Jan/2010:16:29:19 +0000] "GET /courses/cmpsc220sp09/highlight/prettify.css HTTP/1.1" 304 - "http://www.rockalypse.org/courses/cmpsc220sp10/labs/open-data-visualization/just-the-text.html" "Mozilla/5.0 (Macintosh; U; Intel Mac OS X 10_5_8; en-us) AppleWebKit/531.21.8 (KHTML, like Gecko) Sandvox"
141.195.226.218 - - [27/Jan/2010:16:29:29 +0000] "GET /courses/cmpsc220sp09/highlight/prettify.js HTTP/1.1" 304 - "http://www.rockalypse.org/courses/cmpsc220sp10/labs/open-data-visualization/just-the-text.html" "Mozilla/5.0 (Macintosh; U; Intel Mac OS X 10_5_8; en-us) AppleWebKit/531.21.8 (KHTML, like Gecko) Sandvox"
141.195.226.218 - - [27/Jan/2010:16:29:29 +0000] "GET /courses/cmpsc220sp09/highlight/prettify.css HTTP/1.1" 304 - "http://www.rockalypse.org/courses/cmpsc220sp10/labs/open-data-visualization/just-the-text.html" "Mozilla/5.0 (Macintosh; U; Intel Mac OS X 10_5_8; en-us) AppleWebKit/531.21.8 (KHTML, like Gecko) Sandvox"
89.16.161.240 - - [27/Jan/2010:16:30:04 +0000] "GET /courses/cmpsc220sp10/blog/index.xml HTTP/1.1" 304 - "-" "rss2email/2.65 +http://www.aaronsw.com/2002/rss2email/"
89.16.161.240 - - [27/Jan/2010:16:30:04 +0000] "GET /courses/fs102sp10/blog/index.rss HTTP/1.1" 304 - "-" "rss2email/2.65 +http://www.aaronsw.com/2002/rss2email/"
68.175.113.189 - - [27/Jan/2010:16:30:29 +0000] "GET /courses/cmpsc220sp09/_Media/firefly_objects_in_space-2.png HTTP/1.1" 200 139090 "http://www.twilightsucks.com/forum/phpBB3/viewtopic.php?f=20&t=16591" "Mozilla/5.0 (Macintosh; U; Intel Mac OS X 10.6; en-US; rv:1.9.0.5) Gecko/2008120121 Firefox/3.0.5"
141.195.226.218 - - [27/Jan/2010:16:33:40 +0000] "GET /courses/cmpsc220sp09/highlight/prettify.css HTTP/1.1" 304 - "http://www.rockalypse.org/courses/cmpsc220sp10/labs/open-data-visualization/untitled-text.html" "Mozilla/5.0 (Macintosh; U; Intel Mac OS X 10_5_8; en-us) AppleWebKit/531.21.8 (KHTML, like Gecko) Sandvox"
141.195.226.218 - - [27/Jan/2010:16:33:40 +0000] "GET /courses/cmpsc220sp09/highlight/prettify.js HTTP/1.1" 304 - "http://www.rockalypse.org/courses/cmpsc220sp10/labs/open-data-visualization/untitled-text.html" "Mozilla/5.0 (Macintosh; U; Intel Mac OS X 10_5_8; en-us) AppleWebKit/531.21.8 (KHTML, like Gecko) Sandvox"
86.14.43.10 - - [27/Jan/2010:16:33:55 +0000] "GET /courses/cmpsc220sp09/_Media/firefly_objects_in_space-2.png HTTP/1.1" 200 139090 "http://www.twilightsucks.com/forum/phpBB3/viewtopic.php?f=20&t=7202&start=75" "Mozilla/4.0 (compatible; MSIE 7.0; Windows NT 6.0; GTB6.3; SLCC1; .NET CLR 2.0.50727; Media Center PC 5.0; .NET CLR 3.5.30729; .NET CLR 3.0.30618)"
141.195.226.218 - - [27/Jan/2010:16:39:15 +0000] "GET /courses/cmpsc220sp09/highlight/prettify.css HTTP/1.1" 304 - "http://www.rockalypse.org/courses/cmpsc220sp10/labs/open-data-visualization/untitled-text.html" "Mozilla/5.0 (Macintosh; U; Intel Mac OS X 10_5_8; en-us) AppleWebKit/531.21.8 (KHTML, like Gecko) Sandvox"
141.195.226.218 - - [27/Jan/2010:16:39:15 +0000] "GET /courses/cmpsc220sp09/highlight/prettify.js HTTP/1.1" 304 - "http://www.rockalypse.org/courses/cmpsc220sp10/labs/open-data-visualization/untitled-text.html" "Mozilla/5.0 (Macintosh; U; Intel Mac OS X 10_5_8; en-us) AppleWebKit/531.21.8 (KHTML, like Gecko) Sandvox"
89.16.161.240 - - [27/Jan/2010:16:40:04 +0000] "GET /courses/cmpsc220sp10/blog/index.xml HTTP/1.1" 304 - "-" "rss2email/2.65 +http://www.aaronsw.com/2002/rss2email/"
89.16.161.240 - - [27/Jan/2010:16:40:04 +0000] "GET /courses/fs102sp10/blog/index.rss HTTP/1.1" 304 - "-" "rss2email/2.65 +http://www.aaronsw.com/2002/rss2email/"
141.195.226.218 - - [27/Jan/2010:16:43:06 +0000] "GET /courses/cmpsc220sp09/highlight/prettify.css HTTP/1.1" 304 - "http://www.rockalypse.org/courses/cmpsc220sp10/labs/open-data-visualization/untitled-text.html" "Mozilla/5.0 (Macintosh; U; Intel Mac OS X 10_5_8; en-us) AppleWebKit/531.21.8 (KHTML, like Gecko) Sandvox"
141.195.226.218 - - [27/Jan/2010:16:43:06 +0000] "GET /courses/cmpsc220sp09/highlight/prettify.js HTTP/1.1" 304 - "http://www.rockalypse.org/courses/cmpsc220sp10/labs/open-data-visualization/untitled-text.html" "Mozilla/5.0 (Macintosh; U; Intel Mac OS X 10_5_8; en-us) AppleWebKit/531.21.8 (KHTML, like Gecko) Sandvox"
141.195.226.218 - - [27/Jan/2010:16:43:52 +0000] "GET /courses/cmpsc220sp09/highlight/prettify.js HTTP/1.1" 304 - "http://www.rockalypse.org/courses/cmpsc220sp10/labs/open-data-visualization/achieving-awesomeness.html" "Mozilla/5.0 (Macintosh; U; Intel Mac OS X 10_5_8; en-us) AppleWebKit/531.21.8 (KHTML, like Gecko) Sandvox"
141.195.226.218 - - [27/Jan/2010:16:43:52 +0000] "GET /courses/cmpsc220sp09/highlight/prettify.css HTTP/1.1" 304 - "http://www.rockalypse.org/courses/cmpsc220sp10/labs/open-data-visualization/achieving-awesomeness.html" "Mozilla/5.0 (Macintosh; U; Intel Mac OS X 10_5_8; en-us) AppleWebKit/531.21.8 (KHTML, like Gecko) Sandvox"
141.195.226.218 - - [27/Jan/2010:16:44:00 +0000] "GET /courses/cmpsc220sp09/highlight/prettify.css HTTP/1.1" 304 - "http://www.rockalypse.org/courses/cmpsc220sp10/labs/open-data-visualization/achieving-awesomeness.html" "Mozilla/5.0 (Macintosh; U; Intel Mac OS X 10_5_8; en-us) AppleWebKit/531.21.8 (KHTML, like Gecko) Sandvox"
141.195.226.218 - - [27/Jan/2010:16:44:00 +0000] "GET /courses/cmpsc220sp09/highlight/prettify.js HTTP/1.1" 304 - "http://www.rockalypse.org/courses/cmpsc220sp10/labs/open-data-visualization/achieving-awesomeness.html" "Mozilla/5.0 (Macintosh; U; Intel Mac OS X 10_5_8; en-us) AppleWebKit/531.21.8 (KHTML, like Gecko) Sandvox"
83.7.125.9 - - [27/Jan/2010:16:44:32 +0000] "GET /courses/cmpsc220sp09/ HTTP/1.1" 200 3939 "http://images.google.pl/imgres?imgurl=http://www.rockalypse.org/courses/cmpsc220sp09/_Media/20090110-language-poster-3.png&imgrefurl=http://www.rockalypse.org/courses/cmpsc220sp09/&usg=__kLxaT9kJBpEfY3NrGPqEdgCKUN4=&h=240&w=320&sz=64&hl=pl&start=20&um=1&itbs=1&tbnid=v0eKFOCkWvKOBM:&tbnh=89&tbnw=118&prev=/images%3Fq%3Dlanguage%2Bposter%26hl%3Dpl%26rlz%3D1B3GGGL_plPL354PL354%26sa%3DX%26um%3D1" "Mozilla/5.0 (Windows; U; Windows NT 5.1; pl; rv:1.9.1.7) Gecko/20091221 Firefox/3.5.7 GTB6 (.NET CLR 3.5.30729)"
83.7.125.9 - - [27/Jan/2010:16:44:32 +0000] "GET /courses/cmpsc220sp09/_Resources/sandvox.css HTTP/1.1" 200 450 "http://www.rockalypse.org/courses/cmpsc220sp09/" "Mozilla/5.0 (Windows; U; Windows NT 5.1; pl; rv:1.9.1.7) Gecko/20091221 Firefox/3.5.7 GTB6 (.NET CLR 3.5.30729)"
83.7.125.9 - - [27/Jan/2010:16:44:32 +0000] "GET /courses/cmpsc220sp09/sandvox_Distinction/main.css HTTP/1.1" 200 2429 "http://www.rockalypse.org/courses/cmpsc220sp09/" "Mozilla/5.0 (Windows; U; Windows NT 5.1; pl; rv:1.9.1.7) Gecko/20091221 Firefox/3.5.7 GTB6 (.NET CLR 3.5.30729)"
83.7.125.9 - - [27/Jan/2010:16:44:32 +0000] "GET /courses/cmpsc220sp09/highlight/prettify.css HTTP/1.1" 200 214 "http://www.rockalypse.org/courses/cmpsc220sp09/" "Mozilla/5.0 (Windows; U; Windows NT 5.1; pl; rv:1.9.1.7) Gecko/20091221 Firefox/3.5.7 GTB6 (.NET CLR 3.5.30729)"
83.7.125.9 - - [27/Jan/2010:16:44:32 +0000] "GET /courses/cmpsc220sp09/highlight/prettify.js HTTP/1.1" 200 5139 "http://www.rockalypse.org/courses/cmpsc220sp09/" "Mozilla/5.0 (Windows; U; Windows NT 5.1; pl; rv:1.9.1.7) Gecko/20091221 Firefox/3.5.7 GTB6 (.NET CLR 3.5.30729)"
83.7.125.9 - - [27/Jan/2010:16:44:32 +0000] "GET /courses/cmpsc220sp09/highlight/lang-lisp.js HTTP/1.1" 200 1679 "http://www.rockalypse.org/courses/cmpsc220sp09/" "Mozilla/5.0 (Windows; U; Windows NT 5.1; pl; rv:1.9.1.7) Gecko/20091221 Firefox/3.5.7 GTB6 (.NET CLR 3.5.30729)"
83.7.125.9 - - [27/Jan/2010:16:44:33 +0000] "GET /courses/cmpsc220sp09/_Media/plt-206-3.png HTTP/1.1" 200 28489 "http://www.rockalypse.org/courses/cmpsc220sp09/" "Mozilla/5.0 (Windows; U; Windows NT 5.1; pl; rv:1.9.1.7) Gecko/20091221 Firefox/3.5.7 GTB6 (.NET CLR 3.5.30729)"
83.7.125.9 - - [27/Jan/2010:16:44:33 +0000] "GET /courses/cmpsc220sp09/_Resources/online.png HTTP/1.1" 200 14803 "http://www.rockalypse.org/courses/cmpsc220sp09/" "Mozilla/5.0 (Windows; U; Windows NT 5.1; pl; rv:1.9.1.7) Gecko/20091221 Firefox/3.5.7 GTB6 (.NET CLR 3.5.30729)"
83.7.125.9 - - [27/Jan/2010:16:44:33 +0000] "GET /courses/cmpsc220sp09/_Media/language-treemap-3.png HTTP/1.1" 200 69523 "http://www.rockalypse.org/courses/cmpsc220sp09/" "Mozilla/5.0 (Windows; U; Windows NT 5.1; pl; rv:1.9.1.7) Gecko/20091221 Firefox/3.5.7 GTB6 (.NET CLR 3.5.30729)"
83.7.125.9 - - [27/Jan/2010:16:44:33 +0000] "GET /courses/cmpsc220sp09/_Media/20090110-language-poster-3.png HTTP/1.1" 200 65490 "http://www.rockalypse.org/courses/cmpsc220sp09/" "Mozilla/5.0 (Windows; U; Windows NT 5.1; pl; rv:1.9.1.7) Gecko/20091221 Firefox/3.5.7 GTB6 (.NET CLR 3.5.30729)"
141.195.226.218 - - [27/Jan/2010:16:47:12 +0000] "GET /courses/cmpsc220sp09/highlight/prettify.css HTTP/1.1" 304 - "http://www.rockalypse.org/courses/cmpsc220sp10/labs/open-data-visualization/achieving-awesomeness.html" "Mozilla/5.0 (Macintosh; U; Intel Mac OS X 10_5_8; en-us) AppleWebKit/531.21.8 (KHTML, like Gecko) Sandvox"
141.195.226.218 - - [27/Jan/2010:16:47:12 +0000] "GET /courses/cmpsc220sp09/highlight/prettify.js HTTP/1.1" 304 - "http://www.rockalypse.org/courses/cmpsc220sp10/labs/open-data-visualization/achieving-awesomeness.html" "Mozilla/5.0 (Macintosh; U; Intel Mac OS X 10_5_8; en-us) AppleWebKit/531.21.8 (KHTML, like Gecko) Sandvox"
141.195.226.218 - - [27/Jan/2010:16:47:15 +0000] "GET /courses/cmpsc220sp09/highlight/prettify.css HTTP/1.1" 304 - "http://www.rockalypse.org/courses/cmpsc220sp10/labs/open-data-visualization/achieving-awesomeness.html" "Mozilla/5.0 (Macintosh; U; Intel Mac OS X 10_5_8; en-us) AppleWebKit/531.21.8 (KHTML, like Gecko) Sandvox"
141.195.226.218 - - [27/Jan/2010:16:47:15 +0000] "GET /courses/cmpsc220sp09/highlight/prettify.js HTTP/1.1" 304 - "http://www.rockalypse.org/courses/cmpsc220sp10/labs/open-data-visualization/achieving-awesomeness.html" "Mozilla/5.0 (Macintosh; U; Intel Mac OS X 10_5_8; en-us) AppleWebKit/531.21.8 (KHTML, like Gecko) Sandvox"
141.195.226.218 - - [27/Jan/2010:16:49:42 +0000] "GET /courses/cmpsc220sp09/highlight/prettify.css HTTP/1.1" 304 - "http://www.rockalypse.org/courses/cmpsc220sp10/labs/open-data-visualization/untitled-text.html" "Mozilla/5.0 (Macintosh; U; Intel Mac OS X 10_5_8; en-us) AppleWebKit/531.21.8 (KHTML, like Gecko) Sandvox"
141.195.226.218 - - [27/Jan/2010:16:49:42 +0000] "GET /courses/cmpsc220sp09/highlight/prettify.js HTTP/1.1" 304 - "http://www.rockalypse.org/courses/cmpsc220sp10/labs/open-data-visualization/untitled-text.html" "Mozilla/5.0 (Macintosh; U; Intel Mac OS X 10_5_8; en-us) AppleWebKit/531.21.8 (KHTML, like Gecko) Sandvox"
89.16.161.240 - - [27/Jan/2010:16:50:04 +0000] "GET /courses/cmpsc220sp10/blog/index.xml HTTP/1.1" 304 - "-" "rss2email/2.65 +http://www.aaronsw.com/2002/rss2email/"
89.16.161.240 - - [27/Jan/2010:16:50:04 +0000] "GET /courses/fs102sp10/blog/index.rss HTTP/1.1" 304 - "-" "rss2email/2.65 +http://www.aaronsw.com/2002/rss2email/"
141.195.226.218 - - [27/Jan/2010:16:51:13 +0000] "GET /courses/cmpsc220sp09/highlight/prettify.css HTTP/1.1" 304 - "http://www.rockalypse.org/courses/cmpsc220sp10/labs/open-data-visualization/" "Mozilla/5.0 (Macintosh; U; Intel Mac OS X 10_5_8; en-us) AppleWebKit/531.21.8 (KHTML, like Gecko) Sandvox"
141.195.226.218 - - [27/Jan/2010:16:51:13 +0000] "GET /courses/cmpsc220sp09/highlight/prettify.js HTTP/1.1" 304 - "http://www.rockalypse.org/courses/cmpsc220sp10/labs/open-data-visualization/" "Mozilla/5.0 (Macintosh; U; Intel Mac OS X 10_5_8; en-us) AppleWebKit/531.21.8 (KHTML, like Gecko) Sandvox"
141.195.226.218 - - [27/Jan/2010:16:51:18 +0000] "GET /courses/cmpsc220sp09/highlight/prettify.css HTTP/1.1" 304 - "http://www.rockalypse.org/courses/cmpsc220sp10/labs/open-data-visualization/" "Mozilla/5.0 (Macintosh; U; Intel Mac OS X 10_5_8; en-us) AppleWebKit/531.21.8 (KHTML, like Gecko) Sandvox"
141.195.226.218 - - [27/Jan/2010:16:51:18 +0000] "GET /courses/cmpsc220sp09/highlight/prettify.js HTTP/1.1" 304 - "http://www.rockalypse.org/courses/cmpsc220sp10/labs/open-data-visualization/" "Mozilla/5.0 (Macintosh; U; Intel Mac OS X 10_5_8; en-us) AppleWebKit/531.21.8 (KHTML, like Gecko) Sandvox"
67.195.37.176 - - [27/Jan/2010:16:54:32 +0000] "GET /courses/fs101f09/blog/and_that_leaves.html HTTP/1.0" 200 3266 "-" "Mozilla/5.0 (compatible; Yahoo! Slurp/3.0; http://help.yahoo.com/help/us/ysearch/slurp)"
67.195.37.176 - - [27/Jan/2010:16:54:33 +0000] "GET /courses/fs101f09/_Resources/sandvox.css HTTP/1.0" 304 - "http://www.rockalypse.org/courses/fs101f09/blog/and_that_leaves.html" "Mozilla/5.0 (compatible; Yahoo! Slurp/3.0; http://help.yahoo.com/help/us/ysearch/slurp)"
67.195.37.176 - - [27/Jan/2010:16:54:35 +0000] "GET /courses/fs101f09/_Resources/rssbadge.css HTTP/1.0" 200 225 "http://www.rockalypse.org/courses/fs101f09/blog/and_that_leaves.html" "Mozilla/5.0 (compatible; Yahoo! Slurp/3.0; http://help.yahoo.com/help/us/ysearch/slurp)"
67.195.37.176 - - [27/Jan/2010:16:54:37 +0000] "GET /courses/fs101f09/sandvox_Allegheny/main.css HTTP/1.0" 304 - "http://www.rockalypse.org/courses/fs101f09/blog/and_that_leaves.html" "Mozilla/5.0 (compatible; Yahoo! Slurp/3.0; http://help.yahoo.com/help/us/ysearch/slurp)"
89.16.161.240 - - [27/Jan/2010:17:00:04 +0000] "GET /courses/cmpsc220sp10/blog/index.xml HTTP/1.1" 304 - "-" "rss2email/2.65 +http://www.aaronsw.com/2002/rss2email/"
89.16.161.240 - - [27/Jan/2010:17:00:04 +0000] "GET /courses/fs102sp10/blog/index.rss HTTP/1.1" 304 - "-" "rss2email/2.65 +http://www.aaronsw.com/2002/rss2email/"
89.16.161.240 - - [27/Jan/2010:17:10:04 +0000] "GET /courses/cmpsc220sp10/blog/index.xml HTTP/1.1" 304 - "-" "rss2email/2.65 +http://www.aaronsw.com/2002/rss2email/"
89.16.161.240 - - [27/Jan/2010:17:10:04 +0000] "GET /courses/fs102sp10/blog/index.rss HTTP/1.1" 304 - "-" "rss2email/2.65 +http://www.aaronsw.com/2002/rss2email/"
89.16.161.240 - - [27/Jan/2010:17:20:03 +0000] "GET /courses/cmpsc220sp10/blog/index.xml HTTP/1.1" 304 - "-" "rss2email/2.65 +http://www.aaronsw.com/2002/rss2email/"
89.16.161.240 - - [27/Jan/2010:17:20:04 +0000] "GET /courses/fs102sp10/blog/index.rss HTTP/1.1" 304 - "-" "rss2email/2.65 +http://www.aaronsw.com/2002/rss2email/"
89.16.161.240 - - [27/Jan/2010:17:30:04 +0000] "GET /courses/cmpsc220sp10/blog/index.xml HTTP/1.1" 304 - "-" "rss2email/2.65 +http://www.aaronsw.com/2002/rss2email/"
89.16.161.240 - - [27/Jan/2010:17:30:04 +0000] "GET /courses/fs102sp10/blog/index.rss HTTP/1.1" 304 - "-" "rss2email/2.65 +http://www.aaronsw.com/2002/rss2email/"
38.108.67.17 - - [27/Jan/2010:17:30:54 +0000] "GET /robots.txt HTTP/1.0" 404 360 "-" "SBIder/Nutch-1.0-dev (http://www.sitesell.com/sbider.html)"
38.108.67.17 - - [27/Jan/2010:17:30:55 +0000] "GET /courses/cmpsc112f09/ HTTP/1.0" 200 2406 "-" "SBIder/Nutch-1.0-dev (http://www.sitesell.com/sbider.html)"
89.16.161.240 - - [27/Jan/2010:17:40:03 +0000] "GET /courses/cmpsc220sp10/blog/index.xml HTTP/1.1" 304 - "-" "rss2email/2.65 +http://www.aaronsw.com/2002/rss2email/"
89.16.161.240 - - [27/Jan/2010:17:40:03 +0000] "GET /courses/fs102sp10/blog/index.rss HTTP/1.1" 304 - "-" "rss2email/2.65 +http://www.aaronsw.com/2002/rss2email/"
67.195.37.176 - - [27/Jan/2010:17:40:55 +0000] "GET /courses/fs102sp10/blog/course-texts.html HTTP/1.0" 200 2612 "-" "Mozilla/5.0 (compatible; Yahoo! Slurp/3.0; http://help.yahoo.com/help/us/ysearch/slurp)"
89.16.161.240 - - [27/Jan/2010:17:50:03 +0000] "GET /courses/cmpsc220sp10/blog/index.xml HTTP/1.1" 304 - "-" "rss2email/2.65 +http://www.aaronsw.com/2002/rss2email/"
89.16.161.240 - - [27/Jan/2010:17:50:03 +0000] "GET /courses/fs102sp10/blog/index.rss HTTP/1.1" 304 - "-" "rss2email/2.65 +http://www.aaronsw.com/2002/rss2email/"
77.88.29.248 - - [27/Jan/2010:17:53:05 +0000] "GET /courses/cmpsc220sp09/materials/20090420-cmpsc220-reflection.pdf HTTP/1.1" 200 877264 "-" "Yandex/1.01.001 (compatible; Win16; I)"
71.33.40.182 - - [27/Jan/2010:17:57:41 +0000] "GET /courses/cmpsc220sp09/_Media/firefly_objects_in_space-2.png HTTP/1.1" 200 139090 "http://www.twilightsucks.com/forum/phpBB3/viewtopic.php?f=39&t=14210&start=125" "Mozilla/5.0 (Windows; U; Windows NT 6.0; en-US; rv:1.9.1.7) Gecko/20091221 WINFC 2.0.0.1 Firefox/3.5.7 (.NET CLR 3.5.30729)"
66.249.65.153 - - [27/Jan/2010:17:58:16 +0000] "GET /robots.txt HTTP/1.1" 404 360 "-" "Mozilla/5.0 (compatible; Googlebot/2.1; +http://www.google.com/bot.html)"
66.249.65.153 - - [27/Jan/2010:17:58:16 +0000] "GET /courses/fs102sp10/sitemap.xml.gz HTTP/1.1" 304 - "-" "Mozilla/5.0 (compatible; Googlebot/2.1; +http://www.google.com/bot.html)"
89.16.161.240 - - [27/Jan/2010:18:00:05 +0000] "GET /courses/cmpsc220sp10/blog/index.xml HTTP/1.1" 304 - "-" "rss2email/2.65 +http://www.aaronsw.com/2002/rss2email/"
89.16.161.240 - - [27/Jan/2010:18:00:05 +0000] "GET /courses/fs102sp10/blog/index.rss HTTP/1.1" 304 - "-" "rss2email/2.65 +http://www.aaronsw.com/2002/rss2email/"
71.83.180.66 - - [27/Jan/2010:18:05:39 +0000] "GET /courses/cmpsc220sp09/blog/student_art_show.html HTTP/1.1" 200 2879 "http://images.google.com/imgres?imgurl=http://www.rockalypse.org/courses/cmpsc220sp09/_Media/art-show-poster-2.png&imgrefurl=http://www.rockalypse.org/courses/cmpsc220sp09/blog/student_art_show.html&usg=__amk2O0DN7YMXShrtypfpWyqUrf4=&h=455&w=320&sz=205&hl=en&start=33&tbnid=2ovDj0vPR3sUsM:&tbnh=128&tbnw=90&prev=/images%3Fq%3Dinteresting%2Bposter%2Bart%26gbv%3D2%26ndsp%3D18%26hl%3Den%26safe%3Dactive%26sa%3DN%26start%3D18" "Mozilla/5.0 (Macintosh; U; Intel Mac OS X 10_5_8; en-us) AppleWebKit/531.21.8 (KHTML, like Gecko) Version/4.0.4 Safari/531.21.10"
71.83.180.66 - - [27/Jan/2010:18:05:40 +0000] "GET /courses/cmpsc220sp09/_Resources/rssbadge.css HTTP/1.1" 200 225 "http://www.rockalypse.org/courses/cmpsc220sp09/blog/student_art_show.html" "Mozilla/5.0 (Macintosh; U; Intel Mac OS X 10_5_8; en-us) AppleWebKit/531.21.8 (KHTML, like Gecko) Version/4.0.4 Safari/531.21.10"
71.83.180.66 - - [27/Jan/2010:18:05:40 +0000] "GET /courses/cmpsc220sp09/sandvox_Distinction/main.css HTTP/1.1" 200 2429 "http://www.rockalypse.org/courses/cmpsc220sp09/blog/student_art_show.html" "Mozilla/5.0 (Macintosh; U; Intel Mac OS X 10_5_8; en-us) AppleWebKit/531.21.8 (KHTML, like Gecko) Version/4.0.4 Safari/531.21.10"
71.83.180.66 - - [27/Jan/2010:18:05:40 +0000] "GET /courses/cmpsc220sp09/_Resources/sandvox.css HTTP/1.1" 200 450 "http://www.rockalypse.org/courses/cmpsc220sp09/blog/student_art_show.html" "Mozilla/5.0 (Macintosh; U; Intel Mac OS X 10_5_8; en-us) AppleWebKit/531.21.8 (KHTML, like Gecko) Version/4.0.4 Safari/531.21.10"
71.83.180.66 - - [27/Jan/2010:18:05:40 +0000] "GET /courses/cmpsc220sp09/highlight/prettify.css HTTP/1.1" 200 214 "http://www.rockalypse.org/courses/cmpsc220sp09/blog/student_art_show.html" "Mozilla/5.0 (Macintosh; U; Intel Mac OS X 10_5_8; en-us) AppleWebKit/531.21.8 (KHTML, like Gecko) Version/4.0.4 Safari/531.21.10"
71.83.180.66 - - [27/Jan/2010:18:05:40 +0000] "GET /courses/cmpsc220sp09/highlight/prettify.js HTTP/1.1" 200 5139 "http://www.rockalypse.org/courses/cmpsc220sp09/blog/student_art_show.html" "Mozilla/5.0 (Macintosh; U; Intel Mac OS X 10_5_8; en-us) AppleWebKit/531.21.8 (KHTML, like Gecko) Version/4.0.4 Safari/531.21.10"
71.83.180.66 - - [27/Jan/2010:18:05:40 +0000] "GET /courses/cmpsc220sp09/highlight/lang-lisp.js HTTP/1.1" 200 1679 "http://www.rockalypse.org/courses/cmpsc220sp09/blog/student_art_show.html" "Mozilla/5.0 (Macintosh; U; Intel Mac OS X 10_5_8; en-us) AppleWebKit/531.21.8 (KHTML, like Gecko) Version/4.0.4 Safari/531.21.10"
71.83.180.66 - - [27/Jan/2010:18:05:40 +0000] "GET /courses/cmpsc220sp09/_Resources/rss.gif HTTP/1.1" 200 120 "http://www.rockalypse.org/courses/cmpsc220sp09/blog/student_art_show.html" "Mozilla/5.0 (Macintosh; U; Intel Mac OS X 10_5_8; en-us) AppleWebKit/531.21.8 (KHTML, like Gecko) Version/4.0.4 Safari/531.21.10"
71.83.180.66 - - [27/Jan/2010:18:05:40 +0000] "GET /courses/cmpsc220sp09/_Media/erlang-logo-2.png HTTP/1.1" 200 24294 "http://www.rockalypse.org/courses/cmpsc220sp09/blog/student_art_show.html" "Mozilla/5.0 (Macintosh; U; Intel Mac OS X 10_5_8; en-us) AppleWebKit/531.21.8 (KHTML, like Gecko) Version/4.0.4 Safari/531.21.10"
71.83.180.66 - - [27/Jan/2010:18:05:40 +0000] "GET /courses/cmpsc220sp09/_Media/art-show-poster-2.png HTTP/1.1" 200 209187 "http://www.rockalypse.org/courses/cmpsc220sp09/blog/student_art_show.html" "Mozilla/5.0 (Macintosh; U; Intel Mac OS X 10_5_8; en-us) AppleWebKit/531.21.8 (KHTML, like Gecko) Version/4.0.4 Safari/531.21.10"
71.83.180.66 - - [27/Jan/2010:18:05:40 +0000] "GET /courses/cmpsc220sp09/_Media/art-show-poster-2.png HTTP/1.1" 200 209187 "http://images.google.com/imgres?imgurl=http://www.rockalypse.org/courses/cmpsc220sp09/_Media/art-show-poster-2.png&imgrefurl=http://www.rockalypse.org/courses/cmpsc220sp09/blog/student_art_show.html&usg=__amk2O0DN7YMXShrtypfpWyqUrf4=&h=455&w=320&sz=205&hl=en&start=33&tbnid=2ovDj0vPR3sUsM:&tbnh=128&tbnw=90&prev=/images%3Fq%3Dinteresting%2Bposter%2Bart%26gbv%3D2%26ndsp%3D18%26hl%3Den%26safe%3Dactive%26sa%3DN%26start%3D18" "Mozilla/5.0 (Macintosh; U; Intel Mac OS X 10_5_8; en-us) AppleWebKit/531.21.8 (KHTML, like Gecko) Version/4.0.4 Safari/531.21.10"
71.83.180.66 - - [27/Jan/2010:18:05:42 +0000] "GET /favicon.ico HTTP/1.1" 404 361 "http://www.rockalypse.org/courses/cmpsc220sp09/_Media/art-show-poster-2.png" "Mozilla/5.0 (Macintosh; U; Intel Mac OS X 10_5_8; en-us) AppleWebKit/531.21.8 (KHTML, like Gecko) Version/4.0.4 Safari/531.21.10"
71.83.180.66 - - [27/Jan/2010:18:05:47 +0000] "GET /courses/cmpsc220sp09/_Resources/rss.gif HTTP/1.1" 200 120 "http://www.rockalypse.org/courses/cmpsc220sp09/blog/student_art_show.html" "Mozilla/5.0 (Macintosh; U; Intel Mac OS X 10_5_8; en-us) AppleWebKit/531.21.8 (KHTML, like Gecko) Version/4.0.4 Safari/531.21.10"
71.83.180.66 - - [27/Jan/2010:18:05:47 +0000] "GET /courses/cmpsc220sp09/_Media/erlang-logo-2.png HTTP/1.1" 200 24294 "http://www.rockalypse.org/courses/cmpsc220sp09/blog/student_art_show.html" "Mozilla/5.0 (Macintosh; U; Intel Mac OS X 10_5_8; en-us) AppleWebKit/531.21.8 (KHTML, like Gecko) Version/4.0.4 Safari/531.21.10"
89.16.161.240 - - [27/Jan/2010:18:10:04 +0000] "GET /courses/cmpsc220sp10/blog/index.xml HTTP/1.1" 304 - "-" "rss2email/2.65 +http://www.aaronsw.com/2002/rss2email/"
89.16.161.240 - - [27/Jan/2010:18:10:04 +0000] "GET /courses/fs102sp10/blog/index.rss HTTP/1.1" 304 - "-" "rss2email/2.65 +http://www.aaronsw.com/2002/rss2email/"
141.195.136.134 - - [27/Jan/2010:18:14:27 +0000] "GET /courses/fs102sp10/to-do/ HTTP/1.1" 200 3753 "-" "Mozilla/5.0 (Windows; U; Windows NT 5.1; en-US) AppleWebKit/532.0 (KHTML, like Gecko) Chrome/3.0.195.38 Safari/532.0"
141.195.136.134 - - [27/Jan/2010:18:14:27 +0000] "GET /courses/fs102sp10/_Resources/sandvox.css HTTP/1.1" 200 490 "http://www.rockalypse.org/courses/fs102sp10/to-do/" "Mozilla/5.0 (Windows; U; Windows NT 5.1; en-US) AppleWebKit/532.0 (KHTML, like Gecko) Chrome/3.0.195.38 Safari/532.0"
141.195.136.134 - - [27/Jan/2010:18:14:27 +0000] "GET /courses/fs102sp10/sandvox_Red/main.css HTTP/1.1" 200 2234 "http://www.rockalypse.org/courses/fs102sp10/to-do/" "Mozilla/5.0 (Windows; U; Windows NT 5.1; en-US) AppleWebKit/532.0 (KHTML, like Gecko) Chrome/3.0.195.38 Safari/532.0"
141.195.136.134 - - [27/Jan/2010:18:14:27 +0000] "GET /courses/fs102sp10/images/cc-by-sa-nc.png HTTP/1.1" 200 697 "http://www.rockalypse.org/courses/fs102sp10/to-do/" "Mozilla/5.0 (Windows; U; Windows NT 5.1; en-US) AppleWebKit/532.0 (KHTML, like Gecko) Chrome/3.0.195.38 Safari/532.0"
141.195.136.134 - - [27/Jan/2010:18:14:27 +0000] "GET /courses/fs102sp10/_Media/pastedimage.png HTTP/1.1" 200 9609 "http://www.rockalypse.org/courses/fs102sp10/to-do/" "Mozilla/5.0 (Windows; U; Windows NT 5.1; en-US) AppleWebKit/532.0 (KHTML, like Gecko) Chrome/3.0.195.38 Safari/532.0"
141.195.136.134 - - [27/Jan/2010:18:14:48 +0000] "GET /courses/fs102sp10/blog/ HTTP/1.1" 200 3783 "http://www.rockalypse.org/courses/fs102sp10/to-do/" "Mozilla/5.0 (Windows; U; Windows NT 5.1; en-US) AppleWebKit/532.0 (KHTML, like Gecko) Chrome/3.0.195.38 Safari/532.0"
141.195.136.134 - - [27/Jan/2010:18:14:48 +0000] "GET /courses/fs102sp10/_Resources/rssbadge.css HTTP/1.1" 200 225 "http://www.rockalypse.org/courses/fs102sp10/blog/" "Mozilla/5.0 (Windows; U; Windows NT 5.1; en-US) AppleWebKit/532.0 (KHTML, like Gecko) Chrome/3.0.195.38 Safari/532.0"
141.195.136.134 - - [27/Jan/2010:18:14:48 +0000] "GET /courses/fs102sp10/_Resources/orange_small.png HTTP/1.1" 200 689 "http://www.rockalypse.org/courses/fs102sp10/blog/" "Mozilla/5.0 (Windows; U; Windows NT 5.1; en-US) AppleWebKit/532.0 (KHTML, like Gecko) Chrome/3.0.195.38 Safari/532.0"
141.195.136.134 - - [27/Jan/2010:18:15:03 +0000] "GET /courses/fs102sp10/syllabus/ HTTP/1.1" 200 4454 "http://www.rockalypse.org/courses/fs102sp10/blog/" "Mozilla/5.0 (Windows; U; Windows NT 5.1; en-US) AppleWebKit/532.0 (KHTML, like Gecko) Chrome/3.0.195.38 Safari/532.0"
141.195.136.134 - - [27/Jan/2010:18:15:04 +0000] "GET /courses/fs102sp10/images/freedom-small.png HTTP/1.1" 200 26493 "http://www.rockalypse.org/courses/fs102sp10/syllabus/" "Mozilla/5.0 (Windows; U; Windows NT 5.1; en-US) AppleWebKit/532.0 (KHTML, like Gecko) Chrome/3.0.195.38 Safari/532.0"
89.16.161.240 - - [27/Jan/2010:18:20:04 +0000] "GET /courses/cmpsc220sp10/blog/index.xml HTTP/1.1" 304 - "-" "rss2email/2.65 +http://www.aaronsw.com/2002/rss2email/"
89.16.161.240 - - [27/Jan/2010:18:20:04 +0000] "GET /courses/fs102sp10/blog/index.rss HTTP/1.1" 304 - "-" "rss2email/2.65 +http://www.aaronsw.com/2002/rss2email/"
75.159.234.57 - - [27/Jan/2010:18:22:39 +0000] "GET /courses/cmpsc220sp09/_Media/firefly_objects_in_space-2.png HTTP/1.1" 200 139090 "http://www.twilightsucks.com/forum/phpBB3/viewtopic.php?f=39&t=14210&p=764171" "Mozilla/5.0 (Windows; U; Windows NT 6.1; en-GB; rv:1.9.1.7) Gecko/20091221 Firefox/3.5.7"
82.197.254.16 - - [27/Jan/2010:18:22:43 +0000] "GET /courses/cmpsc220sp09/_Media/firefly_objects_in_space-2.png HTTP/1.1" 200 139090 "http://twilightsucks.com/forum/phpBB3/viewtopic.php?f=75&p=562768" "Mozilla/4.0 (compatible; MSIE 8.0; Windows NT 6.0; Trident/4.0; GTB6; SLCC1; .NET CLR 2.0.50727; Media Center PC 5.0; eSobiSubscriber 2.0.4.16; .NET CLR 3.5.30729; InfoPath.2; .NET CLR 3.0.30729)"
97.67.113.105 - - [27/Jan/2010:18:29:27 +0000] "GET /courses/cmpsc220sp09/_Media/firefly_objects_in_space-2.png HTTP/1.1" 200 139090 "http://www.twilightsucks.com/forum/phpBB3/viewtopic.php?f=39&t=14210&start=100" "Mozilla/5.0 (Macintosh; U; PPC Mac OS X 10.4; en-US; rv:1.9.1.7) Gecko/20091221 Firefox/3.5.7"
89.16.161.240 - - [27/Jan/2010:18:30:04 +0000] "GET /courses/cmpsc220sp10/blog/index.xml HTTP/1.1" 304 - "-" "rss2email/2.65 +http://www.aaronsw.com/2002/rss2email/"
89.16.161.240 - - [27/Jan/2010:18:30:04 +0000] "GET /courses/fs102sp10/blog/index.rss HTTP/1.1" 304 - "-" "rss2email/2.65 +http://www.aaronsw.com/2002/rss2email/"
141.195.238.41 - - [27/Jan/2010:18:31:08 +0000] "GET / HTTP/1.1" 200 3806 "-" "Mozilla/4.0 (compatible; MSIE 7.0; Windows NT 5.1; MathPlayer 2.10b; .NET CLR 2.0.50727; .NET CLR 1.1.4322; .NET CLR 3.0.04506.30; .NET CLR 3.0.04506.648; .NET CLR 3.0.4506.2152; .NET CLR 3.5.30729)"
141.195.238.41 - - [27/Jan/2010:18:31:09 +0000] "GET /sandvox_Imagine/main.css HTTP/1.1" 200 3654 "http://rockalypse.org/" "Mozilla/4.0 (compatible; MSIE 7.0; Windows NT 5.1; MathPlayer 2.10b; .NET CLR 2.0.50727; .NET CLR 1.1.4322; .NET CLR 3.0.04506.30; .NET CLR 3.0.04506.648; .NET CLR 3.0.4506.2152; .NET CLR 3.5.30729)"
141.195.238.41 - - [27/Jan/2010:18:31:09 +0000] "GET /_Resources/sandvox.css HTTP/1.1" 200 490 "http://rockalypse.org/" "Mozilla/4.0 (compatible; MSIE 7.0; Windows NT 5.1; MathPlayer 2.10b; .NET CLR 2.0.50727; .NET CLR 1.1.4322; .NET CLR 3.0.04506.30; .NET CLR 3.0.04506.648; .NET CLR 3.0.4506.2152; .NET CLR 3.5.30729)"
141.195.238.41 - - [27/Jan/2010:18:31:09 +0000] "GET /sandvox_Imagine/background.png HTTP/1.1" 200 598 "http://rockalypse.org/" "Mozilla/4.0 (compatible; MSIE 7.0; Windows NT 5.1; MathPlayer 2.10b; .NET CLR 2.0.50727; .NET CLR 1.1.4322; .NET CLR 3.0.04506.30; .NET CLR 3.0.04506.648; .NET CLR 3.0.4506.2152; .NET CLR 3.5.30729)"
141.195.238.41 - - [27/Jan/2010:18:31:09 +0000] "GET /sandvox_Imagine/sidebarbackground.gif HTTP/1.1" 200 166 "http://rockalypse.org/" "Mozilla/4.0 (compatible; MSIE 7.0; Windows NT 5.1; MathPlayer 2.10b; .NET CLR 2.0.50727; .NET CLR 1.1.4322; .NET CLR 3.0.04506.30; .NET CLR 3.0.04506.648; .NET CLR 3.0.4506.2152; .NET CLR 3.5.30729)"
141.195.238.41 - - [27/Jan/2010:18:31:09 +0000] "GET /_Media/lordi-3.png HTTP/1.1" 200 80544 "http://rockalypse.org/" "Mozilla/4.0 (compatible; MSIE 7.0; Windows NT 5.1; MathPlayer 2.10b; .NET CLR 2.0.50727; .NET CLR 1.1.4322; .NET CLR 3.0.04506.30; .NET CLR 3.0.04506.648; .NET CLR 3.0.4506.2152; .NET CLR 3.5.30729)"
141.195.238.41 - - [27/Jan/2010:18:31:09 +0000] "GET /_Media/lego-banner-3.png HTTP/1.1" 200 459369 "http://rockalypse.org/" "Mozilla/4.0 (compatible; MSIE 7.0; Windows NT 5.1; MathPlayer 2.10b; .NET CLR 2.0.50727; .NET CLR 1.1.4322; .NET CLR 3.0.04506.30; .NET CLR 3.0.04506.648; .NET CLR 3.0.4506.2152; .NET CLR 3.5.30729)"
141.195.238.41 - - [27/Jan/2010:18:31:11 +0000] "GET /courses/cmpsc220sp10/ HTTP/1.1" 200 3880 "http://rockalypse.org/" "Mozilla/4.0 (compatible; MSIE 7.0; Windows NT 5.1; MathPlayer 2.10b; .NET CLR 2.0.50727; .NET CLR 1.1.4322; .NET CLR 3.0.04506.30; .NET CLR 3.0.04506.648; .NET CLR 3.0.4506.2152; .NET CLR 3.5.30729)"
141.195.238.41 - - [27/Jan/2010:18:31:11 +0000] "GET /courses/cmpsc220sp10/_Resources/sandvox.css HTTP/1.1" 200 490 "http://www.rockalypse.org/courses/cmpsc220sp10/" "Mozilla/4.0 (compatible; MSIE 7.0; Windows NT 5.1; MathPlayer 2.10b; .NET CLR 2.0.50727; .NET CLR 1.1.4322; .NET CLR 3.0.04506.30; .NET CLR 3.0.04506.648; .NET CLR 3.0.4506.2152; .NET CLR 3.5.30729)"
141.195.238.41 - - [27/Jan/2010:18:31:11 +0000] "GET /courses/cmpsc220sp10/sandvox_DistinctionGreen/main.css HTTP/1.1" 200 2425 "http://www.rockalypse.org/courses/cmpsc220sp10/" "Mozilla/4.0 (compatible; MSIE 7.0; Windows NT 5.1; MathPlayer 2.10b; .NET CLR 2.0.50727; .NET CLR 1.1.4322; .NET CLR 3.0.04506.30; .NET CLR 3.0.04506.648; .NET CLR 3.0.4506.2152; .NET CLR 3.5.30729)"
141.195.238.41 - - [27/Jan/2010:18:31:11 +0000] "GET /courses/cmpsc220sp09/highlight/prettify.css HTTP/1.1" 200 214 "http://www.rockalypse.org/courses/cmpsc220sp10/" "Mozilla/4.0 (compatible; MSIE 7.0; Windows NT 5.1; MathPlayer 2.10b; .NET CLR 2.0.50727; .NET CLR 1.1.4322; .NET CLR 3.0.04506.30; .NET CLR 3.0.04506.648; .NET CLR 3.0.4506.2152; .NET CLR 3.5.30729)"
141.195.238.41 - - [27/Jan/2010:18:31:11 +0000] "GET /courses/cmpsc220sp09/highlight/prettify.js HTTP/1.1" 200 5139 "http://www.rockalypse.org/courses/cmpsc220sp10/" "Mozilla/4.0 (compatible; MSIE 7.0; Windows NT 5.1; MathPlayer 2.10b; .NET CLR 2.0.50727; .NET CLR 1.1.4322; .NET CLR 3.0.04506.30; .NET CLR 3.0.04506.648; .NET CLR 3.0.4506.2152; .NET CLR 3.5.30729)"
141.195.238.41 - - [27/Jan/2010:18:31:12 +0000] "GET /courses/cmpsc220sp09/highlight/lang-lisp.js HTTP/1.1" 200 1679 "http://www.rockalypse.org/courses/cmpsc220sp10/" "Mozilla/4.0 (compatible; MSIE 7.0; Windows NT 5.1; MathPlayer 2.10b; .NET CLR 2.0.50727; .NET CLR 1.1.4322; .NET CLR 3.0.04506.30; .NET CLR 3.0.04506.648; .NET CLR 3.0.4506.2152; .NET CLR 3.5.30729)"
141.195.238.41 - - [27/Jan/2010:18:31:12 +0000] "GET /courses/cmpsc220sp10/_Media/freeduino-2.png HTTP/1.1" 200 38896 "http://www.rockalypse.org/courses/cmpsc220sp10/" "Mozilla/4.0 (compatible; MSIE 7.0; Windows NT 5.1; MathPlayer 2.10b; .NET CLR 2.0.50727; .NET CLR 1.1.4322; .NET CLR 3.0.04506.30; .NET CLR 3.0.04506.648; .NET CLR 3.0.4506.2152; .NET CLR 3.5.30729)"
141.195.238.41 - - [27/Jan/2010:18:31:13 +0000] "GET /courses/cmpsc220sp10/_Media/20090110-language-poster-3.png HTTP/1.1" 200 65490 "http://www.rockalypse.org/courses/cmpsc220sp10/" "Mozilla/4.0 (compatible; MSIE 7.0; Windows NT 5.1; MathPlayer 2.10b; .NET CLR 2.0.50727; .NET CLR 1.1.4322; .NET CLR 3.0.04506.30; .NET CLR 3.0.04506.648; .NET CLR 3.0.4506.2152; .NET CLR 3.5.30729)"
141.195.238.41 - - [27/Jan/2010:18:31:14 +0000] "GET /courses/cmpsc220sp10/_Media/freeduino-2.ico HTTP/1.1" 200 584 "-" "Mozilla/4.0 (compatible; MSIE 7.0; Windows NT 5.1; MathPlayer 2.10b; .NET CLR 2.0.50727; .NET CLR 1.1.4322; .NET CLR 3.0.04506.30; .NET CLR 3.0.04506.648; .NET CLR 3.0.4506.2152; .NET CLR 3.5.30729)"
141.195.238.41 - - [27/Jan/2010:18:31:16 +0000] "GET /courses/cmpsc220sp10/blog/ HTTP/1.1" 200 5395 "http://www.rockalypse.org/courses/cmpsc220sp10/" "Mozilla/4.0 (compatible; MSIE 7.0; Windows NT 5.1; MathPlayer 2.10b; .NET CLR 2.0.50727; .NET CLR 1.1.4322; .NET CLR 3.0.04506.30; .NET CLR 3.0.04506.648; .NET CLR 3.0.4506.2152; .NET CLR 3.5.30729)"
141.195.238.41 - - [27/Jan/2010:18:31:16 +0000] "GET /courses/cmpsc220sp10/_Resources/rssbadge.css HTTP/1.1" 200 225 "http://www.rockalypse.org/courses/cmpsc220sp10/blog/" "Mozilla/4.0 (compatible; MSIE 7.0; Windows NT 5.1; MathPlayer 2.10b; .NET CLR 2.0.50727; .NET CLR 1.1.4322; .NET CLR 3.0.04506.30; .NET CLR 3.0.04506.648; .NET CLR 3.0.4506.2152; .NET CLR 3.5.30729)"
141.195.238.41 - - [27/Jan/2010:18:31:16 +0000] "GET /courses/cmpsc220sp10/_Resources/rss.gif HTTP/1.1" 200 120 "http://www.rockalypse.org/courses/cmpsc220sp10/blog/" "Mozilla/4.0 (compatible; MSIE 7.0; Windows NT 5.1; MathPlayer 2.10b; .NET CLR 2.0.50727; .NET CLR 1.1.4322; .NET CLR 3.0.04506.30; .NET CLR 3.0.04506.648; .NET CLR 3.0.4506.2152; .NET CLR 3.5.30729)"
141.195.238.41 - - [27/Jan/2010:18:31:17 +0000] "GET /courses/cmpsc220sp10/_Media/erlang-logo-2.png HTTP/1.1" 200 24294 "http://www.rockalypse.org/courses/cmpsc220sp10/blog/" "Mozilla/4.0 (compatible; MSIE 7.0; Windows NT 5.1; MathPlayer 2.10b; .NET CLR 2.0.50727; .NET CLR 1.1.4322; .NET CLR 3.0.04506.30; .NET CLR 3.0.04506.648; .NET CLR 3.0.4506.2152; .NET CLR 3.5.30729)"
141.195.238.41 - - [27/Jan/2010:18:31:17 +0000] "GET /courses/cmpsc220sp10/_Media/pastedgraphic-17.png HTTP/1.1" 200 23549 "http://www.rockalypse.org/courses/cmpsc220sp10/blog/" "Mozilla/4.0 (compatible; MSIE 7.0; Windows NT 5.1; MathPlayer 2.10b; .NET CLR 2.0.50727; .NET CLR 1.1.4322; .NET CLR 3.0.04506.30; .NET CLR 3.0.04506.648; .NET CLR 3.0.4506.2152; .NET CLR 3.5.30729)"
141.195.238.41 - - [27/Jan/2010:18:31:21 +0000] "GET /courses/cmpsc220sp10/resources/ben-ari-understanding-progr.html HTTP/1.1" 200 2525 "http://www.rockalypse.org/courses/cmpsc220sp10/blog/" "Mozilla/4.0 (compatible; MSIE 7.0; Windows NT 5.1; MathPlayer 2.10b; .NET CLR 2.0.50727; .NET CLR 1.1.4322; .NET CLR 3.0.04506.30; .NET CLR 3.0.04506.648; .NET CLR 3.0.4506.2152; .NET CLR 3.5.30729)"
141.195.238.41 - - [27/Jan/2010:18:31:40 +0000] "GET /courses/cmpsc220sp10/protected/ben-ari-prog-lang.pdf HTTP/1.1" 200 2036263 "http://www.rockalypse.org/courses/cmpsc220sp10/resources/ben-ari-understanding-progr.html" "Mozilla/4.0 (compatible; MSIE 7.0; Windows NT 5.1; MathPlayer 2.10b; .NET CLR 2.0.50727; .NET CLR 1.1.4322; .NET CLR 3.0.04506.30; .NET CLR 3.0.04506.648; .NET CLR 3.0.4506.2152; .NET CLR 3.5.30729)"
150.70.84.155 - - [27/Jan/2010:18:33:54 +0000] "GET / HTTP/1.0" 200 13024 "-" "Mozilla/4.0 (compatible; MSIE 6.0; Windows NT 5.1)"
150.70.84.155 - - [27/Jan/2010:18:34:13 +0000] "GET /courses/cmpsc220sp10/ HTTP/1.0" 200 11477 "-" "Mozilla/4.0 (compatible; MSIE 6.0; Windows NT 5.1)"
141.195.27.29 - - [27/Jan/2010:18:35:10 +0000] "GET /courses/fs102sp10/blog/reading-for-thursday.html HTTP/1.1" 200 2577 "-" "Mozilla/5.0 (Macintosh; U; Intel Mac OS X 10_5_8; en-us) AppleWebKit/531.9 (KHTML, like Gecko) Version/4.0.3 Safari/531.9"
141.195.27.29 - - [27/Jan/2010:18:35:11 +0000] "GET /courses/fs102sp10/_Resources/sandvox.css HTTP/1.1" 200 490 "http://www.rockalypse.org/courses/fs102sp10/blog/reading-for-thursday.html" "Mozilla/5.0 (Macintosh; U; Intel Mac OS X 10_5_8; en-us) AppleWebKit/531.9 (KHTML, like Gecko) Version/4.0.3 Safari/531.9"
141.195.27.29 - - [27/Jan/2010:18:35:11 +0000] "GET /courses/fs102sp10/_Resources/rssbadge.css HTTP/1.1" 200 225 "http://www.rockalypse.org/courses/fs102sp10/blog/reading-for-thursday.html" "Mozilla/5.0 (Macintosh; U; Intel Mac OS X 10_5_8; en-us) AppleWebKit/531.9 (KHTML, like Gecko) Version/4.0.3 Safari/531.9"
141.195.27.29 - - [27/Jan/2010:18:35:11 +0000] "GET /courses/fs102sp10/sandvox_Red/main.css HTTP/1.1" 200 2234 "http://www.rockalypse.org/courses/fs102sp10/blog/reading-for-thursday.html" "Mozilla/5.0 (Macintosh; U; Intel Mac OS X 10_5_8; en-us) AppleWebKit/531.9 (KHTML, like Gecko) Version/4.0.3 Safari/531.9"
141.195.27.29 - - [27/Jan/2010:18:35:11 +0000] "GET /courses/fs102sp10/_Resources/orange_small.png HTTP/1.1" 200 689 "http://www.rockalypse.org/courses/fs102sp10/blog/reading-for-thursday.html" "Mozilla/5.0 (Macintosh; U; Intel Mac OS X 10_5_8; en-us) AppleWebKit/531.9 (KHTML, like Gecko) Version/4.0.3 Safari/531.9"
141.195.27.29 - - [27/Jan/2010:18:35:11 +0000] "GET /courses/fs102sp10/images/cc-by-sa-nc.png HTTP/1.1" 304 - "http://www.rockalypse.org/courses/fs102sp10/blog/reading-for-thursday.html" "Mozilla/5.0 (Macintosh; U; Intel Mac OS X 10_5_8; en-us) AppleWebKit/531.9 (KHTML, like Gecko) Version/4.0.3 Safari/531.9"
141.195.27.29 - - [27/Jan/2010:18:35:11 +0000] "GET /courses/fs102sp10/_Media/pastedimage.png HTTP/1.1" 200 9609 "http://www.rockalypse.org/courses/fs102sp10/blog/reading-for-thursday.html" "Mozilla/5.0 (Macintosh; U; Intel Mac OS X 10_5_8; en-us) AppleWebKit/531.9 (KHTML, like Gecko) Version/4.0.3 Safari/531.9"
141.195.27.29 - - [27/Jan/2010:18:35:11 +0000] "GET /courses/fs102sp10/_Media/32favicon.ico HTTP/1.1" 200 498 "http://www.rockalypse.org/courses/fs102sp10/blog/reading-for-thursday.html" "Mozilla/5.0 (Macintosh; U; Intel Mac OS X 10_5_8; en-us) AppleWebKit/531.9 (KHTML, like Gecko) Version/4.0.3 Safari/531.9"
141.195.27.29 - - [27/Jan/2010:18:35:28 +0000] "GET /courses/fs102sp10/blog/ HTTP/1.1" 200 3783 "http://www.rockalypse.org/courses/fs102sp10/blog/reading-for-thursday.html" "Mozilla/5.0 (Macintosh; U; Intel Mac OS X 10_5_8; en-us) AppleWebKit/531.9 (KHTML, like Gecko) Version/4.0.3 Safari/531.9"
150.70.84.155 - - [27/Jan/2010:18:35:59 +0000] "GET /courses/cmpsc220sp10/blog/ HTTP/1.0" 200 16966 "-" "Mozilla/4.0 (compatible; MSIE 6.0; Windows NT 5.1)"
150.70.84.155 - - [27/Jan/2010:18:36:33 +0000] "GET /courses/cmpsc220sp10/protected/ben-ari-prog-lang.pdf HTTP/1.0" 200 2207194 "-" "Mozilla/4.0 (compatible; MSIE 6.0; Windows NT 5.1)"
150.70.84.155 - - [27/Jan/2010:18:36:42 +0000] "GET /courses/cmpsc220sp10/resources/ben-ari-understanding-progr.html HTTP/1.0" 200 8096 "-" "Mozilla/4.0 (compatible; MSIE 6.0; Windows NT 5.1)"
141.195.27.29 - - [27/Jan/2010:18:39:36 +0000] "GET /courses/fs102sp10/feeds/ HTTP/1.1" 200 1971 "http://www.rockalypse.org/courses/fs102sp10/to-do/delicious-bookmarks.html" "Mozilla/5.0 (Macintosh; U; Intel Mac OS X 10.5; en-US; rv:1.9.2) Gecko/20100115 Firefox/3.6"
141.195.27.29 - - [27/Jan/2010:18:39:36 +0000] "GET /courses/fs102sp10/_Resources/sandvox.css HTTP/1.1" 200 490 "http://www.rockalypse.org/courses/fs102sp10/feeds/" "Mozilla/5.0 (Macintosh; U; Intel Mac OS X 10.5; en-US; rv:1.9.2) Gecko/20100115 Firefox/3.6"
141.195.27.29 - - [27/Jan/2010:18:39:36 +0000] "GET /courses/fs102sp10/sandvox_Red/main.css HTTP/1.1" 304 - "http://www.rockalypse.org/courses/fs102sp10/feeds/" "Mozilla/5.0 (Macintosh; U; Intel Mac OS X 10.5; en-US; rv:1.9.2) Gecko/20100115 Firefox/3.6"
141.195.27.29 - - [27/Jan/2010:18:39:36 +0000] "GET /courses/fs102sp10/images/cc-by-sa-nc.png HTTP/1.1" 304 - "http://www.rockalypse.org/courses/fs102sp10/feeds/" "Mozilla/5.0 (Macintosh; U; Intel Mac OS X 10.5; en-US; rv:1.9.2) Gecko/20100115 Firefox/3.6"
141.195.27.29 - - [27/Jan/2010:18:39:37 +0000] "GET /courses/fs102sp10/_Media/pastedimage.png HTTP/1.1" 304 - "http://www.rockalypse.org/courses/fs102sp10/sandvox_Red/main.css" "Mozilla/5.0 (Macintosh; U; Intel Mac OS X 10.5; en-US; rv:1.9.2) Gecko/20100115 Firefox/3.6"
141.195.27.29 - - [27/Jan/2010:18:39:39 +0000] "GET /courses/fs102sp10/_Media/32favicon.ico HTTP/1.1" 304 - "-" "Mozilla/5.0 (Macintosh; U; Intel Mac OS X 10.5; en-US; rv:1.9.2) Gecko/20100115 Firefox/3.6"
141.195.27.29 - - [27/Jan/2010:18:39:40 +0000] "GET /courses/fs102sp10/blog/ HTTP/1.1" 200 3783 "http://www.rockalypse.org/courses/fs102sp10/feeds/" "Mozilla/5.0 (Macintosh; U; Intel Mac OS X 10.5; en-US; rv:1.9.2) Gecko/20100115 Firefox/3.6"
141.195.27.29 - - [27/Jan/2010:18:39:40 +0000] "GET /courses/fs102sp10/_Resources/rssbadge.css HTTP/1.1" 200 225 "http://www.rockalypse.org/courses/fs102sp10/blog/" "Mozilla/5.0 (Macintosh; U; Intel Mac OS X 10.5; en-US; rv:1.9.2) Gecko/20100115 Firefox/3.6"
141.195.27.29 - - [27/Jan/2010:18:39:40 +0000] "GET /courses/fs102sp10/_Resources/orange_small.png HTTP/1.1" 200 689 "http://www.rockalypse.org/courses/fs102sp10/blog/" "Mozilla/5.0 (Macintosh; U; Intel Mac OS X 10.5; en-US; rv:1.9.2) Gecko/20100115 Firefox/3.6"
75.117.23.102 - - [27/Jan/2010:18:39:40 +0000] "GET /courses/cmpsc220sp09/_Media/firefly_objects_in_space-2.png HTTP/1.1" 200 139090 "http://www.twilightsucks.com/forum/phpBB3/viewtopic.php?f=36&t=16646&sid=9ba98900f8e35b388e35305ad8e4f5f5" "Mozilla/5.0 (Windows; U; Windows NT 5.1; en-US; rv:1.9.1.7) Gecko/20091221 Firefox/3.5.7"
141.195.27.29 - - [27/Jan/2010:18:39:44 +0000] "GET /courses/fs102sp10/blog/reading-for-thursday.html HTTP/1.1" 200 2577 "http://www.rockalypse.org/courses/fs102sp10/blog/" "Mozilla/5.0 (Macintosh; U; Intel Mac OS X 10.5; en-US; rv:1.9.2) Gecko/20100115 Firefox/3.6"
141.195.27.29 - - [27/Jan/2010:18:39:49 +0000] "GET /courses/fs102sp10/to-do/ HTTP/1.1" 200 3753 "http://www.rockalypse.org/courses/fs102sp10/blog/reading-for-thursday.html" "Mozilla/5.0 (Macintosh; U; Intel Mac OS X 10.5; en-US; rv:1.9.2) Gecko/20100115 Firefox/3.6"
89.16.161.240 - - [27/Jan/2010:18:40:03 +0000] "GET /courses/cmpsc220sp10/blog/index.xml HTTP/1.1" 304 - "-" "rss2email/2.65 +http://www.aaronsw.com/2002/rss2email/"
89.16.161.240 - - [27/Jan/2010:18:40:03 +0000] "GET /courses/fs102sp10/blog/index.rss HTTP/1.1" 304 - "-" "rss2email/2.65 +http://www.aaronsw.com/2002/rss2email/"
141.195.27.29 - - [27/Jan/2010:18:43:05 +0000] "GET /courses/fs102sp10/blog/reading-for-thursday.html HTTP/1.1" 304 - "http://www.rockalypse.org/courses/fs102sp10/blog/" "Mozilla/5.0 (Macintosh; U; Intel Mac OS X 10.5; en-US; rv:1.9.2) Gecko/20100115 Firefox/3.6"
141.195.27.29 - - [27/Jan/2010:18:43:06 +0000] "GET /courses/fs102sp10/_Resources/sandvox.css HTTP/1.1" 304 - "http://www.rockalypse.org/courses/fs102sp10/blog/reading-for-thursday.html" "Mozilla/5.0 (Macintosh; U; Intel Mac OS X 10.5; en-US; rv:1.9.2) Gecko/20100115 Firefox/3.6"
141.195.27.29 - - [27/Jan/2010:18:43:06 +0000] "GET /courses/fs102sp10/sandvox_Red/main.css HTTP/1.1" 304 - "http://www.rockalypse.org/courses/fs102sp10/blog/reading-for-thursday.html" "Mozilla/5.0 (Macintosh; U; Intel Mac OS X 10.5; en-US; rv:1.9.2) Gecko/20100115 Firefox/3.6"
141.195.27.29 - - [27/Jan/2010:18:43:06 +0000] "GET /courses/fs102sp10/_Resources/orange_small.png HTTP/1.1" 304 - "http://www.rockalypse.org/courses/fs102sp10/blog/reading-for-thursday.html" "Mozilla/5.0 (Macintosh; U; Intel Mac OS X 10.5; en-US; rv:1.9.2) Gecko/20100115 Firefox/3.6"
141.195.27.29 - - [27/Jan/2010:18:43:06 +0000] "GET /courses/fs102sp10/_Resources/rssbadge.css HTTP/1.1" 304 - "http://www.rockalypse.org/courses/fs102sp10/blog/reading-for-thursday.html" "Mozilla/5.0 (Macintosh; U; Intel Mac OS X 10.5; en-US; rv:1.9.2) Gecko/20100115 Firefox/3.6"
141.195.27.29 - - [27/Jan/2010:18:43:06 +0000] "GET /courses/fs102sp10/_Media/pastedimage.png HTTP/1.1" 304 - "http://www.rockalypse.org/courses/fs102sp10/sandvox_Red/main.css" "Mozilla/5.0 (Macintosh; U; Intel Mac OS X 10.5; en-US; rv:1.9.2) Gecko/20100115 Firefox/3.6"
141.195.27.29 - - [27/Jan/2010:18:43:06 +0000] "GET /courses/fs102sp10/images/cc-by-sa-nc.png HTTP/1.1" 304 - "http://www.rockalypse.org/courses/fs102sp10/blog/reading-for-thursday.html" "Mozilla/5.0 (Macintosh; U; Intel Mac OS X 10.5; en-US; rv:1.9.2) Gecko/20100115 Firefox/3.6"
67.195.37.176 - - [27/Jan/2010:18:44:14 +0000] "GET /courses/fs101f09/to_do/week_one_encapsulation.html HTTP/1.0" 200 2394 "-" "Mozilla/5.0 (compatible; Yahoo! Slurp/3.0; http://help.yahoo.com/help/us/ysearch/slurp)"
67.195.37.176 - - [27/Jan/2010:18:44:31 +0000] "GET /courses/fs101f09/_Resources/sandvox.css HTTP/1.0" 304 - "http://www.rockalypse.org/courses/fs101f09/to_do/week_one_encapsulation.html" "Mozilla/5.0 (compatible; Yahoo! Slurp/3.0; http://help.yahoo.com/help/us/ysearch/slurp)"
141.195.27.29 - - [27/Jan/2010:18:45:43 +0000] "GET /courses/fs102sp10/syllabus/ HTTP/1.1" 200 4454 "http://www.rockalypse.org/courses/fs102sp10/blog/reading-for-thursday.html" "Mozilla/5.0 (Macintosh; U; Intel Mac OS X 10.5; en-US; rv:1.9.2) Gecko/20100115 Firefox/3.6"
141.195.27.29 - - [27/Jan/2010:18:45:43 +0000] "GET /courses/fs102sp10/images/freedom-small.png HTTP/1.1" 200 26493 "http://www.rockalypse.org/courses/fs102sp10/syllabus/" "Mozilla/5.0 (Macintosh; U; Intel Mac OS X 10.5; en-US; rv:1.9.2) Gecko/20100115 Firefox/3.6"
89.16.161.240 - - [27/Jan/2010:18:50:04 +0000] "GET /courses/cmpsc220sp10/blog/index.xml HTTP/1.1" 304 - "-" "rss2email/2.65 +http://www.aaronsw.com/2002/rss2email/"
89.16.161.240 - - [27/Jan/2010:18:50:04 +0000] "GET /courses/fs102sp10/blog/index.rss HTTP/1.1" 304 - "-" "rss2email/2.65 +http://www.aaronsw.com/2002/rss2email/"
173.206.31.20 - - [27/Jan/2010:18:54:18 +0000] "GET /courses/cmpsc220sp09/_Media/firefly_objects_in_space-2.png HTTP/1.1" 200 139090 "http://www.twilightsucks.com/forum/phpBB3/viewtopic.php?f=36&t=102&start=125" "Mozilla/5.0 (Windows; U; Windows NT 5.1; en-US; rv:1.9.1.7) Gecko/20091221 Firefox/3.5.7"
141.195.226.218 - - [27/Jan/2010:18:55:52 +0000] "GET /courses/fs102sp10/ HTTP/1.1" 200 2825 "-" "Mozilla/5.0 (Macintosh; U; Intel Mac OS X 10.5; en-US; rv:1.9.1.7) Gecko/20091221 Firefox/3.5.7"
141.195.226.218 - - [27/Jan/2010:18:55:52 +0000] "GET /courses/fs102sp10/_Media/32favicon.ico HTTP/1.1" 200 498 "-" "Mozilla/5.0 (Macintosh; U; Intel Mac OS X 10.5; en-US; rv:1.9.1.7) Gecko/20091221 Firefox/3.5.7"
141.195.226.218 - - [27/Jan/2010:18:55:52 +0000] "GET /courses/fs102sp10/_Resources/sandvox.css HTTP/1.1" 200 490 "http://www.rockalypse.org/courses/fs102sp10/" "Mozilla/5.0 (Macintosh; U; Intel Mac OS X 10.5; en-US; rv:1.9.1.7) Gecko/20091221 Firefox/3.5.7"
141.195.226.218 - - [27/Jan/2010:18:55:52 +0000] "GET /courses/fs102sp10/sandvox_Red/main.css HTTP/1.1" 200 2234 "http://www.rockalypse.org/courses/fs102sp10/" "Mozilla/5.0 (Macintosh; U; Intel Mac OS X 10.5; en-US; rv:1.9.1.7) Gecko/20091221 Firefox/3.5.7"
141.195.226.218 - - [27/Jan/2010:18:55:52 +0000] "GET /courses/fs102sp10/_Media/pastedimage.png HTTP/1.1" 200 9609 "http://www.rockalypse.org/courses/fs102sp10/sandvox_Red/main.css" "Mozilla/5.0 (Macintosh; U; Intel Mac OS X 10.5; en-US; rv:1.9.1.7) Gecko/20091221 Firefox/3.5.7"
