141.195.152.82 - - [27/Jan/2010:01:06:50 +0000] "GET /courses/cmpsc220sp10/labs/ HTTP/1.1" 200 3526 "http://www.rockalypse.org/courses/cmpsc220sp10/" "Mozilla/5.0 (X11; U; Linux i686; en-US; rv:1.9.1.4) Gecko/20091027 Fedora/3.5.4-1.fc12 Firefox/3.5.4"
141.195.152.82 - - [27/Jan/2010:01:06:50 +0000] "GET /courses/cmpsc220sp10/_Media/pastedgraphic-15.png HTTP/1.1" 200 169822 "http://www.rockalypse.org/courses/cmpsc220sp10/labs/" "Mozilla/5.0 (X11; U; Linux i686; en-US; rv:1.9.1.4) Gecko/20091027 Fedora/3.5.4-1.fc12 Firefox/3.5.4"
141.195.152.82 - - [27/Jan/2010:01:06:56 +0000] "GET /courses/cmpsc220sp10/labs/virtualizing-fedora/ HTTP/1.1" 200 5985 "http://www.rockalypse.org/courses/cmpsc220sp10/labs/" "Mozilla/5.0 (X11; U; Linux i686; en-US; rv:1.9.1.4) Gecko/20091027 Fedora/3.5.4-1.fc12 Firefox/3.5.4"
141.195.152.82 - - [27/Jan/2010:01:06:57 +0000] "GET /courses/cmpsc220sp10/_Media/fedora_logo.png HTTP/1.1" 200 37898 "http://www.rockalypse.org/courses/cmpsc220sp10/labs/virtualizing-fedora/" "Mozilla/5.0 (X11; U; Linux i686; en-US; rv:1.9.1.4) Gecko/20091027 Fedora/3.5.4-1.fc12 Firefox/3.5.4"
141.195.152.82 - - [27/Jan/2010:01:06:57 +0000] "GET /courses/cmpsc220sp10/_Media/20100120_virtualbox_01.png HTTP/1.1" 200 68015 "http://www.rockalypse.org/courses/cmpsc220sp10/labs/virtualizing-fedora/" "Mozilla/5.0 (X11; U; Linux i686; en-US; rv:1.9.1.4) Gecko/20091027 Fedora/3.5.4-1.fc12 Firefox/3.5.4"
98.217.157.107 - - [27/Jan/2010:01:09:01 +0000] "GET /courses/cmpsc220sp09/_Media/firefly_objects_in_space-2.png HTTP/1.1" 200 139090 "http://twilightsucks.com/forum/phpBB3/viewtopic.php?f=75&p=562768" "Opera/9.80 (Windows NT 5.1; U; en) Presto/2.2.15 Version/10.10"
89.16.161.240 - - [27/Jan/2010:01:10:03 +0000] "GET /courses/cmpsc220sp10/blog/index.xml HTTP/1.1" 304 - "-" "rss2email/2.65 +http://www.aaronsw.com/2002/rss2email/"
89.16.161.240 - - [27/Jan/2010:01:10:03 +0000] "GET /courses/fs102sp10/blog/index.rss HTTP/1.1" 304 - "-" "rss2email/2.65 +http://www.aaronsw.com/2002/rss2email/"
208.103.243.193 - - [27/Jan/2010:01:12:05 +0000] "GET /courses/cmpsc220sp09/_Media/firefly_objects_in_space-2.png HTTP/1.1" 200 139090 "http://www.twilightsucks.com/forum/phpBB3/viewtopic.php?f=36&t=102&start=175" "Mozilla/5.0 (Windows; U; Windows NT 5.1; en-US; rv:1.9.1.7) Gecko/20091221 Firefox/3.5.7 (.NET CLR 3.5.30729)"
71.13.150.121 - - [27/Jan/2010:01:13:19 +0000] "GET /courses/cmpsc220sp09/_Media/firefly_objects_in_space-2.png HTTP/1.1" 200 139090 "http://www.twilightsucks.com/forum/phpBB3/viewtopic.php?f=36&t=102&start=175" "Mozilla/4.0 (compatible; MSIE 8.0; Windows NT 6.0; WOW64; Trident/4.0; GTB6.3; SLCC1; .NET CLR 2.0.50727; Media Center PC 5.0; .NET CLR 3.5.21022; .NET CLR 3.5.30729; .NET CLR 3.0.30729)"
67.195.37.176 - - [27/Jan/2010:01:15:12 +0000] "GET /courses/cmpsc112f09/blog/lists.html HTTP/1.0" 200 3469 "-" "Mozilla/5.0 (compatible; Yahoo! Slurp/3.0; http://help.yahoo.com/help/us/ysearch/slurp)"
67.195.37.176 - - [27/Jan/2010:01:15:13 +0000] "GET /courses/cmpsc112f09/_Resources/sandvox.css HTTP/1.0" 200 450 "http://www.rockalypse.org/courses/cmpsc112f09/blog/lists.html" "Mozilla/5.0 (compatible; Yahoo! Slurp/3.0; http://help.yahoo.com/help/us/ysearch/slurp)"
67.195.37.176 - - [27/Jan/2010:01:15:13 +0000] "GET /courses/cmpsc112f09/_Resources/rssbadge.css HTTP/1.0" 200 225 "http://www.rockalypse.org/courses/cmpsc112f09/blog/lists.html" "Mozilla/5.0 (compatible; Yahoo! Slurp/3.0; http://help.yahoo.com/help/us/ysearch/slurp)"
67.195.37.176 - - [27/Jan/2010:01:15:14 +0000] "GET /courses/cmpsc112f09/sandvox_Allegheny/main.css HTTP/1.0" 200 2357 "http://www.rockalypse.org/courses/cmpsc112f09/blog/lists.html" "Mozilla/5.0 (compatible; Yahoo! Slurp/3.0; http://help.yahoo.com/help/us/ysearch/slurp)"
89.16.161.240 - - [27/Jan/2010:01:20:04 +0000] "GET /courses/cmpsc220sp10/blog/index.xml HTTP/1.1" 304 - "-" "rss2email/2.65 +http://www.aaronsw.com/2002/rss2email/"
89.16.161.240 - - [27/Jan/2010:01:20:04 +0000] "GET /courses/fs102sp10/blog/index.rss HTTP/1.1" 304 - "-" "rss2email/2.65 +http://www.aaronsw.com/2002/rss2email/"
89.16.161.240 - - [27/Jan/2010:01:30:03 +0000] "GET /courses/cmpsc220sp10/blog/index.xml HTTP/1.1" 304 - "-" "rss2email/2.65 +http://www.aaronsw.com/2002/rss2email/"
89.16.161.240 - - [27/Jan/2010:01:30:04 +0000] "GET /courses/fs102sp10/blog/index.rss HTTP/1.1" 304 - "-" "rss2email/2.65 +http://www.aaronsw.com/2002/rss2email/"
66.249.65.153 - - [27/Jan/2010:01:33:34 +0000] "GET /courses/cmpsc112f09/blog/videos_on_refactoringtestin.html HTTP/1.1" 304 - "-" "Mozilla/5.0 (compatible; Googlebot/2.1; +http://www.google.com/bot.html)"
78.23.138.105 - - [27/Jan/2010:01:33:54 +0000] "GET /courses/cmpsc220sp09/_Media/firefly_objects_in_space-2.png HTTP/1.1" 200 139090 "http://www.twilightsucks.com/forum/phpBB3/viewtopic.php?f=75&t=5313&hilit=renesmee+alec&start=450" "Mozilla/4.0 (compatible; MSIE 8.0; Windows NT 6.0; Trident/4.0; GTB6; SLCC1; .NET CLR 2.0.50727; .NET CLR 3.5.30729; .NET CLR 3.0.30729; .NET CLR 1.1.4322)"
89.16.161.240 - - [27/Jan/2010:01:40:04 +0000] "GET /courses/cmpsc220sp10/blog/index.xml HTTP/1.1" 304 - "-" "rss2email/2.65 +http://www.aaronsw.com/2002/rss2email/"
89.16.161.240 - - [27/Jan/2010:01:40:04 +0000] "GET /courses/fs102sp10/blog/index.rss HTTP/1.1" 304 - "-" "rss2email/2.65 +http://www.aaronsw.com/2002/rss2email/"
98.240.205.63 - - [27/Jan/2010:01:42:10 +0000] "GET /courses/cmpsc220sp09/_Media/firefly_objects_in_space-2.png HTTP/1.1" 200 139090 "http://www.twilightsucks.com/forum/phpBB3/viewtopic.php?f=36&t=102&start=175" "Mozilla/5.0 (Macintosh; U; Intel Mac OS X 10.5; en-US; rv:1.9.0.4) Gecko/2008102920 Firefox/3.0.4"
141.195.151.54 - - [27/Jan/2010:01:45:01 +0000] "GET /courses/cmpsc220sp10/ HTTP/1.1" 200 3880 "-" "Mozilla/5.0 (Windows; U; Windows NT 5.1; en-US; rv:1.9.1.7) Gecko/20091221 Firefox/3.5.7 (.NET CLR 3.5.30729)"
141.195.151.54 - - [27/Jan/2010:01:45:01 +0000] "GET /courses/cmpsc220sp09/highlight/lang-lisp.js HTTP/1.1" 200 1679 "http://www.rockalypse.org/courses/cmpsc220sp10/" "Mozilla/5.0 (Windows; U; Windows NT 5.1; en-US; rv:1.9.1.7) Gecko/20091221 Firefox/3.5.7 (.NET CLR 3.5.30729)"
141.195.151.54 - - [27/Jan/2010:01:45:01 +0000] "GET /courses/cmpsc220sp10/_Resources/sandvox.css HTTP/1.1" 200 490 "http://www.rockalypse.org/courses/cmpsc220sp10/" "Mozilla/5.0 (Windows; U; Windows NT 5.1; en-US; rv:1.9.1.7) Gecko/20091221 Firefox/3.5.7 (.NET CLR 3.5.30729)"
141.195.151.54 - - [27/Jan/2010:01:45:01 +0000] "GET /courses/cmpsc220sp10/sandvox_DistinctionGreen/main.css HTTP/1.1" 200 2425 "http://www.rockalypse.org/courses/cmpsc220sp10/" "Mozilla/5.0 (Windows; U; Windows NT 5.1; en-US; rv:1.9.1.7) Gecko/20091221 Firefox/3.5.7 (.NET CLR 3.5.30729)"
141.195.151.54 - - [27/Jan/2010:01:45:01 +0000] "GET /courses/cmpsc220sp10/_Media/freeduino-2.ico HTTP/1.1" 200 584 "-" "Mozilla/5.0 (Windows; U; Windows NT 5.1; en-US; rv:1.9.1.7) Gecko/20091221 Firefox/3.5.7 (.NET CLR 3.5.30729)"
141.195.151.54 - - [27/Jan/2010:01:45:02 +0000] "GET /courses/cmpsc220sp09/highlight/prettify.css HTTP/1.1" 200 214 "http://www.rockalypse.org/courses/cmpsc220sp10/" "Mozilla/5.0 (Windows; U; Windows NT 5.1; en-US; rv:1.9.1.7) Gecko/20091221 Firefox/3.5.7 (.NET CLR 3.5.30729)"
141.195.151.54 - - [27/Jan/2010:01:45:02 +0000] "GET /courses/cmpsc220sp09/highlight/prettify.js HTTP/1.1" 200 5139 "http://www.rockalypse.org/courses/cmpsc220sp10/" "Mozilla/5.0 (Windows; U; Windows NT 5.1; en-US; rv:1.9.1.7) Gecko/20091221 Firefox/3.5.7 (.NET CLR 3.5.30729)"
141.195.151.54 - - [27/Jan/2010:01:45:02 +0000] "GET /courses/cmpsc220sp10/_Media/freeduino-2.png HTTP/1.1" 200 38896 "http://www.rockalypse.org/courses/cmpsc220sp10/" "Mozilla/5.0 (Windows; U; Windows NT 5.1; en-US; rv:1.9.1.7) Gecko/20091221 Firefox/3.5.7 (.NET CLR 3.5.30729)"
141.195.151.54 - - [27/Jan/2010:01:45:02 +0000] "GET /courses/cmpsc220sp10/_Media/20090110-language-poster-3.png HTTP/1.1" 200 65490 "http://www.rockalypse.org/courses/cmpsc220sp10/" "Mozilla/5.0 (Windows; U; Windows NT 5.1; en-US; rv:1.9.1.7) Gecko/20091221 Firefox/3.5.7 (.NET CLR 3.5.30729)"
141.195.151.54 - - [27/Jan/2010:01:45:07 +0000] "GET /courses/cmpsc220sp10/labs/ HTTP/1.1" 200 3526 "http://www.rockalypse.org/courses/cmpsc220sp10/" "Mozilla/5.0 (Windows; U; Windows NT 5.1; en-US; rv:1.9.1.7) Gecko/20091221 Firefox/3.5.7 (.NET CLR 3.5.30729)"
141.195.151.54 - - [27/Jan/2010:01:45:08 +0000] "GET /courses/cmpsc220sp10/_Media/pastedgraphic-15.png HTTP/1.1" 200 169822 "http://www.rockalypse.org/courses/cmpsc220sp10/labs/" "Mozilla/5.0 (Windows; U; Windows NT 5.1; en-US; rv:1.9.1.7) Gecko/20091221 Firefox/3.5.7 (.NET CLR 3.5.30729)"
69.204.157.168 - - [27/Jan/2010:01:45:19 +0000] "GET /courses/cmpsc220sp09/_Media/firefly_objects_in_space-2.png HTTP/1.1" 200 139090 "http://www.twilightsucks.com/forum/phpBB3/viewtopic.php?f=39&t=14210&p=763554" "Mozilla/5.0 (Macintosh; U; Intel Mac OS X 10_5_8; en-us) AppleWebKit/531.9 (KHTML, like Gecko) Version/4.0.3 Safari/531.9"
141.195.151.54 - - [27/Jan/2010:01:45:30 +0000] "GET /courses/cmpsc220sp10/labs/virtualizing-fedora/ HTTP/1.1" 200 5985 "http://www.rockalypse.org/courses/cmpsc220sp10/labs/" "Mozilla/5.0 (Windows; U; Windows NT 5.1; en-US; rv:1.9.1.7) Gecko/20091221 Firefox/3.5.7 (.NET CLR 3.5.30729)"
141.195.151.54 - - [27/Jan/2010:01:45:31 +0000] "GET /courses/cmpsc220sp10/_Media/fedora_logo.png HTTP/1.1" 200 37898 "http://www.rockalypse.org/courses/cmpsc220sp10/labs/virtualizing-fedora/" "Mozilla/5.0 (Windows; U; Windows NT 5.1; en-US; rv:1.9.1.7) Gecko/20091221 Firefox/3.5.7 (.NET CLR 3.5.30729)"
141.195.151.54 - - [27/Jan/2010:01:45:31 +0000] "GET /courses/cmpsc220sp10/_Media/20100120_virtualbox_01.png HTTP/1.1" 200 68015 "http://www.rockalypse.org/courses/cmpsc220sp10/labs/virtualizing-fedora/" "Mozilla/5.0 (Windows; U; Windows NT 5.1; en-US; rv:1.9.1.7) Gecko/20091221 Firefox/3.5.7 (.NET CLR 3.5.30729)"
69.125.31.133 - - [27/Jan/2010:01:46:06 +0000] "GET /courses/cmpsc220sp09/_Media/firefly_objects_in_space-2.png HTTP/1.1" 200 139090 "http://www.twilightsucks.com/forum/phpBB3/viewtopic.php?f=36&t=102&start=175" "Mozilla/5.0 (Windows; U; Windows NT 6.1; en-US; rv:1.9.1.7) Gecko/20091221 Firefox/3.5.7 (.NET CLR 3.5.30729)"
67.195.37.176 - - [27/Jan/2010:01:49:34 +0000] "GET /courses/cmpsc112f09/labs/lab_7a_bitwise_operations/ HTTP/1.0" 200 5241 "-" "Mozilla/5.0 (compatible; Yahoo! Slurp/3.0; http://help.yahoo.com/help/us/ysearch/slurp)"
89.16.161.240 - - [27/Jan/2010:01:50:03 +0000] "GET /courses/cmpsc220sp10/blog/index.xml HTTP/1.1" 304 - "-" "rss2email/2.65 +http://www.aaronsw.com/2002/rss2email/"
89.16.161.240 - - [27/Jan/2010:01:50:03 +0000] "GET /courses/fs102sp10/blog/index.rss HTTP/1.1" 304 - "-" "rss2email/2.65 +http://www.aaronsw.com/2002/rss2email/"
75.11.166.115 - - [27/Jan/2010:01:49:59 +0000] "GET /courses/cmpsc220sp09/_Media/firefly_objects_in_space-2.png HTTP/1.1" 200 139090 "http://www.twilightsucks.com/forum/phpBB3/viewtopic.php?f=36&p=763300" "Mozilla/4.0 (compatible; MSIE 8.0; Windows NT 6.0; Trident/4.0; GoogleT5; SLCC1; .NET CLR 2.0.50727; Media Center PC 5.0; .NET CLR 3.5.21022; .NET CLR 3.5.30729; .NET CLR 3.0.30729; AskTB5.5)"
71.133.220.118 - - [27/Jan/2010:01:51:30 +0000] "GET /courses/cmpsc220sp09/_Media/firefly_objects_in_space-2.png HTTP/1.1" 200 139090 "http://www.twilightsucks.com/forum/phpBB3/viewtopic.php?f=39&t=14210&start=125" "Mozilla/5.0 (Macintosh; U; Intel Mac OS X 10_4_11; en) AppleWebKit/531.9 (KHTML, like Gecko) Version/4.0.3 Safari/531.9"
66.249.65.153 - - [27/Jan/2010:01:53:39 +0000] "GET /courses/cmpsc220sp09/protected/20090130_code_walk.pdf HTTP/1.1" 401 553 "-" "Googlebot/2.1 (+http://www.google.com/bot.html)"
99.69.196.173 - - [27/Jan/2010:01:57:05 +0000] "GET /courses/cmpsc220sp09/_Media/firefly_objects_in_space-2.png HTTP/1.1" 200 139090 "http://www.twilightsucks.com/forum/phpBB3/viewtopic.php?f=39&p=761691" "Mozilla/5.0 (Windows; U; Windows NT 6.1; en-US) AppleWebKit/532.0 (KHTML, like Gecko) Chrome/3.0.195.38 Safari/532.0"
89.16.161.240 - - [27/Jan/2010:02:00:04 +0000] "GET /courses/cmpsc220sp10/blog/index.xml HTTP/1.1" 304 - "-" "rss2email/2.65 +http://www.aaronsw.com/2002/rss2email/"
89.16.161.240 - - [27/Jan/2010:02:00:04 +0000] "GET /courses/fs102sp10/blog/index.rss HTTP/1.1" 304 - "-" "rss2email/2.65 +http://www.aaronsw.com/2002/rss2email/"
96.28.118.33 - - [27/Jan/2010:02:06:38 +0000] "GET /courses/cmpsc220sp09/_Media/firefly_objects_in_space-2.png HTTP/1.1" 200 139090 "http://www.twilightsucks.com/forum/phpBB3/viewtopic.php?f=39&t=14210&start=125" "Mozilla/4.0 (compatible; MSIE 8.0; Windows NT 6.1; Trident/4.0; GTB6.3; SLCC2; .NET CLR 2.0.50727; .NET CLR 3.5.30729; .NET CLR 3.0.30729; Media Center PC 6.0; Zune 4.0; AskTB5.6)"
75.138.228.158 - - [27/Jan/2010:02:07:52 +0000] "GET /courses/cmpsc220sp09/_Media/firefly_objects_in_space-2.png HTTP/1.1" 200 139090 "http://www.twilightsucks.com/forum/phpBB3/viewtopic.php?f=39&t=14210&start=50" "Mozilla/4.0 (compatible; MSIE 7.0; Windows NT 6.0; SLCC1; .NET CLR 2.0.50727; .NET CLR 3.5.30729; .NET CLR 3.0.30618)"
66.249.65.153 - - [27/Jan/2010:02:09:12 +0000] "GET /courses/cmpsc220sp10/resources/papers/multilisp.pdf HTTP/1.1" 200 2858822 "-" "Googlebot/2.1 (+http://www.google.com/bot.html)"
89.16.161.240 - - [27/Jan/2010:02:10:03 +0000] "GET /courses/cmpsc220sp10/blog/index.xml HTTP/1.1" 304 - "-" "rss2email/2.65 +http://www.aaronsw.com/2002/rss2email/"
89.16.161.240 - - [27/Jan/2010:02:10:03 +0000] "GET /courses/fs102sp10/blog/index.rss HTTP/1.1" 304 - "-" "rss2email/2.65 +http://www.aaronsw.com/2002/rss2email/"
99.147.161.75 - - [27/Jan/2010:02:13:48 +0000] "GET /courses/cmpsc220sp09/_Media/firefly_objects_in_space-2.png HTTP/1.1" 304 - "http://www.twilightsucks.com/forum/phpBB3/viewtopic.php?f=36&t=102&start=175" "Mozilla/5.0 (Windows; U; Windows NT 6.1; en-US) AppleWebKit/532.0 (KHTML, like Gecko) Chrome/3.0.195.38 Safari/532.0"
76.166.232.204 - - [27/Jan/2010:02:18:57 +0000] "GET /courses/cmpsc220sp09/_Media/firefly_objects_in_space-2.png HTTP/1.1" 200 139090 "http://www.twilightsucks.com/forum/phpBB3/viewtopic.php?f=36&t=102&start=175" "Mozilla/5.0 (Macintosh; U; Intel Mac OS X 10.6; en-US; rv:1.9.0.4) Gecko/2008102920 Firefox/3.0.4"
66.41.96.219 - - [27/Jan/2010:02:19:02 +0000] "GET /courses/cmpsc220sp09/_Media/firefly_objects_in_space-2.png HTTP/1.1" 200 139090 "http://www.twilightsucks.com/forum/phpBB3/viewtopic.php?f=39&t=14210&start=125" "Mozilla/5.0 (Windows; U; Windows NT 6.0; en-US; rv:1.9.1.7) Gecko/20091221 Firefox/3.5.7 (.NET CLR 3.5.30729)"
89.16.161.240 - - [27/Jan/2010:02:20:03 +0000] "GET /courses/cmpsc220sp10/blog/index.xml HTTP/1.1" 304 - "-" "rss2email/2.65 +http://www.aaronsw.com/2002/rss2email/"
89.16.161.240 - - [27/Jan/2010:02:20:03 +0000] "GET /courses/fs102sp10/blog/index.rss HTTP/1.1" 304 - "-" "rss2email/2.65 +http://www.aaronsw.com/2002/rss2email/"
141.195.155.69 - - [27/Jan/2010:02:23:47 +0000] "GET / HTTP/1.1" 304 - "-" "Mozilla/5.0 (Windows; U; Windows NT 6.0; en-US) AppleWebKit/532.0 (KHTML, like Gecko) Chrome/3.0.195.38 Safari/532.0"
141.195.155.69 - - [27/Jan/2010:02:23:48 +0000] "GET /_Resources/sandvox.css HTTP/1.1" 304 - "http://www.rockalypse.org/" "Mozilla/5.0 (Windows; U; Windows NT 6.0; en-US) AppleWebKit/532.0 (KHTML, like Gecko) Chrome/3.0.195.38 Safari/532.0"
141.195.155.69 - - [27/Jan/2010:02:23:48 +0000] "GET /sandvox_Imagine/main.css HTTP/1.1" 304 - "http://www.rockalypse.org/" "Mozilla/5.0 (Windows; U; Windows NT 6.0; en-US) AppleWebKit/532.0 (KHTML, like Gecko) Chrome/3.0.195.38 Safari/532.0"
141.195.148.94 - - [27/Jan/2010:02:23:52 +0000] "HEAD /courses/cmpsc220sp10/labs/old-skool-mailing-lists/ HTTP/1.1" 200 - "-" "gvfs/1.2.2"
141.195.155.69 - - [27/Jan/2010:02:23:48 +0000] "GET /_Media/lego-banner-3.png HTTP/1.1" 200 459369 "http://www.rockalypse.org/" "Mozilla/5.0 (Windows; U; Windows NT 6.0; en-US) AppleWebKit/532.0 (KHTML, like Gecko) Chrome/3.0.195.38 Safari/532.0"
75.21.169.20 - - [27/Jan/2010:02:25:10 +0000] "GET /courses/cmpsc220sp09/_Media/firefly_objects_in_space-2.png HTTP/1.1" 200 139090 "http://www.twilightsucks.com/forum/phpBB3/viewtopic.php?f=36&t=102&start=175" "Mozilla/5.0 (Windows; U; Windows NT 5.1; en-US; rv:1.9.1.7) Gecko/20091221 Firefox/3.5.7"
71.13.150.121 - - [27/Jan/2010:02:25:55 +0000] "GET /courses/cmpsc220sp09/_Media/firefly_objects_in_space-2.png HTTP/1.1" 200 139090 "http://www.twilightsucks.com/forum/phpBB3/viewtopic.php?f=36&t=102&start=175" "Mozilla/4.0 (compatible; MSIE 8.0; Windows NT 6.0; WOW64; Trident/4.0; GTB6.3; SLCC1; .NET CLR 2.0.50727; Media Center PC 5.0; .NET CLR 3.5.21022; .NET CLR 3.5.30729; .NET CLR 3.0.30729)"
141.195.155.69 - - [27/Jan/2010:02:28:14 +0000] "GET /courses/cmpsc220sp10/ HTTP/1.1" 200 3880 "-" "Mozilla/5.0 (Windows; U; Windows NT 6.0; en-US) AppleWebKit/532.0 (KHTML, like Gecko) Chrome/3.0.195.38 Safari/532.0"
141.195.155.69 - - [27/Jan/2010:02:28:24 +0000] "GET /courses/cmpsc220sp10/_Resources/sandvox.css HTTP/1.1" 304 - "http://www.rockalypse.org/courses/cmpsc220sp10/" "Mozilla/5.0 (Windows; U; Windows NT 6.0; en-US) AppleWebKit/532.0 (KHTML, like Gecko) Chrome/3.0.195.38 Safari/532.0"
141.195.155.69 - - [27/Jan/2010:02:28:42 +0000] "GET /courses/cmpsc220sp09/highlight/lang-lisp.js HTTP/1.1" 304 - "http://www.rockalypse.org/courses/cmpsc220sp10/" "Mozilla/5.0 (Windows; U; Windows NT 6.0; en-US) AppleWebKit/532.0 (KHTML, like Gecko) Chrome/3.0.195.38 Safari/532.0"
141.195.155.69 - - [27/Jan/2010:02:28:47 +0000] "GET /courses/cmpsc220sp10/_Media/freeduino-2.png HTTP/1.1" 304 - "http://www.rockalypse.org/courses/cmpsc220sp10/" "Mozilla/5.0 (Windows; U; Windows NT 6.0; en-US) AppleWebKit/532.0 (KHTML, like Gecko) Chrome/3.0.195.38 Safari/532.0"
141.195.155.69 - - [27/Jan/2010:02:28:50 +0000] "GET /courses/cmpsc220sp10/_Media/20090110-language-poster-3.png HTTP/1.1" 304 - "http://www.rockalypse.org/courses/cmpsc220sp10/" "Mozilla/5.0 (Windows; U; Windows NT 6.0; en-US) AppleWebKit/532.0 (KHTML, like Gecko) Chrome/3.0.195.38 Safari/532.0"
141.195.155.69 - - [27/Jan/2010:02:28:59 +0000] "GET /courses/cmpsc220sp10/ HTTP/1.1" 304 - "-" "Mozilla/5.0 (Windows; U; Windows NT 6.0; en-US) AppleWebKit/532.0 (KHTML, like Gecko) Chrome/3.0.195.38 Safari/532.0"
141.195.155.69 - - [27/Jan/2010:02:28:59 +0000] "GET /courses/cmpsc220sp10/_Resources/sandvox.css HTTP/1.1" 304 - "http://www.rockalypse.org/courses/cmpsc220sp10/" "Mozilla/5.0 (Windows; U; Windows NT 6.0; en-US) AppleWebKit/532.0 (KHTML, like Gecko) Chrome/3.0.195.38 Safari/532.0"
141.195.155.69 - - [27/Jan/2010:02:28:59 +0000] "GET /courses/cmpsc220sp10/sandvox_DistinctionGreen/main.css HTTP/1.1" 200 2425 "http://www.rockalypse.org/courses/cmpsc220sp10/" "Mozilla/5.0 (Windows; U; Windows NT 6.0; en-US) AppleWebKit/532.0 (KHTML, like Gecko) Chrome/3.0.195.38 Safari/532.0"
141.195.155.69 - - [27/Jan/2010:02:28:59 +0000] "GET /courses/cmpsc220sp09/highlight/prettify.css HTTP/1.1" 200 214 "http://www.rockalypse.org/courses/cmpsc220sp10/" "Mozilla/5.0 (Windows; U; Windows NT 6.0; en-US) AppleWebKit/532.0 (KHTML, like Gecko) Chrome/3.0.195.38 Safari/532.0"
141.195.155.69 - - [27/Jan/2010:02:28:59 +0000] "GET /courses/cmpsc220sp09/highlight/prettify.js HTTP/1.1" 200 5139 "http://www.rockalypse.org/courses/cmpsc220sp10/" "Mozilla/5.0 (Windows; U; Windows NT 6.0; en-US) AppleWebKit/532.0 (KHTML, like Gecko) Chrome/3.0.195.38 Safari/532.0"
141.195.155.69 - - [27/Jan/2010:02:29:00 +0000] "GET /courses/cmpsc220sp10/_Media/freeduino-2.png HTTP/1.1" 200 38896 "http://www.rockalypse.org/courses/cmpsc220sp10/" "Mozilla/5.0 (Windows; U; Windows NT 6.0; en-US) AppleWebKit/532.0 (KHTML, like Gecko) Chrome/3.0.195.38 Safari/532.0"
141.195.155.69 - - [27/Jan/2010:02:29:00 +0000] "GET /courses/cmpsc220sp10/_Media/20090110-language-poster-3.png HTTP/1.1" 200 65490 "http://www.rockalypse.org/courses/cmpsc220sp10/" "Mozilla/5.0 (Windows; U; Windows NT 6.0; en-US) AppleWebKit/532.0 (KHTML, like Gecko) Chrome/3.0.195.38 Safari/532.0"
141.195.155.69 - - [27/Jan/2010:02:29:03 +0000] "GET /courses/cmpsc220sp10/labs/ HTTP/1.1" 304 - "http://www.rockalypse.org/courses/cmpsc220sp10/" "Mozilla/5.0 (Windows; U; Windows NT 6.0; en-US) AppleWebKit/532.0 (KHTML, like Gecko) Chrome/3.0.195.38 Safari/532.0"
141.195.155.69 - - [27/Jan/2010:02:29:07 +0000] "GET /courses/cmpsc220sp10/labs/old-skool-mailing-lists/ HTTP/1.1" 304 - "http://www.rockalypse.org/courses/cmpsc220sp10/labs/" "Mozilla/5.0 (Windows; U; Windows NT 6.0; en-US) AppleWebKit/532.0 (KHTML, like Gecko) Chrome/3.0.195.38 Safari/532.0"
89.16.161.240 - - [27/Jan/2010:02:30:04 +0000] "GET /courses/cmpsc220sp10/blog/index.xml HTTP/1.1" 304 - "-" "rss2email/2.65 +http://www.aaronsw.com/2002/rss2email/"
89.16.161.240 - - [27/Jan/2010:02:30:04 +0000] "GET /courses/fs102sp10/blog/index.rss HTTP/1.1" 304 - "-" "rss2email/2.65 +http://www.aaronsw.com/2002/rss2email/"
67.195.37.176 - - [27/Jan/2010:02:30:53 +0000] "GET /courses/cmpsc220sp09/blog/python_history_blog.html HTTP/1.0" 200 2700 "-" "Mozilla/5.0 (compatible; Yahoo! Slurp/3.0; http://help.yahoo.com/help/us/ysearch/slurp)"
67.195.37.176 - - [27/Jan/2010:02:30:54 +0000] "GET /courses/cmpsc220sp09/_Resources/sandvox.css HTTP/1.0" 304 - "http://www.rockalypse.org/courses/cmpsc220sp09/blog/python_history_blog.html" "Mozilla/5.0 (compatible; Yahoo! Slurp/3.0; http://help.yahoo.com/help/us/ysearch/slurp)"
67.195.37.176 - - [27/Jan/2010:02:30:55 +0000] "GET /courses/cmpsc220sp09/_Resources/rssbadge.css HTTP/1.0" 304 - "http://www.rockalypse.org/courses/cmpsc220sp09/blog/python_history_blog.html" "Mozilla/5.0 (compatible; Yahoo! Slurp/3.0; http://help.yahoo.com/help/us/ysearch/slurp)"
67.195.37.176 - - [27/Jan/2010:02:30:55 +0000] "GET /courses/cmpsc220sp09/sandvox_Distinction/main.css HTTP/1.0" 304 - "http://www.rockalypse.org/courses/cmpsc220sp09/blog/python_history_blog.html" "Mozilla/5.0 (compatible; Yahoo! Slurp/3.0; http://help.yahoo.com/help/us/ysearch/slurp)"
67.195.37.176 - - [27/Jan/2010:02:30:56 +0000] "GET /courses/cmpsc220sp09/highlight/prettify.css HTTP/1.0" 304 - "http://www.rockalypse.org/courses/cmpsc220sp09/blog/python_history_blog.html" "Mozilla/5.0 (compatible; Yahoo! Slurp/3.0; http://help.yahoo.com/help/us/ysearch/slurp)"
216.246.144.29 - - [27/Jan/2010:02:33:48 +0000] "GET /courses/cmpsc220sp09/_Media/firefly_objects_in_space-2.png HTTP/1.1" 200 139090 "http://www.twilightsucks.com/forum/phpBB3/viewtopic.php?f=36&t=102&start=175" "Mozilla/5.0 (Windows; U; Windows NT 5.1; en-US; rv:1.9.1.7) Gecko/20091221 Firefox/3.5.7 (.NET CLR 3.5.30729)"
24.22.8.199 - - [27/Jan/2010:02:39:17 +0000] "GET /courses/cmpsc220sp09/_Media/firefly_objects_in_space-2.png HTTP/1.1" 200 139090 "http://www.twilightsucks.com/forum/phpBB3/viewtopic.php?f=39&t=498" "Mozilla/5.0 (Windows; U; Windows NT 5.1; en-US; rv:1.9.1.7) Gecko/20091221 Firefox/3.5.7"
89.16.161.240 - - [27/Jan/2010:02:40:03 +0000] "GET /courses/cmpsc220sp10/blog/index.xml HTTP/1.1" 304 - "-" "rss2email/2.65 +http://www.aaronsw.com/2002/rss2email/"
89.16.161.240 - - [27/Jan/2010:02:40:03 +0000] "GET /courses/fs102sp10/blog/index.rss HTTP/1.1" 304 - "-" "rss2email/2.65 +http://www.aaronsw.com/2002/rss2email/"
89.16.161.240 - - [27/Jan/2010:02:50:03 +0000] "GET /courses/cmpsc220sp10/blog/index.xml HTTP/1.1" 304 - "-" "rss2email/2.65 +http://www.aaronsw.com/2002/rss2email/"
89.16.161.240 - - [27/Jan/2010:02:50:03 +0000] "GET /courses/fs102sp10/blog/index.rss HTTP/1.1" 304 - "-" "rss2email/2.65 +http://www.aaronsw.com/2002/rss2email/"
75.6.185.142 - - [27/Jan/2010:02:55:54 +0000] "GET /courses/cmpsc220sp09/_Media/firefly_objects_in_space-2.png HTTP/1.1" 200 139090 "http://www.twilightsucks.com/forum/phpBB3/viewtopic.php?f=36&t=3258&start=0" "Mozilla/4.0 (compatible; MSIE 7.0; Windows NT 6.0; SLCC1; .NET CLR 2.0.50727; Zune 2.0; .NET CLR 3.5.30729; .NET CLR 3.0.30618)"
67.172.154.200 - - [27/Jan/2010:02:57:06 +0000] "GET /courses/cmpsc220sp09/_Media/firefly_objects_in_space-2.png HTTP/1.1" 200 139090 "http://www.twilightsucks.com/forum/phpBB3/viewtopic.php?f=36&t=102&p=762910" "Opera/9.80 (Windows NT 6.0; U; en) Presto/2.2.15 Version/10.10"
89.16.161.240 - - [27/Jan/2010:03:00:05 +0000] "GET /courses/cmpsc220sp10/blog/index.xml HTTP/1.1" 304 - "-" "rss2email/2.65 +http://www.aaronsw.com/2002/rss2email/"
89.16.161.240 - - [27/Jan/2010:03:00:05 +0000] "GET /courses/fs102sp10/blog/index.rss HTTP/1.1" 304 - "-" "rss2email/2.65 +http://www.aaronsw.com/2002/rss2email/"
35.11.241.222 - - [27/Jan/2010:03:06:26 +0000] "GET /courses/cmpsc220sp09/_Media/firefly_objects_in_space-2.png HTTP/1.1" 200 139090 "http://www.twilightsucks.com/forum/phpBB3/viewtopic.php?f=36&t=102&p=763618" "Mozilla/4.0 (compatible; MSIE 8.0; Windows NT 6.0; Trident/4.0; GTB6.3; SLCC1; .NET CLR 2.0.50727; Media Center PC 5.0; .NET CLR 3.5.30729; .NET CLR 3.0.30729; Zune 4.0)"
71.33.40.182 - - [27/Jan/2010:03:09:11 +0000] "GET /courses/cmpsc220sp09/_Media/firefly_objects_in_space-2.png HTTP/1.1" 200 139090 "http://www.twilightsucks.com/forum/phpBB3/viewtopic.php?f=39&t=14210&start=125" "Mozilla/5.0 (Windows; U; Windows NT 6.0; en-US; rv:1.9.1.7) Gecko/20091221 WINFC 2.0.0.1 Firefox/3.5.7 (.NET CLR 3.5.30729)"
89.16.161.240 - - [27/Jan/2010:03:10:03 +0000] "GET /courses/cmpsc220sp10/blog/index.xml HTTP/1.1" 304 - "-" "rss2email/2.65 +http://www.aaronsw.com/2002/rss2email/"
89.16.161.240 - - [27/Jan/2010:03:10:03 +0000] "GET /courses/fs102sp10/blog/index.rss HTTP/1.1" 304 - "-" "rss2email/2.65 +http://www.aaronsw.com/2002/rss2email/"
66.249.65.153 - - [27/Jan/2010:03:12:16 +0000] "GET /courses/cmpsc112f09/videos/index.rss HTTP/1.1" 304 - "-" "Mozilla/5.0 (compatible; Googlebot/2.1; +http://www.google.com/bot.html)"
66.249.65.139 - - [27/Jan/2010:03:19:19 +0000] "GET /robots.txt HTTP/1.1" 404 356 "-" "Mozilla/5.0 (compatible; Googlebot/2.1; +http://www.google.com/bot.html)"
66.249.65.139 - - [27/Jan/2010:03:19:19 +0000] "GET /courses/cmpsc220sp09/labs/models_of_views/update_the_view.html HTTP/1.1" 200 3150 "-" "Mozilla/5.0 (compatible; Googlebot/2.1; +http://www.google.com/bot.html)"
89.16.161.240 - - [27/Jan/2010:03:20:03 +0000] "GET /courses/cmpsc220sp10/blog/index.xml HTTP/1.1" 304 - "-" "rss2email/2.65 +http://www.aaronsw.com/2002/rss2email/"
89.16.161.240 - - [27/Jan/2010:03:20:03 +0000] "GET /courses/fs102sp10/blog/index.rss HTTP/1.1" 304 - "-" "rss2email/2.65 +http://www.aaronsw.com/2002/rss2email/"
71.34.222.26 - - [27/Jan/2010:03:29:01 +0000] "GET /courses/cmpsc220sp09/_Media/firefly_objects_in_space-2.png HTTP/1.1" 200 139090 "http://www.twilightsucks.com/forum/phpBB3/viewtopic.php?f=102&t=1472&start=100" "Mozilla/5.0 (Windows; U; Windows NT 6.0; en-US; rv:1.9.1.7) Gecko/20091221 Firefox/3.5.7 (.NET CLR 3.5.30729)"
174.3.35.117 - - [27/Jan/2010:03:29:21 +0000] "GET /courses/cmpsc220sp09/_Media/firefly_objects_in_space-2.png HTTP/1.1" 200 139090 "http://www.twilightsucks.com/forum/phpBB3/viewtopic.php?f=36&p=762771" "Mozilla/4.0 (compatible; MSIE 8.0; Windows NT 6.0; Trident/4.0)"
89.16.161.240 - - [27/Jan/2010:03:30:03 +0000] "GET /courses/cmpsc220sp10/blog/index.xml HTTP/1.1" 304 - "-" "rss2email/2.65 +http://www.aaronsw.com/2002/rss2email/"
89.16.161.240 - - [27/Jan/2010:03:30:03 +0000] "GET /courses/fs102sp10/blog/index.rss HTTP/1.1" 304 - "-" "rss2email/2.65 +http://www.aaronsw.com/2002/rss2email/"
98.250.59.230 - - [27/Jan/2010:03:35:23 +0000] "GET /courses/cmpsc220sp09/_Media/firefly_objects_in_space-2.png HTTP/1.1" 200 139090 "http://www.twilightsucks.com/forum/phpBB3/viewtopic.php?f=22&t=6565" "Mozilla/5.0 (Windows; U; Windows NT 6.1; en-US; rv:1.9.2) Gecko/20100115 Firefox/3.6 GTB6 (.NET CLR 3.5.30729)"
98.250.59.230 - - [27/Jan/2010:03:35:38 +0000] "GET /courses/cmpsc220sp09/_Media/firefly_objects_in_space-2.png HTTP/1.1" 206 47547 "http://www.twilightsucks.com/forum/phpBB3/viewtopic.php?f=22&t=6565" "Mozilla/5.0 (Windows; U; Windows NT 6.1; en-US; rv:1.9.2) Gecko/20100115 Firefox/3.6 GTB6 (.NET CLR 3.5.30729)"
89.16.161.240 - - [27/Jan/2010:03:40:03 +0000] "GET /courses/cmpsc220sp10/blog/index.xml HTTP/1.1" 304 - "-" "rss2email/2.65 +http://www.aaronsw.com/2002/rss2email/"
89.16.161.240 - - [27/Jan/2010:03:40:03 +0000] "GET /courses/fs102sp10/blog/index.rss HTTP/1.1" 304 - "-" "rss2email/2.65 +http://www.aaronsw.com/2002/rss2email/"
65.55.207.76 - - [27/Jan/2010:03:40:54 +0000] "GET /robots.txt HTTP/1.1" 404 360 "-" "msnbot/2.0b (+http://search.msn.com/msnbot.htm)"
65.55.207.76 - - [27/Jan/2010:03:41:43 +0000] "GET /courses/cmpsc220sp09/blog/archive_04_2009.html HTTP/1.1" 304 - "-" "msnbot/2.0b (+http://search.msn.com/msnbot.htm)"
125.237.78.180 - - [27/Jan/2010:03:41:53 +0000] "GET /courses/cmpsc220sp09/_Media/firefly_objects_in_space-2.png HTTP/1.1" 200 139090 "http://www.twilightsucks.com/forum/phpBB3/viewtopic.php?f=36&t=3258" "Mozilla/5.0 (Windows; U; Windows NT 5.1; en-US) AppleWebKit/532.0 (KHTML, like Gecko) Chrome/3.0.195.38 Safari/532.0"
168.103.190.171 - - [27/Jan/2010:03:44:03 +0000] "GET /courses/cmpsc220sp09/_Media/firefly_objects_in_space-2.png HTTP/1.1" 200 139090 "http://www.twilightsucks.com/forum/phpBB3/viewtopic.php?f=36&t=102&start=175" "Mozilla/5.0 (Windows; U; Windows NT 5.1; en-US) AppleWebKit/532.0 (KHTML, like Gecko) Chrome/3.0.195.38 Safari/532.0"
168.103.190.171 - - [27/Jan/2010:03:44:11 +0000] "GET /courses/cmpsc220sp09/_Media/firefly_objects_in_space-2.png HTTP/1.1" 200 139090 "http://www.twilightsucks.com/forum/phpBB3/viewtopic.php?f=36&t=102&start=150" "Mozilla/5.0 (Windows; U; Windows NT 5.1; en-US) AppleWebKit/532.0 (KHTML, like Gecko) Chrome/3.0.195.38 Safari/532.0"
79.34.50.54 - - [27/Jan/2010:03:48:38 +0000] "GET / HTTP/1.1" 200 13024 "-" "-"
89.16.161.240 - - [27/Jan/2010:03:50:04 +0000] "GET /courses/cmpsc220sp10/blog/index.xml HTTP/1.1" 304 - "-" "rss2email/2.65 +http://www.aaronsw.com/2002/rss2email/"
89.16.161.240 - - [27/Jan/2010:03:50:04 +0000] "GET /courses/fs102sp10/blog/index.rss HTTP/1.1" 304 - "-" "rss2email/2.65 +http://www.aaronsw.com/2002/rss2email/"
35.11.241.222 - - [27/Jan/2010:04:00:00 +0000] "GET /courses/cmpsc220sp09/_Media/firefly_objects_in_space-2.png HTTP/1.1" 200 139090 "http://www.twilightsucks.com/forum/phpBB3/viewtopic.php?f=36&t=102&p=763798" "Mozilla/4.0 (compatible; MSIE 8.0; Windows NT 6.0; Trident/4.0; GTB6.3; SLCC1; .NET CLR 2.0.50727; Media Center PC 5.0; .NET CLR 3.5.30729; .NET CLR 3.0.30729; Zune 4.0)"
89.16.161.240 - - [27/Jan/2010:04:00:04 +0000] "GET /courses/cmpsc220sp10/blog/index.xml HTTP/1.1" 304 - "-" "rss2email/2.65 +http://www.aaronsw.com/2002/rss2email/"
89.16.161.240 - - [27/Jan/2010:04:00:04 +0000] "GET /courses/fs102sp10/blog/index.rss HTTP/1.1" 304 - "-" "rss2email/2.65 +http://www.aaronsw.com/2002/rss2email/"
89.16.161.240 - - [27/Jan/2010:04:10:03 +0000] "GET /courses/cmpsc220sp10/blog/index.xml HTTP/1.1" 304 - "-" "rss2email/2.65 +http://www.aaronsw.com/2002/rss2email/"
89.16.161.240 - - [27/Jan/2010:04:10:03 +0000] "GET /courses/fs102sp10/blog/index.rss HTTP/1.1" 304 - "-" "rss2email/2.65 +http://www.aaronsw.com/2002/rss2email/"
69.127.130.81 - - [27/Jan/2010:04:18:21 +0000] "GET /courses/cmpsc220sp09/_Media/firefly_objects_in_space-2.png HTTP/1.1" 200 139090 "http://www.twilightsucks.com/forum/phpBB3/viewtopic.php?f=36&t=3258&start=25" "Mozilla/4.0 (compatible; MSIE 8.0; Windows NT 6.0; Trident/4.0; GTB6.3; SLCC1; .NET CLR 2.0.50727; Media Center PC 5.0; .NET CLR 3.5.30729; .NET CLR 3.0.30729)"
89.16.161.240 - - [27/Jan/2010:04:20:03 +0000] "GET /courses/cmpsc220sp10/blog/index.xml HTTP/1.1" 304 - "-" "rss2email/2.65 +http://www.aaronsw.com/2002/rss2email/"
89.16.161.240 - - [27/Jan/2010:04:20:03 +0000] "GET /courses/fs102sp10/blog/index.rss HTTP/1.1" 304 - "-" "rss2email/2.65 +http://www.aaronsw.com/2002/rss2email/"
24.220.164.183 - - [27/Jan/2010:04:23:09 +0000] "GET /courses/cmpsc220sp09/_Media/firefly_objects_in_space-2.png HTTP/1.1" 200 139090 "http://www.twilightsucks.com/forum/phpBB3/viewtopic.php?f=41&t=3737" "Mozilla/4.0 (compatible; MSIE 8.0; Windows NT 6.0; WOW64; Trident/4.0; GTB0.0; SLCC1; .NET CLR 2.0.50727; Media Center PC 5.0; OfficeLiveConnector.1.3; OfficeLivePatch.0.0; .NET CLR 3.5.30729; .NET CLR 3.0.30729)"
213.175.114.2 - - [27/Jan/2010:04:25:10 +0000] "GET /courses/cmpsc220sp09/_Media/firefly_objects_in_space-2.png HTTP/1.1" 200 139090 "http://www.twilightsucks.com/forum/phpBB3/viewtopic.php?f=36&t=102&start=175" "Mozilla/5.0 (Windows; U; Windows NT 6.0; en-GB; rv:1.9.1.7) Gecko/20091221 Firefox/3.5.7 (.NET CLR 3.5.30729)"
98.117.101.51 - - [27/Jan/2010:04:26:46 +0000] "GET /courses/cmpsc220sp09/_Media/firefly_objects_in_space-2.png HTTP/1.1" 200 139090 "http://www.twilightsucks.com/forum/phpBB3/viewtopic.php?f=36&t=3258&start=25" "Mozilla/5.0 (Windows; U; Windows NT 6.0; en-US) AppleWebKit/532.0 (KHTML, like Gecko) Chrome/3.0.195.38 Safari/532.0"
141.195.132.129 - - [27/Jan/2010:04:27:17 +0000] "GET /courses/fs102sp10/blog/reading-for-thursday.html HTTP/1.1" 200 2577 "-" "Mozilla/5.0 (Macintosh; U; Intel Mac OS X 10.6; en-US; rv:1.9.1.7) Gecko/20091221 Firefox/3.5.7"
141.195.132.129 - - [27/Jan/2010:04:27:17 +0000] "GET /courses/fs102sp10/_Media/32favicon.ico HTTP/1.1" 200 498 "-" "Mozilla/5.0 (Macintosh; U; Intel Mac OS X 10.6; en-US; rv:1.9.1.7) Gecko/20091221 Firefox/3.5.7"
141.195.132.129 - - [27/Jan/2010:04:27:17 +0000] "GET /courses/fs102sp10/_Resources/rssbadge.css HTTP/1.1" 200 225 "http://www.rockalypse.org/courses/fs102sp10/blog/reading-for-thursday.html" "Mozilla/5.0 (Macintosh; U; Intel Mac OS X 10.6; en-US; rv:1.9.1.7) Gecko/20091221 Firefox/3.5.7"
141.195.132.129 - - [27/Jan/2010:04:27:17 +0000] "GET /courses/fs102sp10/sandvox_Red/main.css HTTP/1.1" 200 2234 "http://www.rockalypse.org/courses/fs102sp10/blog/reading-for-thursday.html" "Mozilla/5.0 (Macintosh; U; Intel Mac OS X 10.6; en-US; rv:1.9.1.7) Gecko/20091221 Firefox/3.5.7"
141.195.132.129 - - [27/Jan/2010:04:27:17 +0000] "GET /courses/fs102sp10/_Resources/sandvox.css HTTP/1.1" 200 490 "http://www.rockalypse.org/courses/fs102sp10/blog/reading-for-thursday.html" "Mozilla/5.0 (Macintosh; U; Intel Mac OS X 10.6; en-US; rv:1.9.1.7) Gecko/20091221 Firefox/3.5.7"
141.195.132.129 - - [27/Jan/2010:04:27:17 +0000] "GET /courses/fs102sp10/_Resources/orange_small.png HTTP/1.1" 200 689 "http://www.rockalypse.org/courses/fs102sp10/blog/reading-for-thursday.html" "Mozilla/5.0 (Macintosh; U; Intel Mac OS X 10.6; en-US; rv:1.9.1.7) Gecko/20091221 Firefox/3.5.7"
141.195.132.129 - - [27/Jan/2010:04:27:17 +0000] "GET /courses/fs102sp10/_Media/pastedimage.png HTTP/1.1" 200 9609 "http://www.rockalypse.org/courses/fs102sp10/sandvox_Red/main.css" "Mozilla/5.0 (Macintosh; U; Intel Mac OS X 10.6; en-US; rv:1.9.1.7) Gecko/20091221 Firefox/3.5.7"
141.195.132.129 - - [27/Jan/2010:04:27:17 +0000] "GET /courses/fs102sp10/images/cc-by-sa-nc.png HTTP/1.1" 200 697 "http://www.rockalypse.org/courses/fs102sp10/blog/reading-for-thursday.html" "Mozilla/5.0 (Macintosh; U; Intel Mac OS X 10.6; en-US; rv:1.9.1.7) Gecko/20091221 Firefox/3.5.7"
141.195.132.129 - - [27/Jan/2010:04:27:25 +0000] "GET /courses/fs102sp10/to-do/ HTTP/1.1" 200 3753 "http://www.rockalypse.org/courses/fs102sp10/blog/reading-for-thursday.html" "Mozilla/5.0 (Macintosh; U; Intel Mac OS X 10.6; en-US; rv:1.9.1.7) Gecko/20091221 Firefox/3.5.7"
141.195.132.129 - - [27/Jan/2010:04:29:34 +0000] "GET /courses/fs102sp10/blog/tuesday-0126-reading-and-ac.html HTTP/1.1" 200 2673 "http://www.rockalypse.org/courses/fs102sp10/blog/reading-for-thursday.html" "Mozilla/5.0 (Macintosh; U; Intel Mac OS X 10.6; en-US; rv:1.9.1.7) Gecko/20091221 Firefox/3.5.7"
141.195.132.129 - - [27/Jan/2010:04:29:48 +0000] "GET /courses/fs102sp10/resources/20100122-participation-rubric.pdf HTTP/1.1" 200 42868 "http://www.rockalypse.org/courses/fs102sp10/blog/reading-for-thursday.html" "Mozilla/5.0 (Macintosh; U; Intel Mac OS X 10.6; en-US; rv:1.9.1.7) Gecko/20091221 Firefox/3.5.7"
89.16.161.240 - - [27/Jan/2010:04:30:04 +0000] "GET /courses/cmpsc220sp10/blog/index.xml HTTP/1.1" 304 - "-" "rss2email/2.65 +http://www.aaronsw.com/2002/rss2email/"
89.16.161.240 - - [27/Jan/2010:04:30:04 +0000] "GET /courses/fs102sp10/blog/index.rss HTTP/1.1" 304 - "-" "rss2email/2.65 +http://www.aaronsw.com/2002/rss2email/"
24.17.140.234 - - [27/Jan/2010:04:31:34 +0000] "GET /courses/cmpsc220sp09/_Media/firefly_objects_in_space-2.png HTTP/1.1" 200 139090 "http://www.twilightsucks.com/forum/phpBB3/viewtopic.php?f=36&t=102&start=175" "Mozilla/5.0 (Windows; U; Windows NT 6.0; en-US; rv:1.9.0.17) Gecko/2009122116 Firefox/3.0.17 (.NET CLR 3.5.30729)"
74.15.240.31 - - [27/Jan/2010:04:36:01 +0000] "GET /courses/cmpsc220sp09/_Media/firefly_objects_in_space-2.png HTTP/1.1" 200 139090 "http://www.twilightsucks.com/forum/phpBB3/viewtopic.php?f=39&t=14210&start=50" "Mozilla/5.0 (Windows; U; Windows NT 6.0; ja; rv:1.9.1.7) Gecko/20091221 Firefox/3.5.7"
24.187.127.210 - - [27/Jan/2010:04:36:42 +0000] "GET /courses/fs101f09/blog/chewing_your_fingers.html HTTP/1.1" 200 2938 "http://www.google.com/search?q=%22chewing+your+fingers+to+the+bone%22&sourceid=ie7&rls=com.microsoft:en-US&ie=utf8&oe=utf8&rlz=" "Mozilla/4.0 (compatible; MSIE 8.0; Windows NT 5.1; Trident/4.0; .NET CLR 1.0.3705; .NET CLR 1.1.4322; Media Center PC 4.0; .NET CLR 2.0.50727; .NET CLR 3.0.4506.2152; .NET CLR 3.5.30729; MS-RTC LM 8)"
24.187.127.210 - - [27/Jan/2010:04:36:42 +0000] "GET /courses/fs101f09/sandvox_Allegheny/main.css HTTP/1.1" 200 2357 "http://www.rockalypse.org/courses/fs101f09/blog/chewing_your_fingers.html" "Mozilla/4.0 (compatible; MSIE 8.0; Windows NT 5.1; Trident/4.0; .NET CLR 1.0.3705; .NET CLR 1.1.4322; Media Center PC 4.0; .NET CLR 2.0.50727; .NET CLR 3.0.4506.2152; .NET CLR 3.5.30729; MS-RTC LM 8)"
24.187.127.210 - - [27/Jan/2010:04:36:42 +0000] "GET /courses/fs101f09/_Resources/sandvox.css HTTP/1.1" 200 450 "http://www.rockalypse.org/courses/fs101f09/blog/chewing_your_fingers.html" "Mozilla/4.0 (compatible; MSIE 8.0; Windows NT 5.1; Trident/4.0; .NET CLR 1.0.3705; .NET CLR 1.1.4322; Media Center PC 4.0; .NET CLR 2.0.50727; .NET CLR 3.0.4506.2152; .NET CLR 3.5.30729; MS-RTC LM 8)"
24.187.127.210 - - [27/Jan/2010:04:36:42 +0000] "GET /courses/fs101f09/_Resources/rssbadge.css HTTP/1.1" 200 225 "http://www.rockalypse.org/courses/fs101f09/blog/chewing_your_fingers.html" "Mozilla/4.0 (compatible; MSIE 8.0; Windows NT 5.1; Trident/4.0; .NET CLR 1.0.3705; .NET CLR 1.1.4322; Media Center PC 4.0; .NET CLR 2.0.50727; .NET CLR 3.0.4506.2152; .NET CLR 3.5.30729; MS-RTC LM 8)"
24.187.127.210 - - [27/Jan/2010:04:36:42 +0000] "GET /courses/fs101f09/_Resources/orange_small.png HTTP/1.1" 200 689 "http://www.rockalypse.org/courses/fs101f09/blog/chewing_your_fingers.html" "Mozilla/4.0 (compatible; MSIE 8.0; Windows NT 5.1; Trident/4.0; .NET CLR 1.0.3705; .NET CLR 1.1.4322; Media Center PC 4.0; .NET CLR 2.0.50727; .NET CLR 3.0.4506.2152; .NET CLR 3.5.30729; MS-RTC LM 8)"
24.187.127.210 - - [27/Jan/2010:04:36:42 +0000] "GET /courses/fs101f09/_Resources/offline.png HTTP/1.1" 200 15293 "http://www.rockalypse.org/courses/fs101f09/blog/chewing_your_fingers.html" "Mozilla/4.0 (compatible; MSIE 8.0; Windows NT 5.1; Trident/4.0; .NET CLR 1.0.3705; .NET CLR 1.1.4322; Media Center PC 4.0; .NET CLR 2.0.50727; .NET CLR 3.0.4506.2152; .NET CLR 3.5.30729; MS-RTC LM 8)"
24.187.127.210 - - [27/Jan/2010:04:36:42 +0000] "GET /courses/fs101f09/_Media/monty_pythonspotthelooneyfc.png HTTP/1.1" 200 68430 "http://www.rockalypse.org/courses/fs101f09/blog/chewing_your_fingers.html" "Mozilla/4.0 (compatible; MSIE 8.0; Windows NT 5.1; Trident/4.0; .NET CLR 1.0.3705; .NET CLR 1.1.4322; Media Center PC 4.0; .NET CLR 2.0.50727; .NET CLR 3.0.4506.2152; .NET CLR 3.5.30729; MS-RTC LM 8)"
24.187.127.210 - - [27/Jan/2010:04:36:43 +0000] "GET /courses/fs101f09/_Media/python-sings.ico HTTP/1.1" 200 772 "-" "Mozilla/4.0 (compatible; MSIE 8.0; Windows NT 5.1; Trident/4.0; .NET CLR 1.0.3705; .NET CLR 1.1.4322; Media Center PC 4.0; .NET CLR 2.0.50727; .NET CLR 3.0.4506.2152; .NET CLR 3.5.30729; MS-RTC LM 8)"
24.187.127.210 - - [27/Jan/2010:04:36:59 +0000] "GET /courses/fs101f09/to_do/ HTTP/1.1" 200 3509 "http://www.rockalypse.org/courses/fs101f09/blog/chewing_your_fingers.html" "Mozilla/4.0 (compatible; MSIE 8.0; Windows NT 5.1; Trident/4.0; .NET CLR 1.0.3705; .NET CLR 1.1.4322; Media Center PC 4.0; .NET CLR 2.0.50727; .NET CLR 3.0.4506.2152; .NET CLR 3.5.30729; MS-RTC LM 8)"
24.187.127.210 - - [27/Jan/2010:04:37:00 +0000] "GET /courses/fs101f09/syllabus/ HTTP/1.1" 200 4614 "http://www.rockalypse.org/courses/fs101f09/to_do/" "Mozilla/4.0 (compatible; MSIE 8.0; Windows NT 5.1; Trident/4.0; .NET CLR 1.0.3705; .NET CLR 1.1.4322; Media Center PC 4.0; .NET CLR 2.0.50727; .NET CLR 3.0.4506.2152; .NET CLR 3.5.30729; MS-RTC LM 8)"
24.187.127.210 - - [27/Jan/2010:04:37:08 +0000] "GET /courses/fs101f09/principles.html HTTP/1.1" 200 3229 "http://www.rockalypse.org/courses/fs101f09/syllabus/" "Mozilla/4.0 (compatible; MSIE 8.0; Windows NT 5.1; Trident/4.0; .NET CLR 1.0.3705; .NET CLR 1.1.4322; Media Center PC 4.0; .NET CLR 2.0.50727; .NET CLR 3.0.4506.2152; .NET CLR 3.5.30729; MS-RTC LM 8)"
24.187.127.210 - - [27/Jan/2010:04:37:17 +0000] "GET /courses/fs101f09/resources/ HTTP/1.1" 200 2427 "http://www.rockalypse.org/courses/fs101f09/principles.html" "Mozilla/4.0 (compatible; MSIE 8.0; Windows NT 5.1; Trident/4.0; .NET CLR 1.0.3705; .NET CLR 1.1.4322; Media Center PC 4.0; .NET CLR 2.0.50727; .NET CLR 3.0.4506.2152; .NET CLR 3.5.30729; MS-RTC LM 8)"
24.187.127.210 - - [27/Jan/2010:04:37:22 +0000] "GET /courses/fs101f09/calendar.html HTTP/1.1" 200 2721 "http://www.rockalypse.org/courses/fs101f09/resources/" "Mozilla/4.0 (compatible; MSIE 8.0; Windows NT 5.1; Trident/4.0; .NET CLR 1.0.3705; .NET CLR 1.1.4322; Media Center PC 4.0; .NET CLR 2.0.50727; .NET CLR 3.0.4506.2152; .NET CLR 3.5.30729; MS-RTC LM 8)"
24.187.127.210 - - [27/Jan/2010:04:37:28 +0000] "GET /courses/fs101f09/blog/ HTTP/1.1" 200 13260 "http://www.rockalypse.org/courses/fs101f09/syllabus/" "Mozilla/4.0 (compatible; MSIE 8.0; Windows NT 5.1; Trident/4.0; .NET CLR 1.0.3705; .NET CLR 1.1.4322; Media Center PC 4.0; .NET CLR 2.0.50727; .NET CLR 3.0.4506.2152; .NET CLR 3.5.30729; MS-RTC LM 8)"
24.187.127.210 - - [27/Jan/2010:04:37:29 +0000] "GET /courses/fs101f09/_Media/pastedgraphic.png HTTP/1.1" 200 45040 "http://www.rockalypse.org/courses/fs101f09/blog/" "Mozilla/4.0 (compatible; MSIE 8.0; Windows NT 5.1; Trident/4.0; .NET CLR 1.0.3705; .NET CLR 1.1.4322; Media Center PC 4.0; .NET CLR 2.0.50727; .NET CLR 3.0.4506.2152; .NET CLR 3.5.30729; MS-RTC LM 8)"
89.16.161.240 - - [27/Jan/2010:04:40:03 +0000] "GET /courses/cmpsc220sp10/blog/index.xml HTTP/1.1" 304 - "-" "rss2email/2.65 +http://www.aaronsw.com/2002/rss2email/"
89.16.161.240 - - [27/Jan/2010:04:40:03 +0000] "GET /courses/fs102sp10/blog/index.rss HTTP/1.1" 304 - "-" "rss2email/2.65 +http://www.aaronsw.com/2002/rss2email/"
89.16.161.240 - - [27/Jan/2010:04:50:03 +0000] "GET /courses/cmpsc220sp10/blog/index.xml HTTP/1.1" 304 - "-" "rss2email/2.65 +http://www.aaronsw.com/2002/rss2email/"
89.16.161.240 - - [27/Jan/2010:04:50:03 +0000] "GET /courses/fs102sp10/blog/index.rss HTTP/1.1" 304 - "-" "rss2email/2.65 +http://www.aaronsw.com/2002/rss2email/"
35.11.241.222 - - [27/Jan/2010:04:52:03 +0000] "GET /courses/cmpsc220sp09/_Media/firefly_objects_in_space-2.png HTTP/1.1" 200 139090 "http://www.twilightsucks.com/forum/phpBB3/viewtopic.php?f=36&t=102&p=763887" "Mozilla/4.0 (compatible; MSIE 8.0; Windows NT 6.0; Trident/4.0; GTB6.3; SLCC1; .NET CLR 2.0.50727; Media Center PC 5.0; .NET CLR 3.5.30729; .NET CLR 3.0.30729; Zune 4.0)"
110.32.118.73 - - [27/Jan/2010:04:54:30 +0000] "GET /courses/cmpsc220sp09/_Media/firefly_objects_in_space-2.png HTTP/1.1" 200 139090 "http://www.twilightsucks.com/forum/phpBB3/viewtopic.php?f=36&t=102&start=175" "Mozilla/4.0 (compatible; MSIE 8.0; Windows NT 5.1; Trident/4.0; .NET CLR 1.1.4322; .NET CLR 2.0.50727)"
89.16.161.240 - - [27/Jan/2010:05:00:05 +0000] "GET /courses/cmpsc220sp10/blog/index.xml HTTP/1.1" 304 - "-" "rss2email/2.65 +http://www.aaronsw.com/2002/rss2email/"
89.16.161.240 - - [27/Jan/2010:05:00:05 +0000] "GET /courses/fs102sp10/blog/index.rss HTTP/1.1" 304 - "-" "rss2email/2.65 +http://www.aaronsw.com/2002/rss2email/"
66.249.65.153 - - [27/Jan/2010:05:05:39 +0000] "GET /robots.txt HTTP/1.1" 404 360 "-" "Mozilla/5.0 (compatible; Googlebot/2.1; +http://www.google.com/bot.html)"
66.249.65.153 - - [27/Jan/2010:05:05:39 +0000] "GET /courses/cmpsc220sp09/blog/99_things.html HTTP/1.1" 200 2795 "-" "Mozilla/5.0 (compatible; Googlebot/2.1; +http://www.google.com/bot.html)"
65.100.80.199 - - [27/Jan/2010:05:07:21 +0000] "GET /courses/cmpsc220sp09/_Media/firefly_objects_in_space-2.png HTTP/1.1" 200 139090 "http://www.twilightsucks.com/forum/phpBB3/viewtopic.php?f=39&t=14210&p=763554" "Mozilla/4.0 (compatible; MSIE 8.0; Windows NT 6.0; Trident/4.0; GTB5; SLCC1; .NET CLR 2.0.50727; Media Center PC 5.0; .NET CLR 3.5.30729; .NET CLR 3.0.30618; yie8)"
71.204.41.62 - - [27/Jan/2010:05:08:02 +0000] "GET /courses/cmpsc220sp09/_Media/firefly_objects_in_space-2.png HTTP/1.1" 200 139090 "http://www.twilightsucks.com/forum/phpBB3/viewtopic.php?f=39&t=13941&start=25" "Mozilla/4.0 (compatible; MSIE 8.0; Windows NT 6.0; Trident/4.0; GTB6.3; SLCC1; .NET CLR 2.0.50727; .NET CLR 3.5.30729; .NET CLR 3.0.30729; InfoPath.2)"
89.16.161.240 - - [27/Jan/2010:05:10:03 +0000] "GET /courses/cmpsc220sp10/blog/index.xml HTTP/1.1" 304 - "-" "rss2email/2.65 +http://www.aaronsw.com/2002/rss2email/"
89.16.161.240 - - [27/Jan/2010:05:10:04 +0000] "GET /courses/fs102sp10/blog/index.rss HTTP/1.1" 304 - "-" "rss2email/2.65 +http://www.aaronsw.com/2002/rss2email/"
66.249.65.153 - - [27/Jan/2010:05:10:47 +0000] "GET /courses/fs102sp10/sitemap.xml.gz HTTP/1.1" 304 - "-" "Mozilla/5.0 (compatible; Googlebot/2.1; +http://www.google.com/bot.html)"
89.16.161.240 - - [27/Jan/2010:05:20:03 +0000] "GET /courses/cmpsc220sp10/blog/index.xml HTTP/1.1" 304 - "-" "rss2email/2.65 +http://www.aaronsw.com/2002/rss2email/"
89.16.161.240 - - [27/Jan/2010:05:20:03 +0000] "GET /courses/fs102sp10/blog/index.rss HTTP/1.1" 304 - "-" "rss2email/2.65 +http://www.aaronsw.com/2002/rss2email/"
89.16.161.240 - - [27/Jan/2010:05:30:03 +0000] "GET /courses/cmpsc220sp10/blog/index.xml HTTP/1.1" 304 - "-" "rss2email/2.65 +http://www.aaronsw.com/2002/rss2email/"
89.16.161.240 - - [27/Jan/2010:05:30:03 +0000] "GET /courses/fs102sp10/blog/index.rss HTTP/1.1" 304 - "-" "rss2email/2.65 +http://www.aaronsw.com/2002/rss2email/"
119.63.198.35 - - [27/Jan/2010:05:34:40 +0000] "GET /robots.txt HTTP/1.1" 404 360 "-" "Baiduspider+(+http://www.baidu.com/search/spider.htm)"
89.16.161.240 - - [27/Jan/2010:05:40:03 +0000] "GET /courses/cmpsc220sp10/blog/index.xml HTTP/1.1" 304 - "-" "rss2email/2.65 +http://www.aaronsw.com/2002/rss2email/"
89.16.161.240 - - [27/Jan/2010:05:40:03 +0000] "GET /courses/fs102sp10/blog/index.rss HTTP/1.1" 304 - "-" "rss2email/2.65 +http://www.aaronsw.com/2002/rss2email/"
24.171.16.80 - - [27/Jan/2010:05:47:07 +0000] "GET /courses/cmpsc220sp09/_Media/firefly_objects_in_space-2.png HTTP/1.1" 200 139090 "http://www.twilightsucks.com/forum/phpBB3/viewtopic.php?f=16&t=13351" "Mozilla/5.0 (Windows; U; Windows NT 6.0; en-US; rv:1.9.1.7) Gecko/20091221 Firefox/3.5.7 GTB6 (.NET CLR 3.5.30729)"
89.16.161.240 - - [27/Jan/2010:05:50:04 +0000] "GET /courses/cmpsc220sp10/blog/index.xml HTTP/1.1" 304 - "-" "rss2email/2.65 +http://www.aaronsw.com/2002/rss2email/"
89.16.161.240 - - [27/Jan/2010:05:50:04 +0000] "GET /courses/fs102sp10/blog/index.rss HTTP/1.1" 304 - "-" "rss2email/2.65 +http://www.aaronsw.com/2002/rss2email/"
67.195.37.176 - - [27/Jan/2010:05:53:11 +0000] "GET /robots.txt HTTP/1.0" 404 360 "-" "Mozilla/5.0 (compatible; Yahoo! Slurp; http://help.yahoo.com/help/us/ysearch/slurp)"
67.195.37.176 - - [27/Jan/2010:05:53:12 +0000] "GET /courses/fs102sp10/blog/ HTTP/1.0" 200 3783 "-" "Mozilla/5.0 (compatible; Yahoo! Slurp/3.0; http://help.yahoo.com/help/us/ysearch/slurp)"
67.195.37.176 - - [27/Jan/2010:05:53:13 +0000] "GET /courses/fs102sp10/_Resources/sandvox.css HTTP/1.0" 200 490 "http://www.rockalypse.org/courses/fs102sp10/blog/" "Mozilla/5.0 (compatible; Yahoo! Slurp/3.0; http://help.yahoo.com/help/us/ysearch/slurp)"
67.195.37.176 - - [27/Jan/2010:05:53:14 +0000] "GET /courses/fs102sp10/_Resources/rssbadge.css HTTP/1.0" 200 225 "http://www.rockalypse.org/courses/fs102sp10/blog/" "Mozilla/5.0 (compatible; Yahoo! Slurp/3.0; http://help.yahoo.com/help/us/ysearch/slurp)"
67.195.37.176 - - [27/Jan/2010:05:53:15 +0000] "GET /courses/fs102sp10/sandvox_Red/main.css HTTP/1.0" 200 2234 "http://www.rockalypse.org/courses/fs102sp10/blog/" "Mozilla/5.0 (compatible; Yahoo! Slurp/3.0; http://help.yahoo.com/help/us/ysearch/slurp)"
89.16.161.240 - - [27/Jan/2010:06:00:04 +0000] "GET /courses/cmpsc220sp10/blog/index.xml HTTP/1.1" 304 - "-" "rss2email/2.65 +http://www.aaronsw.com/2002/rss2email/"
89.16.161.240 - - [27/Jan/2010:06:00:04 +0000] "GET /courses/fs102sp10/blog/index.rss HTTP/1.1" 304 - "-" "rss2email/2.65 +http://www.aaronsw.com/2002/rss2email/"
67.195.37.176 - - [27/Jan/2010:06:02:58 +0000] "GET /courses/fs102sp10/resources/20100122-participation-rubric.pdf HTTP/1.0" 200 42868 "-" "Mozilla/5.0 (compatible; Yahoo! Slurp/3.0; http://help.yahoo.com/help/us/ysearch/slurp)"
98.212.45.132 - - [27/Jan/2010:06:03:09 +0000] "GET /courses/cmpsc220sp09/_Media/firefly_objects_in_space-2.png HTTP/1.1" 200 139090 "http://www.twilightsucks.com/forum/phpBB3/viewtopic.php?f=36&t=102&start=175" "Mozilla/5.0 (Windows; U; Windows NT 6.0; en-US; rv:1.9.0.17) Gecko/2009122116 Firefox/3.0.17 (.NET CLR 3.5.30729)"
89.16.161.240 - - [27/Jan/2010:06:10:04 +0000] "GET /courses/cmpsc220sp10/blog/index.xml HTTP/1.1" 304 - "-" "rss2email/2.65 +http://www.aaronsw.com/2002/rss2email/"
89.16.161.240 - - [27/Jan/2010:06:10:04 +0000] "GET /courses/fs102sp10/blog/index.rss HTTP/1.1" 304 - "-" "rss2email/2.65 +http://www.aaronsw.com/2002/rss2email/"
