216.183.185.73 - - [31/Aug/2008:17:22:08 +0100] "GET /feed.xml HTTP/1.1" 200 355 "http://www.rockalypse.com/Home.html" "Mozilla/4.0 (compatible; MSIE 7.0; Windows NT 5.1; .NET CLR 2.0.50727; .NET CLR 3.0.04506.30)"
216.171.98.77 - - [31/Aug/2008:17:22:08 +0100] "GET /feed.xml HTTP/1.0" 200 627 "-" "Mozilla/5.0 (X11; U; Linux i686; en-US; rv:1.7.5) Gecko/20041107 Firefox/1.0"
216.183.185.73 - - [31/Aug/2008:17:22:08 +0100] "GET /Home_files/droppedImage_1.jpg HTTP/1.1" 200 9271 "http://www.rockalypse.com/Home.html" "Mozilla/4.0 (compatible; MSIE 7.0; Windows NT 5.1; .NET CLR 2.0.50727; .NET CLR 3.0.04506.30)"
216.183.185.73 - - [31/Aug/2008:17:22:07 +0100] "GET /Home_files/droppedImage.jpg HTTP/1.1" 200 36633 "http://www.rockalypse.com/Home.html" "Mozilla/4.0 (compatible; MSIE 7.0; Windows NT 5.1; .NET CLR 2.0.50727; .NET CLR 3.0.04506.30)"
216.183.185.73 - - [31/Aug/2008:17:22:08 +0100] "GET /Home_files/droppedImage.png HTTP/1.1" 200 2713 "http://www.rockalypse.com/Home.html" "Mozilla/4.0 (compatible; MSIE 7.0; Windows NT 5.1; .NET CLR 2.0.50727; .NET CLR 3.0.04506.30)"
216.183.185.73 - - [31/Aug/2008:17:22:08 +0100] "GET /Home_files/mwmac.png HTTP/1.1" 200 1062 "http://www.rockalypse.com/Home.html" "Mozilla/4.0 (compatible; MSIE 7.0; Windows NT 5.1; .NET CLR 2.0.50727; .NET CLR 3.0.04506.30)"
216.183.185.73 - - [31/Aug/2008:17:22:08 +0100] "GET /Media/transparent.gif HTTP/1.1" 200 43 "http://www.rockalypse.com/Home.html" "Mozilla/4.0 (compatible; MSIE 7.0; Windows NT 5.1; .NET CLR 2.0.50727; .NET CLR 3.0.04506.30)"
216.183.185.73 - - [31/Aug/2008:17:22:08 +0100] "GET /Home_files/stroke.png HTTP/1.1" 200 105 "-" "Mozilla/4.0 (compatible; MSIE 7.0; Windows NT 5.1; .NET CLR 2.0.50727; .NET CLR 3.0.04506.30)"
216.183.185.73 - - [31/Aug/2008:17:22:08 +0100] "GET /Home_files/stroke_1.png HTTP/1.1" 200 78 "-" "Mozilla/4.0 (compatible; MSIE 7.0; Windows NT 5.1; .NET CLR 2.0.50727; .NET CLR 3.0.04506.30)"
216.183.185.73 - - [31/Aug/2008:17:22:09 +0100] "GET /Home_files/stroke_2.png HTTP/1.1" 200 117 "-" "Mozilla/4.0 (compatible; MSIE 7.0; Windows NT 5.1; .NET CLR 2.0.50727; .NET CLR 3.0.04506.30)"
216.183.185.73 - - [31/Aug/2008:17:22:09 +0100] "GET /Home_files/stroke_3.png HTTP/1.1" 200 87 "-" "Mozilla/4.0 (compatible; MSIE 7.0; Windows NT 5.1; .NET CLR 2.0.50727; .NET CLR 3.0.04506.30)"
216.183.185.73 - - [31/Aug/2008:17:22:09 +0100] "GET /Home_files/stroke_4.png HTTP/1.1" 200 128 "-" "Mozilla/4.0 (compatible; MSIE 7.0; Windows NT 5.1; .NET CLR 2.0.50727; .NET CLR 3.0.04506.30)"
216.183.185.73 - - [31/Aug/2008:17:22:09 +0100] "GET /Home_files/stroke_5.png HTTP/1.1" 200 87 "-" "Mozilla/4.0 (compatible; MSIE 7.0; Windows NT 5.1; .NET CLR 2.0.50727; .NET CLR 3.0.04506.30)"
216.183.185.73 - - [31/Aug/2008:17:22:09 +0100] "GET /Home_files/stroke_6.png HTTP/1.1" 200 117 "-" "Mozilla/4.0 (compatible; MSIE 7.0; Windows NT 5.1; .NET CLR 2.0.50727; .NET CLR 3.0.04506.30)"
216.183.185.73 - - [31/Aug/2008:17:22:09 +0100] "GET /Home_files/stroke_7.png HTTP/1.1" 200 78 "-" "Mozilla/4.0 (compatible; MSIE 7.0; Windows NT 5.1; .NET CLR 2.0.50727; .NET CLR 3.0.04506.30)"
216.183.185.73 - - [31/Aug/2008:17:22:09 +0100] "GET /Home_files/stroke_8.png HTTP/1.1" 200 104 "-" "Mozilla/4.0 (compatible; MSIE 7.0; Windows NT 5.1; .NET CLR 2.0.50727; .NET CLR 3.0.04506.30)"
216.183.185.73 - - [31/Aug/2008:17:22:09 +0100] "GET /Home_files/stroke_9.png HTTP/1.1" 200 98 "-" "Mozilla/4.0 (compatible; MSIE 7.0; Windows NT 5.1; .NET CLR 2.0.50727; .NET CLR 3.0.04506.30)"
216.183.185.73 - - [31/Aug/2008:17:22:09 +0100] "GET /Home_files/stroke_10.png HTTP/1.1" 200 118 "-" "Mozilla/4.0 (compatible; MSIE 7.0; Windows NT 5.1; .NET CLR 2.0.50727; .NET CLR 3.0.04506.30)"
216.183.185.73 - - [31/Aug/2008:17:22:10 +0100] "GET /Home_files/stroke_11.png HTTP/1.1" 200 102 "-" "Mozilla/4.0 (compatible; MSIE 7.0; Windows NT 5.1; .NET CLR 2.0.50727; .NET CLR 3.0.04506.30)"
216.183.185.73 - - [31/Aug/2008:17:22:10 +0100] "GET /Home_files/stroke_12.png HTTP/1.1" 200 104 "-" "Mozilla/4.0 (compatible; MSIE 7.0; Windows NT 5.1; .NET CLR 2.0.50727; .NET CLR 3.0.04506.30)"
216.183.185.73 - - [31/Aug/2008:17:22:10 +0100] "GET /Home_files/stroke_13.png HTTP/1.1" 200 103 "-" "Mozilla/4.0 (compatible; MSIE 7.0; Windows NT 5.1; .NET CLR 2.0.50727; .NET CLR 3.0.04506.30)"
216.183.185.73 - - [31/Aug/2008:17:22:10 +0100] "GET /Home_files/stroke_14.png HTTP/1.1" 200 118 "-" "Mozilla/4.0 (compatible; MSIE 7.0; Windows NT 5.1; .NET CLR 2.0.50727; .NET CLR 3.0.04506.30)"
216.183.185.73 - - [31/Aug/2008:17:22:10 +0100] "GET /Home_files/stroke_15.png HTTP/1.1" 200 105 "-" "Mozilla/4.0 (compatible; MSIE 7.0; Windows NT 5.1; .NET CLR 2.0.50727; .NET CLR 3.0.04506.30)"
216.183.185.73 - - [31/Aug/2008:17:22:24 +0100] "GET /courses/f08/cmpsc111 HTTP/1.1" 301 414 "http://www.rockalypse.com/Home.html" "Mozilla/4.0 (compatible; MSIE 7.0; Windows NT 5.1; .NET CLR 2.0.50727; .NET CLR 3.0.04506.30)"
216.171.98.77 - - [31/Aug/2008:17:22:24 +0100] "GET /courses/f08/cmpsc111 HTTP/1.0" 301 414 "-" "Mozilla/5.0 (X11; U; Linux i686; en-US; rv:1.7.5) Gecko/20041107 Firefox/1.0"
216.183.185.73 - - [31/Aug/2008:17:22:24 +0100] "GET /courses/f08/cmpsc111/ HTTP/1.1" 200 244 "http://www.rockalypse.com/Home.html" "Mozilla/4.0 (compatible; MSIE 7.0; Windows NT 5.1; .NET CLR 2.0.50727; .NET CLR 3.0.04506.30)"
216.171.98.77 - - [31/Aug/2008:17:22:24 +0100] "GET /courses/f08/cmpsc111/ HTTP/1.0" 200 315 "-" "Mozilla/5.0 (X11; U; Linux i686; en-US; rv:1.7.5) Gecko/20041107 Firefox/1.0"
216.183.185.73 - - [31/Aug/2008:17:22:24 +0100] "GET /favicon.ico HTTP/1.1" 404 368 "-" "Mozilla/4.0 (compatible; MSIE 7.0; Windows NT 5.1; .NET CLR 2.0.50727; .NET CLR 3.0.04506.30)"
216.171.98.77 - - [31/Aug/2008:17:22:24 +0100] "GET /courses/f08/cmpsc111/ HTTP/1.1" 200 315 "-" "Mozilla/5.0 (X11; U; Linux i686; en-US; rv:1.7.5) Gecko/20041107 Firefox/1.0"
216.183.185.73 - - [31/Aug/2008:17:22:24 +0100] "GET /courses/f08/cmpsc111/CMPSC111_Home.html HTTP/1.1" 200 2029 "-" "Mozilla/4.0 (compatible; MSIE 7.0; Windows NT 5.1; .NET CLR 2.0.50727; .NET CLR 3.0.04506.30)"
216.171.98.77 - - [31/Aug/2008:17:22:24 +0100] "GET /courses/f08/cmpsc111/CMPSC111_Home.html HTTP/1.0" 200 7002 "-" "Mozilla/5.0 (X11; U; Linux i686; en-US; rv:1.7.5) Gecko/20041107 Firefox/1.0"
216.171.98.77 - - [31/Aug/2008:17:22:24 +0100] "GET /courses/f08/cmpsc111/CMPSC111_Home.html HTTP/1.0" 200 7002 "-" "Mozilla/5.0 (X11; U; Linux i686; en-US; rv:1.7.5) Gecko/20041107 Firefox/1.0"
216.171.98.77 - - [31/Aug/2008:17:22:24 +0100] "GET /courses/f08/cmpsc111/CMPSC111_Home.html HTTP/1.0" 200 7002 "-" "Mozilla/5.0 (X11; U; Linux i686; en-US; rv:1.7.5) Gecko/20041107 Firefox/1.0"
216.183.185.73 - - [31/Aug/2008:17:22:24 +0100] "GET /courses/f08/cmpsc111/CMPSC111_Home_files/CMPSC111_Home.css HTTP/1.1" 200 800 "http://www.rockalypse.org/courses/f08/cmpsc111/CMPSC111_Home.html" "Mozilla/4.0 (compatible; MSIE 7.0; Windows NT 5.1; .NET CLR 2.0.50727; .NET CLR 3.0.04506.30)"
216.183.185.73 - - [31/Aug/2008:17:22:24 +0100] "GET /courses/f08/cmpsc111/CMPSC111_Home_files/CMPSC111_HomeIE.css HTTP/1.1" 200 237 "http://www.rockalypse.org/courses/f08/cmpsc111/CMPSC111_Home.html" "Mozilla/4.0 (compatible; MSIE 7.0; Windows NT 5.1; .NET CLR 2.0.50727; .NET CLR 3.0.04506.30)"
216.183.185.73 - - [31/Aug/2008:17:22:25 +0100] "GET /courses/f08/cmpsc111/Scripts/iWebSite.js HTTP/1.1" 200 37101 "http://www.rockalypse.org/courses/f08/cmpsc111/CMPSC111_Home.html" "Mozilla/4.0 (compatible; MSIE 7.0; Windows NT 5.1; .NET CLR 2.0.50727; .NET CLR 3.0.04506.30)"
216.171.98.77 - - [31/Aug/2008:17:22:25 +0100] "GET /courses/f08/cmpsc111/Scripts/iWebSite.js HTTP/1.0" 200 150769 "-" "Mozilla/5.0 (X11; U; Linux i686; en-US; rv:1.7.5) Gecko/20041107 Firefox/1.0"
216.183.185.73 - - [31/Aug/2008:17:22:25 +0100] "GET /courses/f08/cmpsc111/Scripts/Widgets/SharedResources/WidgetCommon.js HTTP/1.1" 200 1203 "http://www.rockalypse.org/courses/f08/cmpsc111/CMPSC111_Home.html" "Mozilla/4.0 (compatible; MSIE 7.0; Windows NT 5.1; .NET CLR 2.0.50727; .NET CLR 3.0.04506.30)"
216.171.98.77 - - [31/Aug/2008:17:22:26 +0100] "GET /courses/f08/cmpsc111/Scripts/Widgets/SharedResources/WidgetCommon.js HTTP/1.0" 200 3947 "-" "Mozilla/5.0 (X11; U; Linux i686; en-US; rv:1.7.5) Gecko/20041107 Firefox/1.0"
216.183.185.73 - - [31/Aug/2008:17:22:26 +0100] "GET /courses/f08/cmpsc111/Scripts/Widgets/Navbar/navbar.js HTTP/1.1" 200 2222 "http://www.rockalypse.org/courses/f08/cmpsc111/CMPSC111_Home.html" "Mozilla/4.0 (compatible; MSIE 7.0; Windows NT 5.1; .NET CLR 2.0.50727; .NET CLR 3.0.04506.30)"
216.171.98.77 - - [31/Aug/2008:17:22:26 +0100] "GET /courses/f08/cmpsc111/Scripts/Widgets/Navbar/navbar.js HTTP/1.0" 200 6111 "-" "Mozilla/5.0 (X11; U; Linux i686; en-US; rv:1.7.5) Gecko/20041107 Firefox/1.0"
216.183.185.73 - - [31/Aug/2008:17:22:26 +0100] "GET /courses/f08/cmpsc111/Scripts/iWebImage.js HTTP/1.1" 200 8768 "http://www.rockalypse.org/courses/f08/cmpsc111/CMPSC111_Home.html" "Mozilla/4.0 (compatible; MSIE 7.0; Windows NT 5.1; .NET CLR 2.0.50727; .NET CLR 3.0.04506.30)"
216.183.185.73 - - [31/Aug/2008:17:22:26 +0100] "GET /courses/f08/cmpsc111/CMPSC111_Home_files/CMPSC111_Home.js HTTP/1.1" 200 508 "http://www.rockalypse.org/courses/f08/cmpsc111/CMPSC111_Home.html" "Mozilla/4.0 (compatible; MSIE 7.0; Windows NT 5.1; .NET CLR 2.0.50727; .NET CLR 3.0.04506.30)"
216.171.98.77 - - [31/Aug/2008:17:22:26 +0100] "GET /courses/f08/cmpsc111/Scripts/iWebImage.js HTTP/1.0" 200 39966 "-" "Mozilla/5.0 (X11; U; Linux i686; en-US; rv:1.7.5) Gecko/20041107 Firefox/1.0"
216.171.98.77 - - [31/Aug/2008:17:22:26 +0100] "GET /courses/f08/cmpsc111/CMPSC111_Home_files/CMPSC111_Home.js HTTP/1.0" 200 1264 "-" "Mozilla/5.0 (X11; U; Linux i686; en-US; rv:1.7.5) Gecko/20041107 Firefox/1.0"
216.183.185.73 - - [31/Aug/2008:17:22:26 +0100] "GET /courses/f08/cmpsc111/CMPSC111_Home_files/droppedImage.jpg HTTP/1.1" 200 952 "http://www.rockalypse.org/courses/f08/cmpsc111/CMPSC111_Home.html" "Mozilla/4.0 (compatible; MSIE 7.0; Windows NT 5.1; .NET CLR 2.0.50727; .NET CLR 3.0.04506.30)"
216.183.185.73 - - [31/Aug/2008:17:22:26 +0100] "GET /courses/f08/cmpsc111/feed.xml HTTP/1.1" 200 606 "http://www.rockalypse.org/courses/f08/cmpsc111/CMPSC111_Home.html" "Mozilla/4.0 (compatible; MSIE 7.0; Windows NT 5.1; .NET CLR 2.0.50727; .NET CLR 3.0.04506.30)"
216.171.98.77 - - [31/Aug/2008:17:22:27 +0100] "GET /courses/f08/cmpsc111/feed.xml HTTP/1.0" 200 1995 "-" "Mozilla/5.0 (X11; U; Linux i686; en-US; rv:1.7.5) Gecko/20041107 Firefox/1.0"
216.183.185.73 - - [31/Aug/2008:17:22:27 +0100] "GET /courses/f08/cmpsc111/CMPSC111_Home_files/shapeimage_1.jpg HTTP/1.1" 200 64356 "http://www.rockalypse.org/courses/f08/cmpsc111/CMPSC111_Home.html" "Mozilla/4.0 (compatible; MSIE 7.0; Windows NT 5.1; .NET CLR 2.0.50727; .NET CLR 3.0.04506.30)"
216.183.185.73 - - [31/Aug/2008:17:22:27 +0100] "GET /courses/f08/cmpsc111/Media/transparent.gif HTTP/1.1" 200 43 "http://www.rockalypse.org/courses/f08/cmpsc111/CMPSC111_Home.html" "Mozilla/4.0 (compatible; MSIE 7.0; Windows NT 5.1; .NET CLR 2.0.50727; .NET CLR 3.0.04506.30)"
216.183.185.73 - - [31/Aug/2008:17:22:27 +0100] "GET /courses/f08/cmpsc111/CMPSC111_Home_files/stroke.png HTTP/1.1" 200 78 "-" "Mozilla/4.0 (compatible; MSIE 7.0; Windows NT 5.1; .NET CLR 2.0.50727; .NET CLR 3.0.04506.30)"
216.183.185.73 - - [31/Aug/2008:17:22:27 +0100] "GET /courses/f08/cmpsc111/CMPSC111_Home_files/stroke_1.png HTTP/1.1" 200 79 "-" "Mozilla/4.0 (compatible; MSIE 7.0; Windows NT 5.1; .NET CLR 2.0.50727; .NET CLR 3.0.04506.30)"
216.183.185.73 - - [31/Aug/2008:17:22:28 +0100] "GET /courses/f08/cmpsc111/CMPSC111_Home_files/stroke_2.png HTTP/1.1" 200 78 "-" "Mozilla/4.0 (compatible; MSIE 7.0; Windows NT 5.1; .NET CLR 2.0.50727; .NET CLR 3.0.04506.30)"
216.183.185.73 - - [31/Aug/2008:17:22:28 +0100] "GET /courses/f08/cmpsc111/CMPSC111_Home_files/stroke_3.png HTTP/1.1" 200 79 "-" "Mozilla/4.0 (compatible; MSIE 7.0; Windows NT 5.1; .NET CLR 2.0.50727; .NET CLR 3.0.04506.30)"
216.183.185.73 - - [31/Aug/2008:17:22:28 +0100] "GET /courses/f08/cmpsc111/CMPSC111_Home_files/stroke_4.png HTTP/1.1" 200 78 "-" "Mozilla/4.0 (compatible; MSIE 7.0; Windows NT 5.1; .NET CLR 2.0.50727; .NET CLR 3.0.04506.30)"
216.183.185.73 - - [31/Aug/2008:17:22:28 +0100] "GET /courses/f08/cmpsc111/CMPSC111_Home_files/stroke_5.png HTTP/1.1" 200 86 "-" "Mozilla/4.0 (compatible; MSIE 7.0; Windows NT 5.1; .NET CLR 2.0.50727; .NET CLR 3.0.04506.30)"
216.183.185.73 - - [31/Aug/2008:17:22:28 +0100] "GET /courses/f08/cmpsc111/CMPSC111_Home_files/stroke_6.png HTTP/1.1" 200 89 "-" "Mozilla/4.0 (compatible; MSIE 7.0; Windows NT 5.1; .NET CLR 2.0.50727; .NET CLR 3.0.04506.30)"
216.183.185.73 - - [31/Aug/2008:17:22:28 +0100] "GET /courses/f08/cmpsc111/CMPSC111_Home_files/stroke_7.png HTTP/1.1" 200 86 "-" "Mozilla/4.0 (compatible; MSIE 7.0; Windows NT 5.1; .NET CLR 2.0.50727; .NET CLR 3.0.04506.30)"
216.183.185.73 - - [31/Aug/2008:17:23:12 +0100] "GET /courses/f08/cmpsc111 HTTP/1.1" 301 414 "http://www.rockalypse.com/Home.html" "Mozilla/4.0 (compatible; MSIE 7.0; Windows NT 5.1; .NET CLR 2.0.50727; .NET CLR 3.0.04506.30)"
216.183.185.73 - - [31/Aug/2008:17:23:12 +0100] "GET /courses/f08/cmpsc111/CMPSC111_Home.html HTTP/1.1" 304 - "-" "Mozilla/4.0 (compatible; MSIE 7.0; Windows NT 5.1; .NET CLR 2.0.50727; .NET CLR 3.0.04506.30)"
216.183.185.73 - - [31/Aug/2008:17:23:13 +0100] "GET /courses/f08/cmpsc111/CMPSC111_Home_files/CMPSC111_Home.css HTTP/1.1" 304 - "http://www.rockalypse.org/courses/f08/cmpsc111/CMPSC111_Home.html" "Mozilla/4.0 (compatible; MSIE 7.0; Windows NT 5.1; .NET CLR 2.0.50727; .NET CLR 3.0.04506.30)"
216.183.185.73 - - [31/Aug/2008:17:23:13 +0100] "GET /courses/f08/cmpsc111/CMPSC111_Home_files/CMPSC111_HomeIE.css HTTP/1.1" 304 - "http://www.rockalypse.org/courses/f08/cmpsc111/CMPSC111_Home.html" "Mozilla/4.0 (compatible; MSIE 7.0; Windows NT 5.1; .NET CLR 2.0.50727; .NET CLR 3.0.04506.30)"
216.183.185.73 - - [31/Aug/2008:17:23:13 +0100] "GET /courses/f08/cmpsc111/Scripts/iWebSite.js HTTP/1.1" 304 - "http://www.rockalypse.org/courses/f08/cmpsc111/CMPSC111_Home.html" "Mozilla/4.0 (compatible; MSIE 7.0; Windows NT 5.1; .NET CLR 2.0.50727; .NET CLR 3.0.04506.30)"
216.183.185.73 - - [31/Aug/2008:17:23:13 +0100] "GET /courses/f08/cmpsc111/Scripts/Widgets/SharedResources/WidgetCommon.js HTTP/1.1" 304 - "http://www.rockalypse.org/courses/f08/cmpsc111/CMPSC111_Home.html" "Mozilla/4.0 (compatible; MSIE 7.0; Windows NT 5.1; .NET CLR 2.0.50727; .NET CLR 3.0.04506.30)"
216.183.185.73 - - [31/Aug/2008:17:23:13 +0100] "GET /courses/f08/cmpsc111/Scripts/Widgets/Navbar/navbar.js HTTP/1.1" 304 - "http://www.rockalypse.org/courses/f08/cmpsc111/CMPSC111_Home.html" "Mozilla/4.0 (compatible; MSIE 7.0; Windows NT 5.1; .NET CLR 2.0.50727; .NET CLR 3.0.04506.30)"
216.183.185.73 - - [31/Aug/2008:17:23:13 +0100] "GET /courses/f08/cmpsc111/Scripts/iWebImage.js HTTP/1.1" 304 - "http://www.rockalypse.org/courses/f08/cmpsc111/CMPSC111_Home.html" "Mozilla/4.0 (compatible; MSIE 7.0; Windows NT 5.1; .NET CLR 2.0.50727; .NET CLR 3.0.04506.30)"
216.183.185.73 - - [31/Aug/2008:17:23:13 +0100] "GET /courses/f08/cmpsc111/CMPSC111_Home_files/CMPSC111_Home.js HTTP/1.1" 304 - "http://www.rockalypse.org/courses/f08/cmpsc111/CMPSC111_Home.html" "Mozilla/4.0 (compatible; MSIE 7.0; Windows NT 5.1; .NET CLR 2.0.50727; .NET CLR 3.0.04506.30)"
216.183.185.73 - - [31/Aug/2008:17:23:14 +0100] "GET /courses/f08/cmpsc111/CMPSC111_Home_files/droppedImage.jpg HTTP/1.1" 304 - "http://www.rockalypse.org/courses/f08/cmpsc111/CMPSC111_Home.html" "Mozilla/4.0 (compatible; MSIE 7.0; Windows NT 5.1; .NET CLR 2.0.50727; .NET CLR 3.0.04506.30)"
216.183.185.73 - - [31/Aug/2008:17:23:14 +0100] "GET /courses/f08/cmpsc111/CMPSC111_Home_files/shapeimage_1.jpg HTTP/1.1" 304 - "http://www.rockalypse.org/courses/f08/cmpsc111/CMPSC111_Home.html" "Mozilla/4.0 (compatible; MSIE 7.0; Windows NT 5.1; .NET CLR 2.0.50727; .NET CLR 3.0.04506.30)"
216.183.185.73 - - [31/Aug/2008:17:23:14 +0100] "GET /courses/f08/cmpsc111/Media/transparent.gif HTTP/1.1" 304 - "http://www.rockalypse.org/courses/f08/cmpsc111/CMPSC111_Home.html" "Mozilla/4.0 (compatible; MSIE 7.0; Windows NT 5.1; .NET CLR 2.0.50727; .NET CLR 3.0.04506.30)"
216.183.185.73 - - [31/Aug/2008:17:23:19 +0100] "GET /courses/f08/cmpsc111/Schedule.html HTTP/1.1" 200 3274 "http://www.rockalypse.org/courses/f08/cmpsc111/CMPSC111_Home.html" "Mozilla/4.0 (compatible; MSIE 7.0; Windows NT 5.1; .NET CLR 2.0.50727; .NET CLR 3.0.04506.30)"
216.183.185.73 - - [31/Aug/2008:17:23:19 +0100] "GET /courses/f08/cmpsc111/Schedule_files/Schedule.css HTTP/1.1" 200 1018 "http://www.rockalypse.org/courses/f08/cmpsc111/Schedule.html" "Mozilla/4.0 (compatible; MSIE 7.0; Windows NT 5.1; .NET CLR 2.0.50727; .NET CLR 3.0.04506.30)"
216.183.185.73 - - [31/Aug/2008:17:23:20 +0100] "GET /courses/f08/cmpsc111/Schedule_files/ScheduleIE.css HTTP/1.1" 200 237 "http://www.rockalypse.org/courses/f08/cmpsc111/Schedule.html" "Mozilla/4.0 (compatible; MSIE 7.0; Windows NT 5.1; .NET CLR 2.0.50727; .NET CLR 3.0.04506.30)"
216.171.98.77 - - [31/Aug/2008:17:23:19 +0100] "GET /courses/f08/cmpsc111/Schedule.html HTTP/1.0" 200 15295 "-" "Mozilla/5.0 (X11; U; Linux i686; en-US; rv:1.7.5) Gecko/20041107 Firefox/1.0"
216.183.185.73 - - [31/Aug/2008:17:23:20 +0100] "GET /courses/f08/cmpsc111/Scripts/Widgets/HTMLRegion/Paste.css HTTP/1.1" 200 81 "http://www.rockalypse.org/courses/f08/cmpsc111/Schedule.html" "Mozilla/4.0 (compatible; MSIE 7.0; Windows NT 5.1; .NET CLR 2.0.50727; .NET CLR 3.0.04506.30)"
216.183.185.73 - - [31/Aug/2008:17:23:20 +0100] "GET /courses/f08/cmpsc111/Scripts/Widgets/HTMLRegion/Paste.js HTTP/1.1" 200 604 "http://www.rockalypse.org/courses/f08/cmpsc111/Schedule.html" "Mozilla/4.0 (compatible; MSIE 7.0; Windows NT 5.1; .NET CLR 2.0.50727; .NET CLR 3.0.04506.30)"
216.171.98.77 - - [31/Aug/2008:17:23:20 +0100] "GET /courses/f08/cmpsc111/Scripts/Widgets/HTMLRegion/Paste.js HTTP/1.0" 200 1388 "-" "Mozilla/5.0 (X11; U; Linux i686; en-US; rv:1.7.5) Gecko/20041107 Firefox/1.0"
216.183.185.73 - - [31/Aug/2008:17:23:20 +0100] "GET /courses/f08/cmpsc111/Schedule_files/Schedule.js HTTP/1.1" 200 562 "http://www.rockalypse.org/courses/f08/cmpsc111/Schedule.html" "Mozilla/4.0 (compatible; MSIE 7.0; Windows NT 5.1; .NET CLR 2.0.50727; .NET CLR 3.0.04506.30)"
216.171.98.77 - - [31/Aug/2008:17:23:20 +0100] "GET /courses/f08/cmpsc111/Schedule_files/Schedule.js HTTP/1.0" 200 1792 "-" "Mozilla/5.0 (X11; U; Linux i686; en-US; rv:1.7.5) Gecko/20041107 Firefox/1.0"
216.183.185.73 - - [31/Aug/2008:17:23:20 +0100] "GET /courses/f08/cmpsc111/Schedule_files/droppedImage.jpg HTTP/1.1" 200 952 "http://www.rockalypse.org/courses/f08/cmpsc111/Schedule.html" "Mozilla/4.0 (compatible; MSIE 7.0; Windows NT 5.1; .NET CLR 2.0.50727; .NET CLR 3.0.04506.30)"
216.183.185.73 - - [31/Aug/2008:17:23:21 +0100] "GET /courses/f08/cmpsc111//Schedule_files/widget1_markup.html HTTP/1.1" 200 410 "http://www.rockalypse.org/courses/f08/cmpsc111/Schedule.html" "Mozilla/4.0 (compatible; MSIE 7.0; Windows NT 5.1; .NET CLR 2.0.50727; .NET CLR 3.0.04506.30)"
216.171.98.77 - - [31/Aug/2008:17:23:21 +0100] "GET /courses/f08/cmpsc111//Schedule_files/widget1_markup.html HTTP/1.0" 200 643 "-" "Mozilla/5.0 (X11; U; Linux i686; en-US; rv:1.7.5) Gecko/20041107 Firefox/1.0"
216.183.185.73 - - [31/Aug/2008:17:23:20 +0100] "GET /courses/f08/cmpsc111/Schedule_files/shapeimage_1.jpg HTTP/1.1" 200 39832 "http://www.rockalypse.org/courses/f08/cmpsc111/Schedule.html" "Mozilla/4.0 (compatible; MSIE 7.0; Windows NT 5.1; .NET CLR 2.0.50727; .NET CLR 3.0.04506.30)"
216.183.185.73 - - [31/Aug/2008:17:23:21 +0100] "GET /courses/f08/cmpsc111/Schedule_files/droppedImage_1.jpg HTTP/1.1" 200 1230 "http://www.rockalypse.org/courses/f08/cmpsc111/Schedule.html" "Mozilla/4.0 (compatible; MSIE 7.0; Windows NT 5.1; .NET CLR 2.0.50727; .NET CLR 3.0.04506.30)"
216.183.185.73 - - [31/Aug/2008:17:23:21 +0100] "GET /courses/f08/cmpsc111/Schedule_files/Picture%205.png HTTP/1.1" 200 18929 "http://www.rockalypse.org/courses/f08/cmpsc111/Schedule.html" "Mozilla/4.0 (compatible; MSIE 7.0; Windows NT 5.1; .NET CLR 2.0.50727; .NET CLR 3.0.04506.30)"
216.183.185.73 - - [31/Aug/2008:17:23:21 +0100] "GET /courses/f08/cmpsc111/Schedule_files/droppedImage_2.jpg HTTP/1.1" 200 103315 "http://www.rockalypse.org/courses/f08/cmpsc111/Schedule.html" "Mozilla/4.0 (compatible; MSIE 7.0; Windows NT 5.1; .NET CLR 2.0.50727; .NET CLR 3.0.04506.30)"
216.183.185.73 - - [31/Aug/2008:17:23:22 +0100] "GET /courses/f08/cmpsc111/Schedule_files/stroke.png HTTP/1.1" 200 78 "-" "Mozilla/4.0 (compatible; MSIE 7.0; Windows NT 5.1; .NET CLR 2.0.50727; .NET CLR 3.0.04506.30)"
216.183.185.73 - - [31/Aug/2008:17:23:22 +0100] "GET /courses/f08/cmpsc111/Schedule_files/stroke_1.png HTTP/1.1" 200 79 "-" "Mozilla/4.0 (compatible; MSIE 7.0; Windows NT 5.1; .NET CLR 2.0.50727; .NET CLR 3.0.04506.30)"
216.183.185.73 - - [31/Aug/2008:17:23:22 +0100] "GET /courses/f08/cmpsc111/Schedule_files/stroke_2.png HTTP/1.1" 200 78 "-" "Mozilla/4.0 (compatible; MSIE 7.0; Windows NT 5.1; .NET CLR 2.0.50727; .NET CLR 3.0.04506.30)"
216.183.185.73 - - [31/Aug/2008:17:23:22 +0100] "GET /courses/f08/cmpsc111/Schedule_files/stroke_3.png HTTP/1.1" 200 79 "-" "Mozilla/4.0 (compatible; MSIE 7.0; Windows NT 5.1; .NET CLR 2.0.50727; .NET CLR 3.0.04506.30)"
216.183.185.73 - - [31/Aug/2008:17:23:23 +0100] "GET /courses/f08/cmpsc111/Schedule_files/stroke_4.png HTTP/1.1" 200 78 "-" "Mozilla/4.0 (compatible; MSIE 7.0; Windows NT 5.1; .NET CLR 2.0.50727; .NET CLR 3.0.04506.30)"
216.183.185.73 - - [31/Aug/2008:17:23:23 +0100] "GET /courses/f08/cmpsc111/Schedule_files/stroke_5.png HTTP/1.1" 200 86 "-" "Mozilla/4.0 (compatible; MSIE 7.0; Windows NT 5.1; .NET CLR 2.0.50727; .NET CLR 3.0.04506.30)"
216.183.185.73 - - [31/Aug/2008:17:23:23 +0100] "GET /courses/f08/cmpsc111/Schedule_files/stroke_6.png HTTP/1.1" 200 89 "-" "Mozilla/4.0 (compatible; MSIE 7.0; Windows NT 5.1; .NET CLR 2.0.50727; .NET CLR 3.0.04506.30)"
216.183.185.73 - - [31/Aug/2008:17:23:23 +0100] "GET /courses/f08/cmpsc111/Schedule_files/stroke_7.png HTTP/1.1" 200 86 "-" "Mozilla/4.0 (compatible; MSIE 7.0; Windows NT 5.1; .NET CLR 2.0.50727; .NET CLR 3.0.04506.30)"
216.183.185.73 - - [31/Aug/2008:17:23:47 +0100] "GET /courses/f08/cmpsc111/Syllabus.html HTTP/1.1" 200 5284 "http://www.rockalypse.org/courses/f08/cmpsc111/Schedule.html" "Mozilla/4.0 (compatible; MSIE 7.0; Windows NT 5.1; .NET CLR 2.0.50727; .NET CLR 3.0.04506.30)"
216.183.185.73 - - [31/Aug/2008:17:23:48 +0100] "GET /courses/f08/cmpsc111/Syllabus_files/SyllabusIE.css HTTP/1.1" 200 237 "http://www.rockalypse.org/courses/f08/cmpsc111/Syllabus.html" "Mozilla/4.0 (compatible; MSIE 7.0; Windows NT 5.1; .NET CLR 2.0.50727; .NET CLR 3.0.04506.30)"
216.183.185.73 - - [31/Aug/2008:17:23:48 +0100] "GET /courses/f08/cmpsc111/Syllabus_files/Syllabus.css HTTP/1.1" 200 1098 "http://www.rockalypse.org/courses/f08/cmpsc111/Syllabus.html" "Mozilla/4.0 (compatible; MSIE 7.0; Windows NT 5.1; .NET CLR 2.0.50727; .NET CLR 3.0.04506.30)"
216.183.185.73 - - [31/Aug/2008:17:23:48 +0100] "GET /courses/f08/cmpsc111/Syllabus_files/Syllabus.js HTTP/1.1" 200 750 "http://www.rockalypse.org/courses/f08/cmpsc111/Syllabus.html" "Mozilla/4.0 (compatible; MSIE 7.0; Windows NT 5.1; .NET CLR 2.0.50727; .NET CLR 3.0.04506.30)"
216.171.98.77 - - [31/Aug/2008:17:23:48 +0100] "GET /courses/f08/cmpsc111/Syllabus_files/Syllabus.js HTTP/1.0" 200 3747 "-" "Mozilla/5.0 (X11; U; Linux i686; en-US; rv:1.7.5) Gecko/20041107 Firefox/1.0"
216.183.185.73 - - [31/Aug/2008:17:23:48 +0100] "GET /courses/f08/cmpsc111/Syllabus_files/droppedImage.jpg HTTP/1.1" 200 952 "http://www.rockalypse.org/courses/f08/cmpsc111/Syllabus.html" "Mozilla/4.0 (compatible; MSIE 7.0; Windows NT 5.1; .NET CLR 2.0.50727; .NET CLR 3.0.04506.30)"
216.183.185.73 - - [31/Aug/2008:17:23:48 +0100] "GET /courses/f08/cmpsc111/Syllabus_files/shapeimage_1.jpg HTTP/1.1" 200 14018 "http://www.rockalypse.org/courses/f08/cmpsc111/Syllabus.html" "Mozilla/4.0 (compatible; MSIE 7.0; Windows NT 5.1; .NET CLR 2.0.50727; .NET CLR 3.0.04506.30)"
216.183.185.73 - - [31/Aug/2008:17:23:48 +0100] "GET /courses/f08/cmpsc111//Syllabus_files/widget1_markup.html HTTP/1.1" 200 501 "http://www.rockalypse.org/courses/f08/cmpsc111/Syllabus.html" "Mozilla/4.0 (compatible; MSIE 7.0; Windows NT 5.1; .NET CLR 2.0.50727; .NET CLR 3.0.04506.30)"
216.171.98.77 - - [31/Aug/2008:17:23:48 +0100] "GET /courses/f08/cmpsc111//Syllabus_files/widget1_markup.html HTTP/1.0" 200 950 "-" "Mozilla/5.0 (X11; U; Linux i686; en-US; rv:1.7.5) Gecko/20041107 Firefox/1.0"
216.183.185.73 - - [31/Aug/2008:17:23:48 +0100] "GET /courses/f08/cmpsc111/Syllabus_files/droppedImage_2.jpg HTTP/1.1" 200 19933 "http://www.rockalypse.org/courses/f08/cmpsc111/Syllabus.html" "Mozilla/4.0 (compatible; MSIE 7.0; Windows NT 5.1; .NET CLR 2.0.50727; .NET CLR 3.0.04506.30)"
216.183.185.73 - - [31/Aug/2008:17:23:48 +0100] "GET /courses/f08/cmpsc111/Syllabus_files/droppedImage_1.jpg HTTP/1.1" 200 17043 "http://www.rockalypse.org/courses/f08/cmpsc111/Syllabus.html" "Mozilla/4.0 (compatible; MSIE 7.0; Windows NT 5.1; .NET CLR 2.0.50727; .NET CLR 3.0.04506.30)"
216.183.185.73 - - [31/Aug/2008:17:23:49 +0100] "GET /courses/f08/cmpsc111/Syllabus_files/droppedImage_3.jpg HTTP/1.1" 200 17473 "http://www.rockalypse.org/courses/f08/cmpsc111/Syllabus.html" "Mozilla/4.0 (compatible; MSIE 7.0; Windows NT 5.1; .NET CLR 2.0.50727; .NET CLR 3.0.04506.30)"
216.183.185.73 - - [31/Aug/2008:17:23:50 +0100] "GET /courses/f08/cmpsc111/Syllabus_files/stroke.png HTTP/1.1" 200 78 "-" "Mozilla/4.0 (compatible; MSIE 7.0; Windows NT 5.1; .NET CLR 2.0.50727; .NET CLR 3.0.04506.30)"
216.183.185.73 - - [31/Aug/2008:17:23:50 +0100] "GET /courses/f08/cmpsc111/Syllabus_files/stroke_1.png HTTP/1.1" 200 79 "-" "Mozilla/4.0 (compatible; MSIE 7.0; Windows NT 5.1; .NET CLR 2.0.50727; .NET CLR 3.0.04506.30)"
216.183.185.73 - - [31/Aug/2008:17:23:50 +0100] "GET /courses/f08/cmpsc111/Syllabus_files/stroke_2.png HTTP/1.1" 200 78 "-" "Mozilla/4.0 (compatible; MSIE 7.0; Windows NT 5.1; .NET CLR 2.0.50727; .NET CLR 3.0.04506.30)"
216.183.185.73 - - [31/Aug/2008:17:23:50 +0100] "GET /courses/f08/cmpsc111/Syllabus_files/stroke_3.png HTTP/1.1" 200 79 "-" "Mozilla/4.0 (compatible; MSIE 7.0; Windows NT 5.1; .NET CLR 2.0.50727; .NET CLR 3.0.04506.30)"
216.183.185.73 - - [31/Aug/2008:17:23:51 +0100] "GET /courses/f08/cmpsc111/Syllabus_files/stroke_4.png HTTP/1.1" 200 78 "-" "Mozilla/4.0 (compatible; MSIE 7.0; Windows NT 5.1; .NET CLR 2.0.50727; .NET CLR 3.0.04506.30)"
216.183.185.73 - - [31/Aug/2008:17:23:51 +0100] "GET /courses/f08/cmpsc111/Syllabus_files/stroke_5.png HTTP/1.1" 200 86 "-" "Mozilla/4.0 (compatible; MSIE 7.0; Windows NT 5.1; .NET CLR 2.0.50727; .NET CLR 3.0.04506.30)"
216.183.185.73 - - [31/Aug/2008:17:23:51 +0100] "GET /courses/f08/cmpsc111/Syllabus_files/stroke_6.png HTTP/1.1" 200 89 "-" "Mozilla/4.0 (compatible; MSIE 7.0; Windows NT 5.1; .NET CLR 2.0.50727; .NET CLR 3.0.04506.30)"
216.183.185.73 - - [31/Aug/2008:17:23:51 +0100] "GET /courses/f08/cmpsc111/Syllabus_files/stroke_7.png HTTP/1.1" 200 86 "-" "Mozilla/4.0 (compatible; MSIE 7.0; Windows NT 5.1; .NET CLR 2.0.50727; .NET CLR 3.0.04506.30)"
216.183.185.73 - - [31/Aug/2008:17:23:55 +0100] "GET /courses/f08/cmpsc111/CMPSC111_Home.html HTTP/1.1" 304 - "-" "Mozilla/4.0 (compatible; MSIE 7.0; Windows NT 5.1; .NET CLR 2.0.50727; .NET CLR 3.0.04506.30)"
216.183.185.73 - - [31/Aug/2008:17:23:55 +0100] "GET /courses/f08/cmpsc111/CMPSC111_Home_files/CMPSC111_Home.css HTTP/1.1" 304 - "http://www.rockalypse.org/courses/f08/cmpsc111/CMPSC111_Home.html" "Mozilla/4.0 (compatible; MSIE 7.0; Windows NT 5.1; .NET CLR 2.0.50727; .NET CLR 3.0.04506.30)"
216.183.185.73 - - [31/Aug/2008:17:23:55 +0100] "GET /courses/f08/cmpsc111/CMPSC111_Home_files/CMPSC111_HomeIE.css HTTP/1.1" 304 - "http://www.rockalypse.org/courses/f08/cmpsc111/CMPSC111_Home.html" "Mozilla/4.0 (compatible; MSIE 7.0; Windows NT 5.1; .NET CLR 2.0.50727; .NET CLR 3.0.04506.30)"
216.183.185.73 - - [31/Aug/2008:17:23:55 +0100] "GET /courses/f08/cmpsc111/Scripts/iWebSite.js HTTP/1.1" 304 - "http://www.rockalypse.org/courses/f08/cmpsc111/CMPSC111_Home.html" "Mozilla/4.0 (compatible; MSIE 7.0; Windows NT 5.1; .NET CLR 2.0.50727; .NET CLR 3.0.04506.30)"
216.183.185.73 - - [31/Aug/2008:17:23:55 +0100] "GET /courses/f08/cmpsc111/Scripts/Widgets/SharedResources/WidgetCommon.js HTTP/1.1" 304 - "http://www.rockalypse.org/courses/f08/cmpsc111/CMPSC111_Home.html" "Mozilla/4.0 (compatible; MSIE 7.0; Windows NT 5.1; .NET CLR 2.0.50727; .NET CLR 3.0.04506.30)"
216.183.185.73 - - [31/Aug/2008:17:23:55 +0100] "GET /courses/f08/cmpsc111/Scripts/Widgets/Navbar/navbar.js HTTP/1.1" 304 - "http://www.rockalypse.org/courses/f08/cmpsc111/CMPSC111_Home.html" "Mozilla/4.0 (compatible; MSIE 7.0; Windows NT 5.1; .NET CLR 2.0.50727; .NET CLR 3.0.04506.30)"
216.183.185.73 - - [31/Aug/2008:17:23:55 +0100] "GET /courses/f08/cmpsc111/Scripts/iWebImage.js HTTP/1.1" 304 - "http://www.rockalypse.org/courses/f08/cmpsc111/CMPSC111_Home.html" "Mozilla/4.0 (compatible; MSIE 7.0; Windows NT 5.1; .NET CLR 2.0.50727; .NET CLR 3.0.04506.30)"
216.183.185.73 - - [31/Aug/2008:17:23:55 +0100] "GET /courses/f08/cmpsc111/CMPSC111_Home_files/CMPSC111_Home.js HTTP/1.1" 304 - "http://www.rockalypse.org/courses/f08/cmpsc111/CMPSC111_Home.html" "Mozilla/4.0 (compatible; MSIE 7.0; Windows NT 5.1; .NET CLR 2.0.50727; .NET CLR 3.0.04506.30)"
216.183.185.73 - - [31/Aug/2008:17:23:56 +0100] "GET /courses/f08/cmpsc111/CMPSC111_Home_files/droppedImage.jpg HTTP/1.1" 304 - "http://www.rockalypse.org/courses/f08/cmpsc111/CMPSC111_Home.html" "Mozilla/4.0 (compatible; MSIE 7.0; Windows NT 5.1; .NET CLR 2.0.50727; .NET CLR 3.0.04506.30)"
216.183.185.73 - - [31/Aug/2008:17:23:56 +0100] "GET /courses/f08/cmpsc111/CMPSC111_Home_files/shapeimage_1.jpg HTTP/1.1" 304 - "http://www.rockalypse.org/courses/f08/cmpsc111/CMPSC111_Home.html" "Mozilla/4.0 (compatible; MSIE 7.0; Windows NT 5.1; .NET CLR 2.0.50727; .NET CLR 3.0.04506.30)"
216.183.185.73 - - [31/Aug/2008:17:23:56 +0100] "GET /courses/f08/cmpsc111/Media/transparent.gif HTTP/1.1" 304 - "http://www.rockalypse.org/courses/f08/cmpsc111/CMPSC111_Home.html" "Mozilla/4.0 (compatible; MSIE 7.0; Windows NT 5.1; .NET CLR 2.0.50727; .NET CLR 3.0.04506.30)"
216.171.98.77 - - [31/Aug/2008:17:23:57 +0100] "GET /courses/f08/cmpsc111/Syllabus.html HTTP/1.0" 200 27062 "-" "Mozilla/5.0 (X11; U; Linux i686; en-US; rv:1.7.5) Gecko/20041107 Firefox/1.0"
216.183.185.73 - - [31/Aug/2008:17:24:28 +0100] "GET /secure/ HTTP/1.1" 401 560 "http://webmail3.allegheny.edu/cgi-bin/mailman.cgi?BACKGROUND=http%3a%2f%2fwww%2erockalypse%2eorg%2fsecure%2f" "Mozilla/4.0 (compatible; MSIE 7.0; Windows NT 5.1; .NET CLR 2.0.50727; .NET CLR 3.0.04506.30)"
216.171.98.77 - - [31/Aug/2008:17:24:29 +0100] "GET /secure/ HTTP/1.0" 401 560 "-" "Mozilla/5.0 (X11; U; Linux i686; en-US; rv:1.7.5) Gecko/20041107 Firefox/1.0"
216.183.185.73 - - [31/Aug/2008:17:24:37 +0100] "GET /secure/ HTTP/1.1" 401 560 "http://webmail3.allegheny.edu/cgi-bin/mailman.cgi?BACKGROUND=http%3a%2f%2fwww%2erockalypse%2eorg%2fsecure%2f" "Mozilla/4.0 (compatible; MSIE 7.0; Windows NT 5.1; .NET CLR 2.0.50727; .NET CLR 3.0.04506.30)"
216.183.185.73 - gator [31/Aug/2008:17:24:44 +0100] "GET /secure/ HTTP/1.1" 200 236 "http://webmail3.allegheny.edu/cgi-bin/mailman.cgi?BACKGROUND=http%3a%2f%2fwww%2erockalypse%2eorg%2fsecure%2f" "Mozilla/4.0 (compatible; MSIE 7.0; Windows NT 5.1; .NET CLR 2.0.50727; .NET CLR 3.0.04506.30)"
216.183.185.73 - gator [31/Aug/2008:17:24:44 +0100] "GET /secure/Files.html HTTP/1.1" 200 2366 "http://webmail3.allegheny.edu/cgi-bin/mailman.cgi?BACKGROUND=http%3a%2f%2fwww%2erockalypse%2eorg%2fsecure%2f" "Mozilla/4.0 (compatible; MSIE 7.0; Windows NT 5.1; .NET CLR 2.0.50727; .NET CLR 3.0.04506.30)"
216.171.98.77 - - [31/Aug/2008:17:24:44 +0100] "GET /secure/Files.html HTTP/1.0" 401 560 "-" "Mozilla/5.0 (X11; U; Linux i686; en-US; rv:1.7.5) Gecko/20041107 Firefox/1.0"
216.183.185.73 - gator [31/Aug/2008:17:24:44 +0100] "GET /secure/Files_files/FilesIE.css HTTP/1.1" 200 237 "http://www.rockalypse.org/secure/Files.html" "Mozilla/4.0 (compatible; MSIE 7.0; Windows NT 5.1; .NET CLR 2.0.50727; .NET CLR 3.0.04506.30)"
216.183.185.73 - gator [31/Aug/2008:17:24:44 +0100] "GET /secure/Files_files/Files.css HTTP/1.1" 200 856 "http://www.rockalypse.org/secure/Files.html" "Mozilla/4.0 (compatible; MSIE 7.0; Windows NT 5.1; .NET CLR 2.0.50727; .NET CLR 3.0.04506.30)"
216.171.98.77 - - [31/Aug/2008:17:24:45 +0100] "GET /secure/Scripts/iWebSite.js HTTP/1.0" 401 560 "-" "Mozilla/5.0 (X11; U; Linux i686; en-US; rv:1.7.5) Gecko/20041107 Firefox/1.0"
216.183.185.73 - gator [31/Aug/2008:17:24:44 +0100] "GET /secure/Scripts/iWebSite.js HTTP/1.1" 200 37101 "http://www.rockalypse.org/secure/Files.html" "Mozilla/4.0 (compatible; MSIE 7.0; Windows NT 5.1; .NET CLR 2.0.50727; .NET CLR 3.0.04506.30)"
216.183.185.73 - gator [31/Aug/2008:17:24:45 +0100] "GET /secure/Scripts/Widgets/SharedResources/WidgetCommon.js HTTP/1.1" 200 1203 "http://www.rockalypse.org/secure/Files.html" "Mozilla/4.0 (compatible; MSIE 7.0; Windows NT 5.1; .NET CLR 2.0.50727; .NET CLR 3.0.04506.30)"
216.171.98.77 - - [31/Aug/2008:17:24:45 +0100] "GET /secure/Scripts/Widgets/SharedResources/WidgetCommon.js HTTP/1.0" 401 560 "-" "Mozilla/5.0 (X11; U; Linux i686; en-US; rv:1.7.5) Gecko/20041107 Firefox/1.0"
216.183.185.73 - gator [31/Aug/2008:17:24:46 +0100] "GET /secure/Scripts/Widgets/Navbar/navbar.js HTTP/1.1" 200 2222 "http://www.rockalypse.org/secure/Files.html" "Mozilla/4.0 (compatible; MSIE 7.0; Windows NT 5.1; .NET CLR 2.0.50727; .NET CLR 3.0.04506.30)"
216.171.98.77 - - [31/Aug/2008:17:24:46 +0100] "GET /secure/Scripts/Widgets/Navbar/navbar.js HTTP/1.0" 401 560 "-" "Mozilla/5.0 (X11; U; Linux i686; en-US; rv:1.7.5) Gecko/20041107 Firefox/1.0"
216.183.185.73 - gator [31/Aug/2008:17:24:46 +0100] "GET /secure/Files_files/Files.js HTTP/1.1" 200 311 "http://www.rockalypse.org/secure/Files.html" "Mozilla/4.0 (compatible; MSIE 7.0; Windows NT 5.1; .NET CLR 2.0.50727; .NET CLR 3.0.04506.30)"
216.171.98.77 - - [31/Aug/2008:17:24:46 +0100] "GET /secure/Files_files/Files.js HTTP/1.0" 401 560 "-" "Mozilla/5.0 (X11; U; Linux i686; en-US; rv:1.7.5) Gecko/20041107 Firefox/1.0"
216.183.185.73 - gator [31/Aug/2008:17:24:46 +0100] "GET /secure/feed.xml HTTP/1.1" 200 478 "http://www.rockalypse.org/secure/Files.html" "Mozilla/4.0 (compatible; MSIE 7.0; Windows NT 5.1; .NET CLR 2.0.50727; .NET CLR 3.0.04506.30)"
216.171.98.77 - - [31/Aug/2008:17:24:46 +0100] "GET /secure/feed.xml HTTP/1.0" 401 560 "-" "Mozilla/5.0 (X11; U; Linux i686; en-US; rv:1.7.5) Gecko/20041107 Firefox/1.0"
216.183.185.73 - gator [31/Aug/2008:17:24:46 +0100] "GET /secure/Files_files/droppedImage.png HTTP/1.1" 200 6013 "http://www.rockalypse.org/secure/Files.html" "Mozilla/4.0 (compatible; MSIE 7.0; Windows NT 5.1; .NET CLR 2.0.50727; .NET CLR 3.0.04506.30)"
216.183.185.73 - gator [31/Aug/2008:17:24:46 +0100] "GET /secure/Files_files/shapeimage_1.jpg HTTP/1.1" 200 30793 "http://www.rockalypse.org/secure/Files.html" "Mozilla/4.0 (compatible; MSIE 7.0; Windows NT 5.1; .NET CLR 2.0.50727; .NET CLR 3.0.04506.30)"
216.183.185.73 - gator [31/Aug/2008:17:24:47 +0100] "GET /secure/Media/transparent.gif HTTP/1.1" 200 43 "http://www.rockalypse.org/secure/Files.html" "Mozilla/4.0 (compatible; MSIE 7.0; Windows NT 5.1; .NET CLR 2.0.50727; .NET CLR 3.0.04506.30)"
216.183.185.73 - gator [31/Aug/2008:17:24:47 +0100] "GET /secure/StudyingProgramming-Chapters1-3.pdf HTTP/1.1" 200 621742 "http://www.rockalypse.org/secure/Files.html" "Mozilla/4.0 (compatible; MSIE 7.0; Windows NT 5.1; .NET CLR 2.0.50727; .NET CLR 3.0.04506.30)"
24.239.62.50 - - [31/Aug/2008:18:36:37 +0100] "GET /exercises/080901-version-control.pdf HTTP/1.1" 200 368400 "-" "Mozilla/5.0 (Macintosh; U; Intel Mac OS X 10.5; en-US; rv:1.9.0.1) Gecko/2008070206 Firefox/3.0.1"
141.195.215.3 - - [31/Aug/2008:18:44:58 +0100] "GET /secure/ HTTP/1.1" 401 560 "http://us.mc903.mail.yahoo.com/mc/showMessage?fid=Inbox&sort=date&order=down&startMid=0&.rand=2027505884&da=0&midIndex=1&mid=1_16323_AIpk%2FNgAAN2%2BSLldvgo2aAN7Lfs&prevMid=1_16909_AI9k%2FNgAALSQSLleog6zEU792Bg&nextMid=1_15828_AI1k%2FNgAANQ2SLRrWwsdOH4UZG0&m=1_16909_AI9k%2FNgAALSQSLleog6zEU792Bg,1_16323_AIpk%2FNgAAN2%2BSLldvgo2aAN7Lfs,1_15828_AI1k%2FNgAANQ2SLRrWwsdOH4UZG0,1_3439_AI5k%2FNgAAEOySIo%2FNAT5yVnVn5E,1_3975_AI1k%2FNgAAHlASIFefQxmdB3eeIc,1_4535_AIpk%2FNgAALXpSHwp5gub0C8wRds,1_5238_AJBk%2FNgAAIX6SG42PA1sfBJ2OOU," "Mozilla/5.0 (Windows; U; Windows NT 5.1; en-US; rv:1.9.0.1) Gecko/2008070208 Firefox/3.0.1"
141.195.215.3 - gator [31/Aug/2008:18:45:07 +0100] "GET /secure/ HTTP/1.1" 200 236 "http://us.mc903.mail.yahoo.com/mc/showMessage?fid=Inbox&sort=date&order=down&startMid=0&.rand=2027505884&da=0&midIndex=1&mid=1_16323_AIpk%2FNgAAN2%2BSLldvgo2aAN7Lfs&prevMid=1_16909_AI9k%2FNgAALSQSLleog6zEU792Bg&nextMid=1_15828_AI1k%2FNgAANQ2SLRrWwsdOH4UZG0&m=1_16909_AI9k%2FNgAALSQSLleog6zEU792Bg,1_16323_AIpk%2FNgAAN2%2BSLldvgo2aAN7Lfs,1_15828_AI1k%2FNgAANQ2SLRrWwsdOH4UZG0,1_3439_AI5k%2FNgAAEOySIo%2FNAT5yVnVn5E,1_3975_AI1k%2FNgAAHlASIFefQxmdB3eeIc,1_4535_AIpk%2FNgAALXpSHwp5gub0C8wRds,1_5238_AJBk%2FNgAAIX6SG42PA1sfBJ2OOU," "Mozilla/5.0 (Windows; U; Windows NT 5.1; en-US; rv:1.9.0.1) Gecko/2008070208 Firefox/3.0.1"
141.195.215.3 - - [31/Aug/2008:18:45:08 +0100] "GET /favicon.ico HTTP/1.1" 404 368 "-" "Mozilla/5.0 (Windows; U; Windows NT 5.1; en-US; rv:1.9.0.1) Gecko/2008070208 Firefox/3.0.1"
141.195.215.3 - gator [31/Aug/2008:18:45:08 +0100] "GET /secure/Files.html HTTP/1.1" 200 2366 "-" "Mozilla/5.0 (Windows; U; Windows NT 5.1; en-US; rv:1.9.0.1) Gecko/2008070208 Firefox/3.0.1"
141.195.215.3 - gator [31/Aug/2008:18:45:09 +0100] "GET /secure/Files_files/Files.css HTTP/1.1" 200 856 "http://www.rockalypse.org/secure/Files.html" "Mozilla/5.0 (Windows; U; Windows NT 5.1; en-US; rv:1.9.0.1) Gecko/2008070208 Firefox/3.0.1"
141.195.215.3 - - [31/Aug/2008:18:45:11 +0100] "GET /favicon.ico HTTP/1.1" 404 368 "-" "Mozilla/5.0 (Windows; U; Windows NT 5.1; en-US; rv:1.9.0.1) Gecko/2008070208 Firefox/3.0.1"
141.195.215.3 - gator [31/Aug/2008:18:45:09 +0100] "GET /secure/Scripts/iWebSite.js HTTP/1.1" 200 37101 "http://www.rockalypse.org/secure/Files.html" "Mozilla/5.0 (Windows; U; Windows NT 5.1; en-US; rv:1.9.0.1) Gecko/2008070208 Firefox/3.0.1"
141.195.215.3 - gator [31/Aug/2008:18:45:13 +0100] "GET /secure/Scripts/Widgets/SharedResources/WidgetCommon.js HTTP/1.1" 200 1203 "http://www.rockalypse.org/secure/Files.html" "Mozilla/5.0 (Windows; U; Windows NT 5.1; en-US; rv:1.9.0.1) Gecko/2008070208 Firefox/3.0.1"
141.195.215.3 - gator [31/Aug/2008:18:45:14 +0100] "GET /secure/Scripts/Widgets/Navbar/navbar.js HTTP/1.1" 200 2222 "http://www.rockalypse.org/secure/Files.html" "Mozilla/5.0 (Windows; U; Windows NT 5.1; en-US; rv:1.9.0.1) Gecko/2008070208 Firefox/3.0.1"
141.195.215.3 - gator [31/Aug/2008:18:45:14 +0100] "GET /secure/Files_files/Files.js HTTP/1.1" 200 311 "http://www.rockalypse.org/secure/Files.html" "Mozilla/5.0 (Windows; U; Windows NT 5.1; en-US; rv:1.9.0.1) Gecko/2008070208 Firefox/3.0.1"
141.195.215.3 - gator [31/Aug/2008:18:45:15 +0100] "GET /secure/feed.xml HTTP/1.1" 200 478 "http://www.rockalypse.org/secure/Files.html" "Mozilla/5.0 (Windows; U; Windows NT 5.1; en-US; rv:1.9.0.1) Gecko/2008070208 Firefox/3.0.1"
141.195.215.3 - gator [31/Aug/2008:18:45:15 +0100] "GET /secure/Files_files/droppedImage.png HTTP/1.1" 200 6013 "http://www.rockalypse.org/secure/Files.html" "Mozilla/5.0 (Windows; U; Windows NT 5.1; en-US; rv:1.9.0.1) Gecko/2008070208 Firefox/3.0.1"
141.195.215.3 - gator [31/Aug/2008:18:45:15 +0100] "GET /secure/Files_files/shapeimage_1.jpg HTTP/1.1" 200 30793 "http://www.rockalypse.org/secure/Files.html" "Mozilla/5.0 (Windows; U; Windows NT 5.1; en-US; rv:1.9.0.1) Gecko/2008070208 Firefox/3.0.1"
141.195.215.3 - gator [31/Aug/2008:18:45:16 +0100] "GET /secure/Files_files/FilesMoz.css HTTP/1.1" 200 103 "http://www.rockalypse.org/secure/Files.html" "Mozilla/5.0 (Windows; U; Windows NT 5.1; en-US; rv:1.9.0.1) Gecko/2008070208 Firefox/3.0.1"
141.195.215.3 - gator [31/Aug/2008:18:45:51 +0100] "GET /secure/StudyingProgramming-Chapters1-3.pdf HTTP/1.1" 200 621742 "http://www.rockalypse.org/secure/Files.html" "Mozilla/5.0 (Windows; U; Windows NT 5.1; en-US; rv:1.9.0.1) Gecko/2008070208 Firefox/3.0.1"
141.195.215.3 - gator [31/Aug/2008:18:46:13 +0100] "GET /secure/Peeps%7C190.html HTTP/1.1" 200 4005 "http://www.rockalypse.org/secure/Files.html" "Mozilla/5.0 (Windows; U; Windows NT 5.1; en-US; rv:1.9.0.1) Gecko/2008070208 Firefox/3.0.1"
141.195.215.3 - gator [31/Aug/2008:18:46:14 +0100] "GET /secure/Peeps%7C190_files/Peeps%7C190.css HTTP/1.1" 200 1009 "http://www.rockalypse.org/secure/Peeps%7C190.html" "Mozilla/5.0 (Windows; U; Windows NT 5.1; en-US; rv:1.9.0.1) Gecko/2008070208 Firefox/3.0.1"
141.195.215.3 - gator [31/Aug/2008:18:46:14 +0100] "GET /secure/Scripts/Widgets/DetailView/DetailView.css HTTP/1.1" 200 497 "http://www.rockalypse.org/secure/Peeps%7C190.html" "Mozilla/5.0 (Windows; U; Windows NT 5.1; en-US; rv:1.9.0.1) Gecko/2008070208 Firefox/3.0.1"
141.195.215.3 - gator [31/Aug/2008:18:46:14 +0100] "GET /secure/Scripts/Widgets/HeaderControls/HeaderControls.css HTTP/1.1" 200 291 "http://www.rockalypse.org/secure/Peeps%7C190.html" "Mozilla/5.0 (Windows; U; Windows NT 5.1; en-US; rv:1.9.0.1) Gecko/2008070208 Firefox/3.0.1"
141.195.215.3 - gator [31/Aug/2008:18:46:14 +0100] "GET /secure/Scripts/Widgets/FooterControls/FooterControls.css HTTP/1.1" 200 228 "http://www.rockalypse.org/secure/Peeps%7C190.html" "Mozilla/5.0 (Windows; U; Windows NT 5.1; en-US; rv:1.9.0.1) Gecko/2008070208 Firefox/3.0.1"
141.195.215.3 - gator [31/Aug/2008:18:46:14 +0100] "GET /secure/Scripts/Widgets/HeaderControls/localizedStrings.js HTTP/1.1" 200 176 "http://www.rockalypse.org/secure/Peeps%7C190.html" "Mozilla/5.0 (Windows; U; Windows NT 5.1; en-US; rv:1.9.0.1) Gecko/2008070208 Firefox/3.0.1"
141.195.215.3 - gator [31/Aug/2008:18:46:14 +0100] "GET /secure/Scripts/Widgets/HeaderControls/HeaderControls.js HTTP/1.1" 200 2298 "http://www.rockalypse.org/secure/Peeps%7C190.html" "Mozilla/5.0 (Windows; U; Windows NT 5.1; en-US; rv:1.9.0.1) Gecko/2008070208 Firefox/3.0.1"
141.195.215.3 - gator [31/Aug/2008:18:46:15 +0100] "GET /secure/Scripts/iWebDebug.js HTTP/1.1" 200 4776 "http://www.rockalypse.org/secure/Peeps%7C190.html" "Mozilla/5.0 (Windows; U; Windows NT 5.1; en-US; rv:1.9.0.1) Gecko/2008070208 Firefox/3.0.1"
141.195.215.3 - gator [31/Aug/2008:18:46:15 +0100] "GET /secure/Scripts/iWebImage.js HTTP/1.1" 200 8768 "http://www.rockalypse.org/secure/Peeps%7C190.html" "Mozilla/5.0 (Windows; U; Windows NT 5.1; en-US; rv:1.9.0.1) Gecko/2008070208 Firefox/3.0.1"
141.195.215.3 - gator [31/Aug/2008:18:46:16 +0100] "GET /secure/Scripts/iWebMediaGrid.js HTTP/1.1" 200 16148 "http://www.rockalypse.org/secure/Peeps%7C190.html" "Mozilla/5.0 (Windows; U; Windows NT 5.1; en-US; rv:1.9.0.1) Gecko/2008070208 Firefox/3.0.1"
141.195.215.3 - gator [31/Aug/2008:18:46:18 +0100] "GET /secure/Scripts/Widgets/DetailView/localizedStrings.js HTTP/1.1" 200 179 "http://www.rockalypse.org/secure/Peeps%7C190.html" "Mozilla/5.0 (Windows; U; Windows NT 5.1; en-US; rv:1.9.0.1) Gecko/2008070208 Firefox/3.0.1"
141.195.215.3 - gator [31/Aug/2008:18:46:18 +0100] "GET /secure/Scripts/Widgets/DetailView/DetailView.js HTTP/1.1" 200 4715 "http://www.rockalypse.org/secure/Peeps%7C190.html" "Mozilla/5.0 (Windows; U; Windows NT 5.1; en-US; rv:1.9.0.1) Gecko/2008070208 Firefox/3.0.1"
141.195.215.3 - gator [31/Aug/2008:18:46:19 +0100] "GET /secure/Scripts/Widgets/FooterControls/FooterControls.js HTTP/1.1" 200 761 "http://www.rockalypse.org/secure/Peeps%7C190.html" "Mozilla/5.0 (Windows; U; Windows NT 5.1; en-US; rv:1.9.0.1) Gecko/2008070208 Firefox/3.0.1"
141.195.215.3 - gator [31/Aug/2008:18:46:19 +0100] "GET /secure/Peeps%7C190_files/Peeps%7C190.js HTTP/1.1" 200 1005 "http://www.rockalypse.org/secure/Peeps%7C190.html" "Mozilla/5.0 (Windows; U; Windows NT 5.1; en-US; rv:1.9.0.1) Gecko/2008070208 Firefox/3.0.1"
141.195.215.3 - gator [31/Aug/2008:18:46:20 +0100] "GET /secure/Peeps%7C190_files/shapeimage_1.jpg HTTP/1.1" 200 51510 "http://www.rockalypse.org/secure/Peeps%7C190.html" "Mozilla/5.0 (Windows; U; Windows NT 5.1; en-US; rv:1.9.0.1) Gecko/2008070208 Firefox/3.0.1"
141.195.215.3 - gator [31/Aug/2008:18:46:21 +0100] "GET /secure/Peeps|190_files/Peeps|190Moz.css HTTP/1.1" 200 103 "http://www.rockalypse.org/secure/Peeps%7C190.html" "Mozilla/5.0 (Windows; U; Windows NT 5.1; en-US; rv:1.9.0.1) Gecko/2008070208 Firefox/3.0.1"
141.195.215.3 - gator [31/Aug/2008:18:46:21 +0100] "GET /secure/Media/canvas_subscribe_22.png HTTP/1.1" 200 323 "http://www.rockalypse.org/secure/Peeps%7C190.html" "Mozilla/5.0 (Windows; U; Windows NT 5.1; en-US; rv:1.9.0.1) Gecko/2008070208 Firefox/3.0.1"
141.195.215.3 - gator [31/Aug/2008:18:46:21 +0100] "GET /secure/Media/canvas_back_22.png HTTP/1.1" 200 236 "http://www.rockalypse.org/secure/Peeps%7C190.html" "Mozilla/5.0 (Windows; U; Windows NT 5.1; en-US; rv:1.9.0.1) Gecko/2008070208 Firefox/3.0.1"
141.195.215.3 - gator [31/Aug/2008:18:46:21 +0100] "GET /secure/Media/canvas_add_22.png HTTP/1.1" 200 197 "http://www.rockalypse.org/secure/Peeps%7C190.html" "Mozilla/5.0 (Windows; U; Windows NT 5.1; en-US; rv:1.9.0.1) Gecko/2008070208 Firefox/3.0.1"
141.195.215.3 - gator [31/Aug/2008:18:46:22 +0100] "GET /secure/Media/canvas_play_22.png HTTP/1.1" 200 287 "http://www.rockalypse.org/secure/Peeps%7C190.html" "Mozilla/5.0 (Windows; U; Windows NT 5.1; en-US; rv:1.9.0.1) Gecko/2008070208 Firefox/3.0.1"
141.195.215.3 - gator [31/Aug/2008:18:46:22 +0100] "GET /secure/Peeps%7C190_files/rss.xml HTTP/1.1" 200 1417 "http://www.rockalypse.org/secure/Peeps%7C190.html" "Mozilla/5.0 (Windows; U; Windows NT 5.1; en-US; rv:1.9.0.1) Gecko/2008070208 Firefox/3.0.1"
141.195.215.3 - gator [31/Aug/2008:18:46:22 +0100] "GET /secure/Peeps%7C190_files/Media/20080829_120114-CMPSC190-0001/thumb.jpg HTTP/1.1" 200 11804 "http://www.rockalypse.org/secure/Peeps%7C190.html" "Mozilla/5.0 (Windows; U; Windows NT 5.1; en-US; rv:1.9.0.1) Gecko/2008070208 Firefox/3.0.1"
141.195.215.3 - gator [31/Aug/2008:18:46:22 +0100] "GET /secure/Peeps%7C190_files/Media/20080829_120138-CMPSC190-0008/thumb.jpg HTTP/1.1" 200 11274 "http://www.rockalypse.org/secure/Peeps%7C190.html" "Mozilla/5.0 (Windows; U; Windows NT 5.1; en-US; rv:1.9.0.1) Gecko/2008070208 Firefox/3.0.1"
141.195.215.3 - gator [31/Aug/2008:18:46:22 +0100] "GET /secure/Peeps%7C190_files/Media/20080829_120128-CMPSC190-0005/thumb.jpg HTTP/1.1" 200 11668 "http://www.rockalypse.org/secure/Peeps%7C190.html" "Mozilla/5.0 (Windows; U; Windows NT 5.1; en-US; rv:1.9.0.1) Gecko/2008070208 Firefox/3.0.1"
141.195.215.3 - gator [31/Aug/2008:18:46:22 +0100] "GET /secure/Peeps%7C190_files/Media/20080829_120117-CMPSC190-0002/thumb.jpg HTTP/1.1" 200 10573 "http://www.rockalypse.org/secure/Peeps%7C190.html" "Mozilla/5.0 (Windows; U; Windows NT 5.1; en-US; rv:1.9.0.1) Gecko/2008070208 Firefox/3.0.1"
141.195.215.3 - gator [31/Aug/2008:18:46:22 +0100] "GET /secure/Peeps%7C190_files/Media/20080829_120121-CMPSC190-0003/thumb.jpg HTTP/1.1" 200 11392 "http://www.rockalypse.org/secure/Peeps%7C190.html" "Mozilla/5.0 (Windows; U; Windows NT 5.1; en-US; rv:1.9.0.1) Gecko/2008070208 Firefox/3.0.1"
141.195.215.3 - gator [31/Aug/2008:18:46:23 +0100] "GET /secure/Peeps%7C190_files/Media/20080829_120135-CMPSC190-0007/thumb.jpg HTTP/1.1" 200 12362 "http://www.rockalypse.org/secure/Peeps%7C190.html" "Mozilla/5.0 (Windows; U; Windows NT 5.1; en-US; rv:1.9.0.1) Gecko/2008070208 Firefox/3.0.1"
141.195.215.3 - gator [31/Aug/2008:18:46:22 +0100] "GET /secure/Peeps%7C190_files/Media/20080829_120131-CMPSC190-0006/thumb.jpg HTTP/1.1" 200 12787 "http://www.rockalypse.org/secure/Peeps%7C190.html" "Mozilla/5.0 (Windows; U; Windows NT 5.1; en-US; rv:1.9.0.1) Gecko/2008070208 Firefox/3.0.1"
141.195.215.3 - gator [31/Aug/2008:18:46:23 +0100] "GET /secure/Peeps%7C190_files/Hardcover_bevel_01.png HTTP/1.1" 200 3080 "http://www.rockalypse.org/secure/Peeps%7C190.html" "Mozilla/5.0 (Windows; U; Windows NT 5.1; en-US; rv:1.9.0.1) Gecko/2008070208 Firefox/3.0.1"
141.195.215.3 - gator [31/Aug/2008:18:46:23 +0100] "GET /secure/Peeps%7C190_files/Hardcover_bevel_07.png HTTP/1.1" 200 3062 "http://www.rockalypse.org/secure/Peeps%7C190.html" "Mozilla/5.0 (Windows; U; Windows NT 5.1; en-US; rv:1.9.0.1) Gecko/2008070208 Firefox/3.0.1"
141.195.215.3 - gator [31/Aug/2008:18:46:23 +0100] "GET /secure/Peeps%7C190_files/Hardcover_bevel_03.png HTTP/1.1" 200 3105 "http://www.rockalypse.org/secure/Peeps%7C190.html" "Mozilla/5.0 (Windows; U; Windows NT 5.1; en-US; rv:1.9.0.1) Gecko/2008070208 Firefox/3.0.1"
141.195.215.3 - gator [31/Aug/2008:18:46:23 +0100] "GET /secure/Peeps%7C190_files/Hardcover_bevel_09.png HTTP/1.1" 200 3086 "http://www.rockalypse.org/secure/Peeps%7C190.html" "Mozilla/5.0 (Windows; U; Windows NT 5.1; en-US; rv:1.9.0.1) Gecko/2008070208 Firefox/3.0.1"
141.195.215.3 - gator [31/Aug/2008:18:46:23 +0100] "GET /secure/Peeps%7C190_files/Hardcover_bevel_04.png HTTP/1.1" 200 10216 "http://www.rockalypse.org/secure/Peeps%7C190.html" "Mozilla/5.0 (Windows; U; Windows NT 5.1; en-US; rv:1.9.0.1) Gecko/2008070208 Firefox/3.0.1"
141.195.215.3 - gator [31/Aug/2008:18:46:23 +0100] "GET /secure/Peeps%7C190_files/Hardcover_bevel_02.png HTTP/1.1" 200 6816 "http://www.rockalypse.org/secure/Peeps%7C190.html" "Mozilla/5.0 (Windows; U; Windows NT 5.1; en-US; rv:1.9.0.1) Gecko/2008070208 Firefox/3.0.1"
141.195.215.3 - gator [31/Aug/2008:18:46:23 +0100] "GET /secure/Peeps%7C190_files/Hardcover_bevel_06.png HTTP/1.1" 200 10443 "http://www.rockalypse.org/secure/Peeps%7C190.html" "Mozilla/5.0 (Windows; U; Windows NT 5.1; en-US; rv:1.9.0.1) Gecko/2008070208 Firefox/3.0.1"
